000
CDUS43 KLSX 212235
CLICOU

CLIMATE REPORT
NATIONAL WEATHER SERVICE ST LOUIS MO
435 PM CST FRI FEB 21 2020

...................................

...THE COLUMBIA ASOS CLIMATE SUMMARY FOR FEBRUARY 21 2020...
VALID TODAY AS OF 0400 PM LOCAL TIME.

CLIMATE NORMAL PERIOD 1981 TO 2010
CLIMATE RECORD PERIOD 1890 TO 2020


WEATHER ITEM   OBSERVED TIME   RECORD YEAR NORMAL DEPARTURE LAST
                VALUE   (LST)  VALUE       VALUE  FROM      YEAR
                                                  NORMAL
...................................................................
TEMPERATURE (F)
 TODAY
  MAXIMUM         42    358 PM  76    1935  46     -4       39
  MINIMUM         13    648 AM   2    1939  27    -14       28
  AVERAGE         28                        36     -8       34

PRECIPITATION (IN)
  TODAY            0.00          2.40 1985   0.08  -0.08     0.00
  MONTH TO DATE    1.16                      1.64  -0.48     1.97
  SINCE DEC 1      6.52                      6.00   0.52     8.47
  SINCE JAN 1      4.90                      3.56   1.34     4.17

SNOWFALL (IN)
  TODAY            0.0          10.2  2013   0.2   -0.2      0.0
  MONTH TO DATE    4.4                       3.8    0.6      3.5
  SINCE DEC 1     16.7                      14.3    2.4     21.1
  SINCE JUL 1     18.2                      15.2    3.0     25.7
  SNOW DEPTH       0

DEGREE DAYS
 HEATING
  TODAY           37                        29      8       31
  MONTH TO DATE  652                       666    -14      692
  SINCE DEC 1   2415                      2770   -355     2614
  SINCE JUL 1   3489                      3755   -266     3763

 COOLING
  TODAY            0                         0      0        0
  MONTH TO DATE    0                         0      0        0
  SINCE DEC 1      0                         0      0        0
  SINCE JAN 1      0                         0      0        0
...................................................................


WIND (MPH)
  HIGHEST WIND SPEED    15   HIGHEST WIND DIRECTION    SW (210)
  HIGHEST GUST SPEED    23   HIGHEST GUST DIRECTION    SW (220)
  AVERAGE WIND SPEED     6.0


SKY COVER
  AVERAGE SKY COVER 0.0


WEATHER CONDITIONS
THE FOLLOWING WEATHER WAS RECORDED TODAY.
  NO SIGNIFICANT WEATHER WAS OBSERVED.


RELATIVE HUMIDITY (PERCENT)
 HIGHEST    88           600 AM
 LOWEST     26           300 PM
 AVERAGE    57

..........................................................


THE COLUMBIA ASOS CLIMATE NORMALS FOR TOMORROW
                         NORMAL    RECORD    YEAR
 MAXIMUM TEMPERATURE (F)   46        76      1995
 MINIMUM TEMPERATURE (F)   27         2      1978


SUNRISE AND SUNSET
FEBRUARY 21 2020......SUNRISE   653 AM CST   SUNSET   553 PM CST
FEBRUARY 22 2020......SUNRISE   652 AM CST   SUNSET   554 PM CST


-  INDICATES NEGATIVE NUMBERS.
R  INDICATES RECORD WAS SET OR TIED.
MM INDICATES DATA IS MISSING.
T  INDICATES TRACE AMOUNT.




$$
