700
CDUS43 KLSX 231206 CCA
CLICOU

CLIMATE REPORT
NATIONAL WEATHER SERVICE ST LOUIS MO
145 AM CST FRI FEB 23 2018


...................................

...THE COLUMBIA ASOS CLIMATE SUMMARY FOR FEBRUARY 22 2018...

CLIMATE NORMAL PERIOD 1981 TO 2010
CLIMATE RECORD PERIOD 1890 TO 2018


WEATHER ITEM   OBSERVED TIME   RECORD YEAR NORMAL DEPARTURE LAST
                VALUE   (LST)  VALUE       VALUE  FROM      YEAR
                                                  NORMAL
..................................................................
TEMPERATURE (F)
 YESTERDAY
  MAXIMUM         40   1159 PM  76    1995  46     -6       70
  MINIMUM         30    237 AM   2    1978  27      3       48
  AVERAGE         35                        37     -2       59

PRECIPITATION (IN)
  YESTERDAY        0.06          2.14 1985   0.09  -0.03     0.00
  MONTH TO DATE    2.39                      1.73   0.66     0.06
  SINCE DEC 1      4.84                      6.09  -1.25     2.08
  SINCE JAN 1      4.61                      3.65   0.96     1.07

SNOWFALL (IN)
  YESTERDAY        0.0           3.7  1952   0.1    0.0      0.0
  MONTH TO DATE    0.5                       3.9   -3.4      0.0
  SINCE DEC 1      3.2                      14.4  -11.2      1.6
  SINCE JUL 1      3.2                      15.3  -12.1      1.6
  SNOW DEPTH       0

DEGREE DAYS
 HEATING
  YESTERDAY       30                        28      2        6
  MONTH TO DATE  695                       694      1      431
  SINCE DEC 1   2752                      2798    -46     2355
  SINCE JUL 1   3532                      3783   -251     2938

 COOLING
  YESTERDAY        0                         0      0        0
  MONTH TO DATE    0                         0      0        3
  SINCE DEC 1      0                         0      0        3
  SINCE JAN 1      0                         0      0        3
..................................................................


WIND (MPH)
  HIGHEST WIND SPEED    14   HIGHEST WIND DIRECTION    SE (120)
  HIGHEST GUST SPEED    21   HIGHEST GUST DIRECTION     E (80)
  AVERAGE WIND SPEED     8.1


SKY COVER
  AVERAGE SKY COVER 1.0


WEATHER CONDITIONS
 THE FOLLOWING WEATHER WAS RECORDED YESTERDAY.
  LIGHT RAIN
  LT FREEZING RAIN
  FOG
  HAZE


RELATIVE HUMIDITY (PERCENT)
 HIGHEST   100
 LOWEST     92
 AVERAGE    96

..........................................................


THE COLUMBIA ASOS CLIMATE NORMALS FOR TODAY
                         NORMAL    RECORD    YEAR
 MAXIMUM TEMPERATURE (F)   47        73      1933
 MINIMUM TEMPERATURE (F)   27        -1      1910


SUNRISE AND SUNSET
FEBRUARY 23 2018......SUNRISE   650 AM CST   SUNSET   555 PM CST
FEBRUARY 24 2018......SUNRISE   648 AM CST   SUNSET   556 PM CST


-  INDICATES NEGATIVE NUMBERS.
R  INDICATES RECORD WAS SET OR TIED.
MM INDICATES DATA IS MISSING.
T  INDICATES TRACE AMOUNT.




$$
