000
CDUS43 KLSX 162131
CLICOU


CLIMATE REPORT
NATIONAL WEATHER SERVICE ST LOUIS MO
430 PM CDT MON JUL 16 2018


...................................

...THE COLUMBIA ASOS CLIMATE SUMMARY FOR JULY 16 2018...
VALID TODAY AS OF 0400 PM LOCAL TIME.

CLIMATE NORMAL PERIOD 1981 TO 2010
CLIMATE RECORD PERIOD 1890 TO 2018


WEATHER ITEM   OBSERVED TIME   RECORD YEAR NORMAL DEPARTURE LAST
                VALUE   (LST)  VALUE       VALUE  FROM      YEAR
                                                  NORMAL
..................................................................
TEMPERATURE (F)
 TODAY
  MAXIMUM         96    249 PM 105    1936  88      8       91
  MINIMUM         72    446 AM  53    1930  67      5       70
  AVERAGE         84                        78      6       81

PRECIPITATION (IN)
  TODAY            0.00          2.30 1924   0.16  -0.16     0.00
  MONTH TO DATE    0.35                      2.41  -2.06     1.89
  SINCE JUN 1      3.47                      6.88  -3.41     5.65
  SINCE JAN 1     15.36                     23.43  -8.07    25.55

SNOWFALL (IN)
  TODAY            0.0           0.0  2015   0.0    0.0      0.0
  MONTH TO DATE    0.0                       0.0    0.0      0.0
  SINCE JUN 1      0.0                       0.0    0.0      0.0
  SINCE JUL 1      0.0                       0.0    0.0      0.0
  SNOW DEPTH       0

DEGREE DAYS
 HEATING
  TODAY            0                         0      0        0
  MONTH TO DATE    0                         0      0        0
  SINCE JUN 1      0                        11    -11        1
  SINCE JUL 1      0                         0      0        0

 COOLING
  TODAY           19                        13      6       16
  MONTH TO DATE  283                       194     89      223
  SINCE JUN 1    715                       442    273      503
  SINCE JAN 1   1010                       545    465      637
..................................................................


WIND (MPH)
  HIGHEST WIND SPEED    12   HIGHEST WIND DIRECTION     N (20)
  HIGHEST GUST SPEED    17   HIGHEST GUST DIRECTION    NE (30)
  AVERAGE WIND SPEED     4.6


SKY COVER
  AVERAGE SKY COVER 0.2



RELATIVE HUMIDITY (PERCENT)
 HIGHEST    84           100 AM
 LOWEST     39          1200 PM
 AVERAGE    62

..........................................................


THE COLUMBIA ASOS CLIMATE NORMALS FOR TOMORROW
                         NORMAL    RECORD    YEAR
 MAXIMUM TEMPERATURE (F)   88       108      1954
 MINIMUM TEMPERATURE (F)   67        53      1976


SUNRISE AND SUNSET
JULY 16 2018..........SUNRISE   557 AM CDT   SUNSET   833 PM CDT
JULY 17 2018..........SUNRISE   558 AM CDT   SUNSET   832 PM CDT


-  INDICATES NEGATIVE NUMBERS.
R  INDICATES RECORD WAS SET OR TIED.
MM INDICATES DATA IS MISSING.
T  INDICATES TRACE AMOUNT.




$$
