099
CDUS43 KLSX 150737
CLICOU


CLIMATE REPORT
NATIONAL WEATHER SERVICE ST LOUIS MO
237 AM CDT TUE OCT 15 2019

...................................

...THE COLUMBIA ASOS CLIMATE SUMMARY FOR OCTOBER 14 2019...

CLIMATE NORMAL PERIOD 1981 TO 2010
CLIMATE RECORD PERIOD 1890 TO 2019


WEATHER ITEM   OBSERVED TIME   RECORD YEAR NORMAL DEPARTURE LAST
                VALUE   (LST)  VALUE       VALUE  FROM      YEAR
                                                  NORMAL
...................................................................
TEMPERATURE (F)
 YESTERDAY
  MAXIMUM         72    246 PM  92    1899  68      4       56
  MINIMUM         36    627 AM  28    1894  45     -9       42
                                      1902
  AVERAGE         54                        57     -3       49

PRECIPITATION (IN)
  YESTERDAY        0.00          1.15 1966   0.10  -0.10     0.19
  MONTH TO DATE    2.56                      1.60   0.96     4.47
  SINCE SEP 1      5.08                      5.47  -0.39     6.74
  SINCE JAN 1     37.87                     35.22   2.65    26.47

SNOWFALL (IN)
  YESTERDAY        0.0           0.0  2015   0.0    0.0      0.0
  MONTH TO DATE    0.0                       0.0    0.0      0.0
  SINCE SEP 1      0.0                       0.0    0.0      0.0
  SINCE JUL 1      0.0                       0.0    0.0      0.0
  SNOW DEPTH      MM

DEGREE DAYS
 HEATING
  YESTERDAY       11                         9      2       16
  MONTH TO DATE   98                       103     -5       78
  SINCE SEP 1     98                       169    -71       99
  SINCE JUL 1     98                       171    -73       99

 COOLING
  YESTERDAY        0                         0      0        0
  MONTH TO DATE   31                        15     16       76
  SINCE SEP 1    360                       159    201      334
  SINCE JAN 1   1590                      1242    348     1950
...................................................................


WIND (MPH)
  HIGHEST WIND SPEED    14   HIGHEST WIND DIRECTION     S (160)
  HIGHEST GUST SPEED    19   HIGHEST GUST DIRECTION     S (170)
  AVERAGE WIND SPEED     6.6


SKY COVER
  AVERAGE SKY COVER 0.0


WEATHER CONDITIONS
THE FOLLOWING WEATHER WAS RECORDED YESTERDAY.
  NO SIGNIFICANT WEATHER WAS OBSERVED.


RELATIVE HUMIDITY (PERCENT)
 HIGHEST    89           500 AM
 LOWEST     38           200 PM
 AVERAGE    64

..........................................................


THE COLUMBIA ASOS CLIMATE NORMALS FOR TODAY
                         NORMAL    RECORD    YEAR
 MAXIMUM TEMPERATURE (F)   68        91      1897
 MINIMUM TEMPERATURE (F)   45        29      1891
                                             1893


SUNRISE AND SUNSET
OCTOBER 15 2019.......SUNRISE   718 AM CDT   SUNSET   631 PM CDT
OCTOBER 16 2019.......SUNRISE   719 AM CDT   SUNSET   629 PM CDT


-  INDICATES NEGATIVE NUMBERS.
R  INDICATES RECORD WAS SET OR TIED.
MM INDICATES DATA IS MISSING.
T  INDICATES TRACE AMOUNT.




$$
