000
CDUS43 KLSX 260729
CLICOU

CLIMATE REPORT
NATIONAL WEATHER SERVICE ST LOUIS MO
229 AM CDT MON OCT 26 2020

...................................

...THE COLUMBIA ASOS CLIMATE SUMMARY FOR OCTOBER 25 2020...

CLIMATE NORMAL PERIOD 1981 TO 2010
CLIMATE RECORD PERIOD 1890 TO 2020


WEATHER ITEM   OBSERVED TIME   RECORD YEAR NORMAL DEPARTURE LAST
                VALUE   (LST)  VALUE       VALUE  FROM      YEAR
                                                  NORMAL
...................................................................
TEMPERATURE (F)
 YESTERDAY
  MAXIMUM         46   1232 PM  88    1939  64    -18       50
  MINIMUM         41   1159 PM  22    2013  43     -2       43
  AVERAGE         44                        53     -9       47

PRECIPITATION (IN)
  YESTERDAY        0.00          1.15 1956   0.09  -0.09     0.00
  MONTH TO DATE    0.81                      2.74  -1.93     3.87
  SINCE SEP 1      5.63                      6.61  -0.98     6.39
  SINCE JAN 1     39.08                     36.36   2.72    39.61

SNOWFALL (IN)
  YESTERDAY        0.0           T    1898   0.0    0.0      0.0
  MONTH TO DATE    0.0                       0.0    0.0      0.0
  SINCE SEP 1      0.0                       0.0    0.0      0.0
  SINCE JUL 1      0.0                       0.0    0.0      0.0
  SNOW DEPTH       0

DEGREE DAYS
 HEATING
  YESTERDAY       21                        12      9       18
  MONTH TO DATE  224                       219      5      239
  SINCE SEP 1    254                       285    -31      239
  SINCE JUL 1    254                       287    -33      239

 COOLING
  YESTERDAY        0                         0      0        0
  MONTH TO DATE   42                        15     27       31
  SINCE SEP 1    178                       159     19      360
  SINCE JAN 1   1404                      1242    162     1590
...................................................................


WIND (MPH)
  HIGHEST WIND SPEED    13   HIGHEST WIND DIRECTION    NE (30)
  HIGHEST GUST SPEED    15   HIGHEST GUST DIRECTION     N (350)
  AVERAGE WIND SPEED     8.1


SKY COVER
  AVERAGE SKY COVER 1.0


WEATHER CONDITIONS
THE FOLLOWING WEATHER WAS RECORDED YESTERDAY.
  FOG
  HAZE


RELATIVE HUMIDITY (PERCENT)
 HIGHEST    89           300 PM
 LOWEST     68          1200 AM
 AVERAGE    79

..........................................................


THE COLUMBIA ASOS CLIMATE NORMALS FOR TODAY
                         NORMAL    RECORD    YEAR
 MAXIMUM TEMPERATURE (F)   64        87      1891
 MINIMUM TEMPERATURE (F)   42        24      1942


SUNRISE AND SUNSET
OCTOBER 26 2020.......SUNRISE   730 AM CDT   SUNSET   615 PM CDT
OCTOBER 27 2020.......SUNRISE   731 AM CDT   SUNSET   614 PM CDT


-  INDICATES NEGATIVE NUMBERS.
R  INDICATES RECORD WAS SET OR TIED.
MM INDICATES DATA IS MISSING.
T  INDICATES TRACE AMOUNT.




$$
