657
CDUS42 KILM 212158
CLICRE


CLIMATE REPORT
NATIONAL WEATHER SERVICE WILMINGTON NC
457 PM EST WED FEB 21 2018


...................................

...THE N.MYRTLE BEACH SOUTH CAROLINA CLIMATE SUMMARY FOR FEBRUARY 21 2018...
VALID TODAY AS OF 0400 PM LOCAL TIME.

CLIMATE NORMAL PERIOD 1981 TO 2010
CLIMATE RECORD PERIOD 1949 TO 2018


WEATHER ITEM   OBSERVED TIME   RECORD YEAR NORMAL DEPARTURE LAST
                VALUE   (LST)  VALUE       VALUE  FROM      YEAR
                                                  NORMAL
..................................................................
TEMPERATURE (F)
 TODAY
  MAXIMUM         75    125 PM  76    1953  59     16       69
  MINIMUM         60    707 AM  24    2015  40     20       48
  AVERAGE         68                        49     19       59

PRECIPITATION (IN)
  TODAY            0.00          0.48 2008   0.13  -0.13     0.00
  MONTH TO DATE    1.35                      2.55  -1.20     1.31
  SINCE DEC 1      9.01                      9.70  -0.69     5.96
  SINCE JAN 1      5.57                      6.24  -0.67     3.34

SNOWFALL (IN)
  TODAY           MM
  MONTH TO DATE   MM
  SINCE DEC 1     MM
  SINCE JUL 1     MM
  SNOW DEPTH      MM

DEGREE DAYS
 HEATING
  TODAY            0                        16    -16        6
  MONTH TO DATE  212                       371   -159      242
  SINCE DEC 1   1397                      1478    -81     1068
  SINCE JUL 1   1738                      1839   -101     1371

 COOLING
  TODAY            3                         0      3        0
  MONTH TO DATE    9                         0      9        0
  SINCE DEC 1      9                         3      6        0
  SINCE JAN 1      9                         0      9        0
..................................................................


WIND (MPH)
  RESULTANT WIND SPEED   5   RESULTANT WIND DIRECTION   S (170)
  HIGHEST WIND SPEED    12   HIGHEST WIND DIRECTION     S (180)
  HIGHEST GUST SPEED    15   HIGHEST GUST DIRECTION     S (190)
  AVERAGE WIND SPEED     5.3


SKY COVER
  POSSIBLE SUNSHINE  MM
  AVERAGE SKY COVER 0.4


WEATHER CONDITIONS
 THE FOLLOWING WEATHER WAS RECORDED TODAY.
  FOG
  FOG W/VISIBILITY <= 1/4 MILE


RELATIVE HUMIDITY (PERCENT)
 HIGHEST   100          1200 AM
 LOWEST     79           200 PM
 AVERAGE    90

..........................................................


THE N.MYRTLE BEACH SOUTH CAROLINA CLIMATE NORMALS FOR TOMORROW
                         NORMAL    RECORD    YEAR
 MAXIMUM TEMPERATURE (F)   59        75      2007
                                             1993
 MINIMUM TEMPERATURE (F)   40        25      1999


SUNRISE AND SUNSET
FEBRUARY 21 2018......SUNRISE   653 AM EST   SUNSET   605 PM EST
FEBRUARY 22 2018......SUNRISE   652 AM EST   SUNSET   605 PM EST


-  INDICATES NEGATIVE NUMBERS.
R  INDICATES RECORD WAS SET OR TIED.
MM INDICATES DATA IS MISSING.
T  INDICATES TRACE AMOUNT.




$$
