558
CDUS42 KILM 210841
CLICRE


CLIMATE REPORT
NATIONAL WEATHER SERVICE WILMINGTON NC
441 AM EDT MON OCT 21 2019


...................................

...THE N.MYRTLE BEACH SOUTH CAROLINA CLIMATE SUMMARY FOR OCTOBER 20 2019...

CLIMATE NORMAL PERIOD 1981 TO 2010
CLIMATE RECORD PERIOD 1931 TO 2019


WEATHER ITEM   OBSERVED TIME   RECORD YEAR NORMAL DEPARTURE LAST
                VALUE   (LST)  VALUE       VALUE  FROM      YEAR
                                                  NORMAL
..................................................................
TEMPERATURE (F)
 YESTERDAY
  MAXIMUM         77    500 AM  85    1998  74      3       81
  MINIMUM         61   1159 PM  36    1992  54      7       67
                                      1948
  AVERAGE         69                        64      5       74

PRECIPITATION (IN)
  YESTERDAY        1.85          2.22 1970   0.13   1.72      T
  MONTH TO DATE    4.03                      2.78   1.25     1.91
  SINCE SEP 1     14.93                      9.06   5.87    15.03
  SINCE JAN 1     46.60                     44.41   2.19    52.79

DEGREE DAYS
 HEATING
  YESTERDAY        0                         3     -3        0
  MONTH TO DATE   12                        34    -22        4
  SINCE SEP 1     12                        38    -26        4
  SINCE JUL 1     12                        38    -26        4

 COOLING
  YESTERDAY        4                         2      2        9
  MONTH TO DATE  138                        78     60      207
  SINCE SEP 1    546                       386    160      663
  SINCE JAN 1   2321                      1862    459     2380
..................................................................


WIND (MPH)
  RESULTANT WIND SPEED   6   RESULTANT WIND DIRECTION  SW (230)
  HIGHEST WIND SPEED    31   HIGHEST WIND DIRECTION    SE (140)
  HIGHEST GUST SPEED    41   HIGHEST GUST DIRECTION    SE (140)
  AVERAGE WIND SPEED    11.0


SKY COVER
  POSSIBLE SUNSHINE  MM
  AVERAGE SKY COVER 0.8


WEATHER CONDITIONS
 THE FOLLOWING WEATHER WAS RECORDED YESTERDAY.
  HEAVY RAIN
  LIGHT RAIN
  FOG


RELATIVE HUMIDITY (PERCENT)
 HIGHEST    94           200 AM
 LOWEST     78           500 PM
 AVERAGE    86

..........................................................


THE N.MYRTLE BEACH SOUTH CAROLINA CLIMATE NORMALS FOR TODAY
                         NORMAL    RECORD    YEAR
 MAXIMUM TEMPERATURE (F)   74        85      1998
                                             1962
                                             1931
 MINIMUM TEMPERATURE (F)   54        34      1954


SUNRISE AND SUNSET
OCTOBER 21 2019.......SUNRISE   724 AM EDT   SUNSET   634 PM EDT
OCTOBER 22 2019.......SUNRISE   725 AM EDT   SUNSET   633 PM EDT


-  INDICATES NEGATIVE NUMBERS.
R  INDICATES RECORD WAS SET OR TIED.
MM INDICATES DATA IS MISSING.
T  INDICATES TRACE AMOUNT.




$$
