000
CDUS42 KILM 192041
CLICRE


CLIMATE REPORT
NATIONAL WEATHER SERVICE WILMINGTON NC
440 PM EDT TUE JUN 19 2018


...................................

...THE N.MYRTLE BEACH SOUTH CAROLINA CLIMATE SUMMARY FOR JUNE 19 2018...
VALID TODAY AS OF 0400 PM LOCAL TIME.

CLIMATE NORMAL PERIOD 1981 TO 2010
CLIMATE RECORD PERIOD 1949 TO 2018


WEATHER ITEM   OBSERVED TIME   RECORD YEAR NORMAL DEPARTURE LAST
                VALUE   (LST)  VALUE       VALUE  FROM      YEAR
                                                  NORMAL
..................................................................
TEMPERATURE (F)
 TODAY
  MAXIMUM         92   1211 PM  97    2011  85      7       86
  MINIMUM         76    523 AM  60    2008  70      6       79
  AVERAGE         84                        78      6       83

PRECIPITATION (IN)
  TODAY            0.00          1.25 2003   0.15  -0.15      T
  MONTH TO DATE    3.80                      2.90   0.90     1.50
  SINCE JUN 1      3.80                      2.90   0.90     1.50
  SINCE JAN 1     22.22                     20.30   1.92    14.71

DEGREE DAYS
 HEATING
  TODAY            0                         0      0        0
  MONTH TO DATE    0                         0      0        3
  SINCE JUN 1      0                         0      0        3
  SINCE JUL 1   2338                      2447   -109     1809

 COOLING
  TODAY           19                        13      6       18
  MONTH TO DATE  267                       205     62      206
  SINCE JUN 1    267                       205     62      206
  SINCE JAN 1    582                       417    165      569
..................................................................


WIND (MPH)
  RESULTANT WIND SPEED   7   RESULTANT WIND DIRECTION   W (250)
  HIGHEST WIND SPEED    21   HIGHEST WIND DIRECTION    SW (210)
  HIGHEST GUST SPEED    24   HIGHEST GUST DIRECTION    SW (210)
  AVERAGE WIND SPEED     8.7


SKY COVER
  POSSIBLE SUNSHINE  MM
  AVERAGE SKY COVER 0.0


WEATHER CONDITIONS
 THE FOLLOWING WEATHER WAS RECORDED TODAY.
  NO SIGNIFICANT WEATHER WAS OBSERVED.


RELATIVE HUMIDITY (PERCENT)
 HIGHEST    94           500 AM
 LOWEST     56          1200 PM
 AVERAGE    75

..........................................................


THE N.MYRTLE BEACH SOUTH CAROLINA CLIMATE NORMALS FOR TOMORROW
                         NORMAL    RECORD    YEAR
 MAXIMUM TEMPERATURE (F)   85        98      2011
 MINIMUM TEMPERATURE (F)   71        59      1953


SUNRISE AND SUNSET
JUNE 19 2018..........SUNRISE   604 AM EDT   SUNSET   828 PM EDT
JUNE 20 2018..........SUNRISE   604 AM EDT   SUNSET   829 PM EDT


-  INDICATES NEGATIVE NUMBERS.
R  INDICATES RECORD WAS SET OR TIED.
MM INDICATES DATA IS MISSING.
T  INDICATES TRACE AMOUNT.




$$
