000
CDUS42 KILM 242145
CLICRE


CLIMATE REPORT
NATIONAL WEATHER SERVICE WILMINGTON NC
444 PM EST FRI JAN 24 2020


...................................

...THE N.MYRTLE BEACH SOUTH CAROLINA CLIMATE SUMMARY FOR JANUARY 24 2020...
VALID TODAY AS OF 0400 PM LOCAL TIME.

CLIMATE NORMAL PERIOD 1981 TO 2010
CLIMATE RECORD PERIOD 1931 TO 2020


WEATHER ITEM   OBSERVED TIME   RECORD YEAR NORMAL DEPARTURE LAST
                VALUE   (LST)  VALUE       VALUE  FROM      YEAR
                                                  NORMAL
..................................................................
TEMPERATURE (F)
 TODAY
  MAXIMUM         63    335 PM  73    1932  55      8       69
  MINIMUM         50    228 AM  14    2014  36     14       49
  AVERAGE         57                        46     11       59

PRECIPITATION (IN)
  TODAY            0.00          2.00 1999   0.14  -0.14     0.61
  MONTH TO DATE    0.97                      2.70  -1.73     1.74
  SINCE DEC 1      6.39                      6.16   0.23     9.16
  SINCE JAN 1      0.97                      2.70  -1.73     1.74

SNOWFALL (IN)
  TODAY           MM
  MONTH TO DATE   MM
  SINCE DEC 1     MM
  SINCE JUL 1     MM
  SNOW DEPTH      MM

DEGREE DAYS
 HEATING
  TODAY            8                        19    -11        6
  MONTH TO DATE  252                       467   -215      369
  SINCE DEC 1    605                       974   -369      800
  SINCE JUL 1    965                      1335   -370     1164

 COOLING
  TODAY            0                         0      0        0
  MONTH TO DATE   12                         0     12        3
  SINCE DEC 1     15                         3     12        3
  SINCE JAN 1     12                         0     12        3
..................................................................


WIND (MPH)
  RESULTANT WIND SPEED   8   RESULTANT WIND DIRECTION   E (70)
  HIGHEST WIND SPEED    15   HIGHEST WIND DIRECTION     E (100)
  HIGHEST GUST SPEED    22   HIGHEST GUST DIRECTION     E (90)
  AVERAGE WIND SPEED     8.8


SKY COVER
  POSSIBLE SUNSHINE  MM
  AVERAGE SKY COVER 0.7


WEATHER CONDITIONS
 THE FOLLOWING WEATHER WAS RECORDED TODAY.
  NO SIGNIFICANT WEATHER WAS OBSERVED.


RELATIVE HUMIDITY (PERCENT)
 HIGHEST    90           400 PM
 LOWEST     72           100 PM
 AVERAGE    81

..........................................................


THE N.MYRTLE BEACH SOUTH CAROLINA CLIMATE NORMALS FOR TOMORROW
                         NORMAL    RECORD    YEAR
 MAXIMUM TEMPERATURE (F)   55        80      1949
 MINIMUM TEMPERATURE (F)   36        13      2014


SUNRISE AND SUNSET
JANUARY 24 2020.......SUNRISE   717 AM EST   SUNSET   537 PM EST
JANUARY 25 2020.......SUNRISE   716 AM EST   SUNSET   538 PM EST


-  INDICATES NEGATIVE NUMBERS.
R  INDICATES RECORD WAS SET OR TIED.
MM INDICATES DATA IS MISSING.
T  INDICATES TRACE AMOUNT.




$$
