000
CDUS42 KILM 280841
CLICRE

CLIMATE REPORT
NATIONAL WEATHER SERVICE WILMINGTON NC
441 AM EDT WED OCT 28 2020

...................................

...THE N.MYRTLE BEACH SOUTH CAROLINA CLIMATE SUMMARY FOR OCTOBER 27 2020...

CLIMATE NORMAL PERIOD 1981 TO 2010
CLIMATE RECORD PERIOD 1931 TO 2020


WEATHER ITEM   OBSERVED TIME   RECORD YEAR NORMAL DEPARTURE LAST
                VALUE   (LST)  VALUE       VALUE  FROM      YEAR
                                                  NORMAL
...................................................................
TEMPERATURE (F)
 YESTERDAY
  MAXIMUM         76    325 PM  86    1940  72      4       81
  MINIMUM         58    657 AM  32    1962  52      6       70
  AVERAGE         67                        62      5       76

PRECIPITATION (IN)
  YESTERDAY        0.00          2.07 2006   0.08  -0.08     0.04
  MONTH TO DATE    2.39                      3.46  -1.07     4.07
  SINCE SEP 1      9.20                      9.74  -0.54    14.97
  SINCE JAN 1     46.34                     45.09   1.25    46.64

DEGREE DAYS
 HEATING
  YESTERDAY        0                         5     -5        0
  MONTH TO DATE    2                        65    -63       12
  SINCE SEP 1      5                        69    -64       12
  SINCE JUL 1      5                        69    -64       12

 COOLING
  YESTERDAY        2                         2      0       11
  MONTH TO DATE  177                        92     85      167
  SINCE SEP 1    525                       400    125      575
  SINCE JAN 1   2275                      1876    399     2350
...................................................................


WIND (MPH)
  RESULTANT WIND SPEED   1   RESULTANT WIND DIRECTION   S (180)
  HIGHEST WIND SPEED     9   HIGHEST WIND DIRECTION     S (190)
  HIGHEST GUST SPEED    15   HIGHEST GUST DIRECTION    SE (150)
  AVERAGE WIND SPEED     1.7


SKY COVER
  AVERAGE SKY COVER 0.1


WEATHER CONDITIONS
THE FOLLOWING WEATHER WAS RECORDED YESTERDAY.
  FOG


RELATIVE HUMIDITY (PERCENT)
 HIGHEST   100          1200 AM
 LOWEST     69           400 PM
 AVERAGE    85

..........................................................


THE N.MYRTLE BEACH SOUTH CAROLINA CLIMATE NORMALS FOR TODAY
                         NORMAL    RECORD    YEAR
 MAXIMUM TEMPERATURE (F)   72        86      1940
 MINIMUM TEMPERATURE (F)   51        31      1944


SUNRISE AND SUNSET
OCTOBER 28 2020.......SUNRISE   731 AM EDT   SUNSET   626 PM EDT
OCTOBER 29 2020.......SUNRISE   732 AM EDT   SUNSET   625 PM EDT


-  INDICATES NEGATIVE NUMBERS.
R  INDICATES RECORD WAS SET OR TIED.
MM INDICATES DATA IS MISSING.
T  INDICATES TRACE AMOUNT.




$$
