000
CDUS41 KRLX 232219
CLICRW


CLIMATE REPORT
NATIONAL WEATHER SERVICE CHARLESTON WV
518 PM EST WED JAN 23 2019


...................................

...THE CHARLESTON WV CLIMATE SUMMARY FOR JANUARY 23 2019...
VALID TODAY AS OF 0500 PM LOCAL TIME.

CLIMATE NORMAL PERIOD 1981 TO 2010
CLIMATE RECORD PERIOD 1901 TO 2019


WEATHER ITEM   OBSERVED TIME   RECORD YEAR NORMAL DEPARTURE LAST
                VALUE   (LST)  VALUE       VALUE  FROM      YEAR
                                                  NORMAL
..................................................................
TEMPERATURE (F)
 TODAY
  MAXIMUM         64    358 PM  75    1920  43     21       63
  MINIMUM         43   1200 AM  -9    1936  26     17       38
  AVERAGE         54                        34     20       51

PRECIPITATION (IN)
  TODAY            0.01          1.90 1920   0.10  -0.09     0.11
  MONTH TO DATE    2.02                      2.21  -0.19     2.50
  SINCE DEC 1      7.55                      5.48   2.07     4.79
  SINCE JAN 1      2.02                      2.21  -0.19     2.50

DEGREE DAYS
 HEATING
  TODAY           11                        31    -20       14
  MONTH TO DATE  627                       712    -85      816
  SINCE DEC 1   1378                      1568   -190     1714
  SINCE JUL 1   2360                      2452    -92     2500

 COOLING
  TODAY            0                         0      0        0
  MONTH TO DATE    0                         0      0        0
  SINCE DEC 1      0                         1     -1        0
  SINCE JAN 1      0                         0      0        0
..................................................................


WIND (MPH)
  HIGHEST WIND SPEED    20   HIGHEST WIND DIRECTION     S (180)
  HIGHEST GUST SPEED    28   HIGHEST GUST DIRECTION     S (190)
  AVERAGE WIND SPEED    11.3


SKY COVER
  POSSIBLE SUNSHINE  MM
  AVERAGE SKY COVER 1.0


WEATHER CONDITIONS
 THE FOLLOWING WEATHER WAS RECORDED TODAY.
  NO SIGNIFICANT WEATHER WAS OBSERVED.


RELATIVE HUMIDITY (PERCENT)
 HIGHEST    60           400 AM
 LOWEST     39          1200 AM
 AVERAGE    50

..........................................................


THE CHARLESTON WV CLIMATE NORMALS FOR TOMORROW
                         NORMAL    RECORD    YEAR
 MAXIMUM TEMPERATURE (F)   43        77      1943
 MINIMUM TEMPERATURE (F)   26       -12      1963


SUNRISE AND SUNSET
JANUARY 23 2019.......SUNRISE   738 AM EST   SUNSET   538 PM EST
JANUARY 24 2019.......SUNRISE   738 AM EST   SUNSET   540 PM EST


-  INDICATES NEGATIVE NUMBERS.
R  INDICATES RECORD WAS SET OR TIED.
MM INDICATES DATA IS MISSING.
T  INDICATES TRACE AMOUNT.




$$
