000
CDUS41 KRLX 210721
CLICRW

CLIMATE REPORT
NATIONAL WEATHER SERVICE CHARLESTON WV
321 AM EDT WED OCT 21 2020

...................................

...THE CHARLESTON WV CLIMATE SUMMARY FOR OCTOBER 20 2020...

CLIMATE NORMAL PERIOD: 1981 TO 2010
CLIMATE RECORD PERIOD: 1901 TO 2020


WEATHER ITEM   OBSERVED TIME   RECORD YEAR NORMAL DEPARTURE LAST
                VALUE   (LST)  VALUE       VALUE  FROM      YEAR
                                                  NORMAL
...................................................................
TEMPERATURE (F)
 YESTERDAY
  MAXIMUM         80   3:17 PM  87    1920  67     13       66
  MINIMUM         55   4:07 AM  23    1992  44     11       50
  AVERAGE         68                        55     13       58

PRECIPITATION (IN)
  YESTERDAY        0.00          1.55 1983   0.08  -0.08     0.19
  MONTH TO DATE    1.11                      1.66  -0.55     3.48
  SINCE SEP 1      3.04                      4.91  -1.87     4.02
  SINCE JAN 1     41.28                     36.02   5.26    37.08

SNOWFALL (IN)
  YESTERDAY        0.0           2.8  1961   0.0    0.0      0.0
  MONTH TO DATE    0.0                       0.0    0.0      0.0
  SINCE SEP 1      0.0                       0.0    0.0      0.0
  SINCE JUL 1      0.0                       0.0    0.0      0.0
  SNOW DEPTH       0

DEGREE DAYS
 HEATING
  YESTERDAY        0                        10    -10        7
  MONTH TO DATE  137                       153    -16      107
  SINCE SEP 1    191                       209    -18      107
  SINCE JUL 1    191                       211    -20      107

 COOLING
  YESTERDAY        3                         0      3        0
  MONTH TO DATE    8                        16     -8       61
  SINCE SEP 1    149                       143      6      365
  SINCE JAN 1   1305                      1089    216     1514
...................................................................


WIND (MPH)
  HIGHEST WIND SPEED    14   HIGHEST WIND DIRECTION     W (250)
  HIGHEST GUST SPEED    17   HIGHEST GUST DIRECTION     W (260)
  AVERAGE WIND SPEED     3.0


SKY COVER
  AVERAGE SKY COVER 0.3


WEATHER CONDITIONS
THE FOLLOWING WEATHER WAS RECORDED YESTERDAY.
  NO SIGNIFICANT WEATHER WAS OBSERVED.


RELATIVE HUMIDITY (PERCENT)
 HIGHEST   100
 LOWEST     48
 AVERAGE    74

..........................................................


THE CHARLESTON WV CLIMATE NORMALS FOR TODAY
                         NORMAL    RECORD    YEAR
 MAXIMUM TEMPERATURE (F)   66        89      1920
 MINIMUM TEMPERATURE (F)   44        18      1952


SUNRISE AND SUNSET
OCTOBER 21 2020.......SUNRISE   7:42 AM EDT   SUNSET   6:39 PM EDT
OCTOBER 22 2020.......SUNRISE   7:43 AM EDT   SUNSET   6:38 PM EDT


-  INDICATES NEGATIVE NUMBERS.
R  INDICATES RECORD WAS SET OR TIED.
MM INDICATES DATA IS MISSING.
T  INDICATES TRACE AMOUNT.




$$
