000
CDUS41 KRLX 190818
CLICRW


CLIMATE REPORT
NATIONAL WEATHER SERVICE CHARLESTON WV
318 AM EST MON FEB 19 2018


...................................

...THE CHARLESTON WV CLIMATE SUMMARY FOR FEBRUARY 18 2018...

CLIMATE NORMAL PERIOD 1981 TO 2010
CLIMATE RECORD PERIOD 1901 TO 2018


WEATHER ITEM   OBSERVED TIME   RECORD YEAR NORMAL DEPARTURE LAST
                VALUE   (LST)  VALUE       VALUE  FROM      YEAR
                                                  NORMAL
..................................................................
TEMPERATURE (F)
 YESTERDAY
  MAXIMUM         51    422 PM  76    1927  47      4       63
  MINIMUM         36   1128 PM  -9    1903  29      7       37
  AVERAGE         44                        38      6       50

PRECIPITATION (IN)
  YESTERDAY        T             2.67 2000   0.12  -0.12     0.06
  MONTH TO DATE    5.85                      1.99   3.86     0.82
  SINCE JAN 1      9.22                      4.99   4.23     5.59

SNOWFALL (IN)
  YESTERDAY        0.0           7.7  1960   0.4   -0.4      0.0
                                      2005
                                      2001
  MONTH TO DATE    0.7                       6.6   -5.9       T
  SINCE SEP 1     10.3                      26.0  -15.7      7.5
  SNOW DEPTH       0

DEGREE DAYS
 HEATING
  YESTERDAY       21                        27     -6       15
  MONTH TO DATE  460                       511    -51      396
  SINCE DEC 1   2393                      2315     78     1917
  SINCE JUL 1   3179                      3199    -20     2571

 COOLING
  YESTERDAY        0                         0      0        0
  MONTH TO DATE    2                         0      2        0
  SINCE DEC 1      2                         1      1        0
  SINCE JAN 1      2                         0      2        0
..................................................................


WIND (MPH)
  HIGHEST WIND SPEED    17   HIGHEST WIND DIRECTION     W (280)
  HIGHEST GUST SPEED    25   HIGHEST GUST DIRECTION    NW (310)
  AVERAGE WIND SPEED     4.0


SKY COVER
  POSSIBLE SUNSHINE  MM
  AVERAGE SKY COVER 0.5


WEATHER CONDITIONS
 THE FOLLOWING WEATHER WAS RECORDED YESTERDAY.
  LIGHT RAIN


RELATIVE HUMIDITY (PERCENT)
 HIGHEST    86           200 AM
 LOWEST     50           300 PM
 AVERAGE    68

..........................................................


THE CHARLESTON WV CLIMATE NORMALS FOR TODAY
                         NORMAL    RECORD    YEAR
 MAXIMUM TEMPERATURE (F)   48        77      1994
 MINIMUM TEMPERATURE (F)   29       -11      1903


SUNRISE AND SUNSET
FEBRUARY 19 2018......SUNRISE   712 AM EST   SUNSET   609 PM EST
FEBRUARY 20 2018......SUNRISE   711 AM EST   SUNSET   610 PM EST


-  INDICATES NEGATIVE NUMBERS.
R  INDICATES RECORD WAS SET OR TIED.
MM INDICATES DATA IS MISSING.
T  INDICATES TRACE AMOUNT.




$$
