000
CDUS41 KRLX 252235
CLICRW


CLIMATE REPORT
NATIONAL WEATHER SERVICE CHARLESTON WV
522 PM EST TUE FEB 25 2020


...................................

...THE CHARLESTON WV CLIMATE SUMMARY FOR FEBRUARY 25 2020...
VALID TODAY AS OF 0500 PM LOCAL TIME.

CLIMATE NORMAL PERIOD 1981 TO 2010
CLIMATE RECORD PERIOD 1901 TO 2020


WEATHER ITEM   OBSERVED TIME   RECORD YEAR NORMAL DEPARTURE LAST
                VALUE   (LST)  VALUE       VALUE  FROM      YEAR
                                                  NORMAL
..................................................................
TEMPERATURE (F)
 TODAY
  MAXIMUM         62    339 PM  76    2000  49     13       46
  MINIMUM         44    739 AM   1    1967  30     14       29
  AVERAGE         53                        40     13       38

PRECIPITATION (IN)
  TODAY            0.27          0.95 1902   0.13   0.14     0.00
  MONTH TO DATE    4.55                      2.83   1.72     4.95
  SINCE DEC 1     12.85                      9.10   3.75    13.93
  SINCE JAN 1      8.11                      5.83   2.28     8.40

DEGREE DAYS
 HEATING
  TODAY           12                        25    -13       27
  MONTH TO DATE  574                       692   -118      537
  SINCE DEC 1   2042                      2496   -454     2208
  SINCE JUL 1   2915                      3380   -465     3190

 COOLING
  TODAY            0                         0      0        0
  MONTH TO DATE    0                         0      0        0
  SINCE DEC 1      5                         1      4        0
  SINCE JAN 1      5                         0      5        0
..................................................................


WIND (MPH)
  HIGHEST WIND SPEED    18   HIGHEST WIND DIRECTION    SW (230)
  HIGHEST GUST SPEED    24   HIGHEST GUST DIRECTION    SW (240)
  AVERAGE WIND SPEED     5.3


SKY COVER
  POSSIBLE SUNSHINE  MM
  AVERAGE SKY COVER 0.8


WEATHER CONDITIONS
 THE FOLLOWING WEATHER WAS RECORDED TODAY.
  LIGHT RAIN
  FOG


RELATIVE HUMIDITY (PERCENT)
 HIGHEST    92           200 AM
 LOWEST     51           500 PM
 AVERAGE    72

..........................................................


THE CHARLESTON WV CLIMATE NORMALS FOR TOMORROW
                         NORMAL    RECORD    YEAR
 MAXIMUM TEMPERATURE (F)   50        80      1930
 MINIMUM TEMPERATURE (F)   31         3      1967


SUNRISE AND SUNSET
FEBRUARY 25 2020......SUNRISE   705 AM EST   SUNSET   615 PM EST
FEBRUARY 26 2020......SUNRISE   703 AM EST   SUNSET   616 PM EST


-  INDICATES NEGATIVE NUMBERS.
R  INDICATES RECORD WAS SET OR TIED.
MM INDICATES DATA IS MISSING.
T  INDICATES TRACE AMOUNT.




$$
