000
CDUS41 KRLX 262118
CLICRW


CLIMATE REPORT
NATIONAL WEATHER SERVICE CHARLESTON WV
518 PM EDT THU APR 26 2018


...................................

...THE CHARLESTON WV CLIMATE SUMMARY FOR APRIL 26 2018...
VALID TODAY AS OF 0500 PM LOCAL TIME.

CLIMATE NORMAL PERIOD 1981 TO 2010
CLIMATE RECORD PERIOD 1901 TO 2018


WEATHER ITEM   OBSERVED TIME   RECORD YEAR NORMAL DEPARTURE LAST
                VALUE   (LST)  VALUE       VALUE  FROM      YEAR
                                                  NORMAL
..................................................................
TEMPERATURE (F)
 TODAY
  MAXIMUM         66    157 PM  95    1915  71     -5       84
  MINIMUM         45    746 AM  29    1927  47     -2       53
  AVERAGE         56                        59     -3       69

PRECIPITATION (IN)
  TODAY            0.00          1.71 2012   0.12  -0.12     0.00
  MONTH TO DATE    4.07                      2.77   1.30     2.53
  SINCE MAR 1      8.42                      6.68   1.74     6.72
  SINCE JAN 1     19.55                     12.87   6.68    14.02

DEGREE DAYS
 HEATING
  TODAY            9                         7      2        0
  MONTH TO DATE  374                       268    106      148
  SINCE MAR 1   1091                       868    223      717
  SINCE JUL 1   4362                      4322     40     3424

 COOLING
  TODAY            0                         1     -1        4
  MONTH TO DATE   11                        25    -14       24
  SINCE MAR 1     13                        30    -17       27
  SINCE JAN 1     22                        30     -8       27
..................................................................


WIND (MPH)
  HIGHEST WIND SPEED     8   HIGHEST WIND DIRECTION    NE (60)
  HIGHEST GUST SPEED    11   HIGHEST GUST DIRECTION    NW (300)
  AVERAGE WIND SPEED     1.2


SKY COVER
  POSSIBLE SUNSHINE  MM
  AVERAGE SKY COVER 0.7


WEATHER CONDITIONS
 THE FOLLOWING WEATHER WAS RECORDED TODAY.
  FOG
  FOG W/VISIBILITY <= 1/4 MILE


RELATIVE HUMIDITY (PERCENT)
 HIGHEST   100          1200 AM
 LOWEST     43           400 PM
 AVERAGE    72

..........................................................


THE CHARLESTON WV CLIMATE NORMALS FOR TOMORROW
                         NORMAL    RECORD    YEAR
 MAXIMUM TEMPERATURE (F)   71        94      1990
 MINIMUM TEMPERATURE (F)   48        30      1926
                                             1919


SUNRISE AND SUNSET
APRIL 26 2018.........SUNRISE   636 AM EDT   SUNSET   813 PM EDT
APRIL 27 2018.........SUNRISE   634 AM EDT   SUNSET   814 PM EDT


-  INDICATES NEGATIVE NUMBERS.
R  INDICATES RECORD WAS SET OR TIED.
MM INDICATES DATA IS MISSING.
T  INDICATES TRACE AMOUNT.




$$
