000
CDUS41 KRLX 152136
CLICRW


CLIMATE REPORT
NATIONAL WEATHER SERVICE CHARLESTON WV
535 PM EDT MON OCT 15 2018


...................................

...THE CHARLESTON WV CLIMATE SUMMARY FOR OCTOBER 15 2018...
VALID TODAY AS OF 0500 PM LOCAL TIME.

CLIMATE NORMAL PERIOD 1981 TO 2010
CLIMATE RECORD PERIOD 1901 TO 2018


WEATHER ITEM   OBSERVED TIME   RECORD YEAR NORMAL DEPARTURE LAST
                VALUE   (LST)  VALUE       VALUE  FROM      YEAR
                                                  NORMAL
..................................................................
TEMPERATURE (F)
 TODAY
  MAXIMUM         66    341 PM  94    1930  68     -2       80
  MINIMUM         60    816 AM  26    1937  46     14       54
  AVERAGE         63                        57      6       67

PRECIPITATION (IN)
  TODAY            0.30          2.15 1954   0.08   0.22     0.12
  MONTH TO DATE    1.74                      1.27   0.47     1.66
  SINCE SEP 1     13.36                      4.52   8.84     4.05
  SINCE JAN 1     56.17                     35.63  20.54    39.49

DEGREE DAYS
 HEATING
  TODAY            2                         9     -7        0
  MONTH TO DATE   51                       105    -54       11
  SINCE SEP 1     56                       161   -105       48
  SINCE JUL 1     56                       163   -107       48

 COOLING
  TODAY            0                         0      0        2
  MONTH TO DATE   88                        16     72       68
  SINCE SEP 1    357                       143    214      199
  SINCE JAN 1   1576                      1089    487     1137
..................................................................


WIND (MPH)
  HIGHEST WIND SPEED    16   HIGHEST WIND DIRECTION    NW (300)
  HIGHEST GUST SPEED    22   HIGHEST GUST DIRECTION    NW (300)
  AVERAGE WIND SPEED     4.7


SKY COVER
  POSSIBLE SUNSHINE  MM
  AVERAGE SKY COVER 1.0


WEATHER CONDITIONS
 THE FOLLOWING WEATHER WAS RECORDED TODAY.
  RAIN
  LIGHT RAIN
  FOG


RELATIVE HUMIDITY (PERCENT)
 HIGHEST   100           200 AM
 LOWEST     87           300 PM
 AVERAGE    94

..........................................................


THE CHARLESTON WV CLIMATE NORMALS FOR TOMORROW
                         NORMAL    RECORD    YEAR
 MAXIMUM TEMPERATURE (F)   68        94      1928
 MINIMUM TEMPERATURE (F)   45        28      1937


SUNRISE AND SUNSET
OCTOBER 15 2018.......SUNRISE   735 AM EDT   SUNSET   648 PM EDT
OCTOBER 16 2018.......SUNRISE   736 AM EDT   SUNSET   647 PM EDT


-  INDICATES NEGATIVE NUMBERS.
R  INDICATES RECORD WAS SET OR TIED.
MM INDICATES DATA IS MISSING.
T  INDICATES TRACE AMOUNT.




$$
