000
CDUS41 KRLX 132223
CLICRW


CLIMATE REPORT
NATIONAL WEATHER SERVICE CHARLESTON WV
623 PM EDT SUN OCT 13 2019


...................................

...THE CHARLESTON WV CLIMATE SUMMARY FOR OCTOBER 13 2019...
VALID TODAY AS OF 0500 PM LOCAL TIME.

CLIMATE NORMAL PERIOD 1981 TO 2010
CLIMATE RECORD PERIOD 1901 TO 2019


WEATHER ITEM   OBSERVED TIME   RECORD YEAR NORMAL DEPARTURE LAST
                VALUE   (LST)  VALUE       VALUE  FROM      YEAR
                                                  NORMAL
..................................................................
TEMPERATURE (F)
 TODAY
  MAXIMUM         69    359 PM  94    1928  69      0       51
  MINIMUM         38    101 AM  28    1988  46     -8       41
  AVERAGE         54                        57     -3       46

PRECIPITATION (IN)
  TODAY            0.00          1.75 1925   0.08  -0.08     0.15
  MONTH TO DATE    2.43                      1.11   1.32     1.40
  SINCE SEP 1      2.97                      4.36  -1.39    13.02
  SINCE JAN 1     36.03                     35.47   0.56    55.83

DEGREE DAYS
 HEATING
  TODAY           11                         8      3       19
  MONTH TO DATE   32                        87    -55       35
  SINCE SEP 1     32                       143   -111       40
  SINCE JUL 1     32                       145   -113       40

 COOLING
  TODAY            0                         1     -1        0
  MONTH TO DATE   61                        15     46       88
  SINCE SEP 1    365                       142    223      357
  SINCE JAN 1   1514                      1088    426     1576
..................................................................


WIND (MPH)
  HIGHEST WIND SPEED     8   HIGHEST WIND DIRECTION    NW (320)
  HIGHEST GUST SPEED    12   HIGHEST GUST DIRECTION    NW (320)
  AVERAGE WIND SPEED     2.6


SKY COVER
  POSSIBLE SUNSHINE  MM
  AVERAGE SKY COVER 0.7


WEATHER CONDITIONS
 THE FOLLOWING WEATHER WAS RECORDED TODAY.
  FOG


RELATIVE HUMIDITY (PERCENT)
 HIGHEST   100           100 AM
 LOWEST     32           400 PM
 AVERAGE    66

..........................................................


THE CHARLESTON WV CLIMATE NORMALS FOR TOMORROW
                         NORMAL    RECORD    YEAR
 MAXIMUM TEMPERATURE (F)   68        94      1928
 MINIMUM TEMPERATURE (F)   46        26      1988


SUNRISE AND SUNSET
OCTOBER 13 2019.......SUNRISE   733 AM EDT   SUNSET   652 PM EDT
OCTOBER 14 2019.......SUNRISE   734 AM EDT   SUNSET   650 PM EDT


-  INDICATES NEGATIVE NUMBERS.
R  INDICATES RECORD WAS SET OR TIED.
MM INDICATES DATA IS MISSING.
T  INDICATES TRACE AMOUNT.




$$
