000
CDUS42 KFFC 280819
CLICSG

CLIMATE REPORT
NATIONAL WEATHER SERVICE PEACHTREE CITY GA
419 AM EDT TUE JUN 28 2022

...................................

...THE COLUMBUS CLIMATE SUMMARY FOR JUNE 27 2022...

CLIMATE NORMAL PERIOD: 1991 TO 2020
CLIMATE RECORD PERIOD: 1948 TO 2022


WEATHER ITEM   OBSERVED TIME   RECORD YEAR NORMAL DEPARTURE LAST
                VALUE   (LST)  VALUE       VALUE  FROM      YEAR
                                                  NORMAL
...................................................................
TEMPERATURE (F)
 YESTERDAY
  MAXIMUM         96   2:37 PM 104    1914  92      4       90
  MINIMUM         74   7:02 AM  61    1974  72      2       72
  AVERAGE         85                        82      3       81

PRECIPITATION (IN)
  YESTERDAY        T             2.15 1953   0.14  -0.14     0.11
  MONTH TO DATE    0.95                      3.64  -2.69     3.82
  SINCE JUN 1      0.95                      3.64  -2.69     3.82
  SINCE JAN 1     24.93                     24.53   0.40    24.86

DEGREE DAYS
 HEATING
  YESTERDAY        0                         0      0        0
  MONTH TO DATE    0                         0      0        0
  SINCE JUN 1      0                         0      0        0
  SINCE JUL 1   1699                      1943   -244     1790

 COOLING
  YESTERDAY       20                        17      3       16
  MONTH TO DATE  490                       409     81      373
  SINCE JUN 1    490                       409     81      373
  SINCE JAN 1    938                       834    104      686
...................................................................


WIND (MPH)
  HIGHEST WIND SPEED    18   HIGHEST WIND DIRECTION     N (350)
  HIGHEST GUST SPEED    28   HIGHEST GUST DIRECTION     N (350)
  AVERAGE WIND SPEED     4.7


SKY COVER
  AVERAGE SKY COVER 0.4


WEATHER CONDITIONS
THE FOLLOWING WEATHER WAS RECORDED YESTERDAY.
  NO SIGNIFICANT WEATHER WAS OBSERVED.


RELATIVE HUMIDITY (PERCENT)
 HIGHEST    82          11:00 PM
 LOWEST     37           2:00 PM
 AVERAGE    60

..........................................................


THE COLUMBUS CLIMATE NORMALS FOR TODAY
                         NORMAL    RECORD    YEAR
 MAXIMUM TEMPERATURE (F)   92       103      1954
 MINIMUM TEMPERATURE (F)   72        56      1974


SUNRISE AND SUNSET
JUNE 28 2022..........SUNRISE   6:35 AM EDT   SUNSET   8:51 PM EDT
JUNE 29 2022..........SUNRISE   6:35 AM EDT   SUNSET   8:51 PM EDT


-  INDICATES NEGATIVE NUMBERS.
R  INDICATES RECORD WAS SET OR TIED.
MM INDICATES DATA IS MISSING.
T  INDICATES TRACE AMOUNT.




$$
