000
CDUS42 KFFC 240820
CLICSG


CLIMATE REPORT
NATIONAL WEATHER SERVICE PEACHTREE CITY GA
419 AM EDT TUE APR 24 2018


...................................

...THE COLUMBUS CLIMATE SUMMARY FOR APRIL 23 2018...

CLIMATE NORMAL PERIOD 1981 TO 2010
CLIMATE RECORD PERIOD 1948 TO 2018


WEATHER ITEM   OBSERVED TIME   RECORD YEAR NORMAL DEPARTURE LAST
                VALUE   (LST)  VALUE       VALUE  FROM      YEAR
                                                  NORMAL
..................................................................
TEMPERATURE (F)
 YESTERDAY
  MAXIMUM         82    403 PM  91    1925  78      4       75
  MINIMUM         62    525 AM  35    1986  54      8       58
  AVERAGE         72                        66      6       67

PRECIPITATION (IN)
  YESTERDAY        0.75          3.02 1928   0.11   0.64     0.70
  MONTH TO DATE    4.33                      2.81   1.52     2.37
  SINCE MAR 1      7.48                      8.27  -0.79     3.90
  SINCE JAN 1     12.64                     16.56  -3.92    18.16

DEGREE DAYS
 HEATING
  YESTERDAY        0                         2     -2        0
  MONTH TO DATE   77                        81     -4       20
  SINCE MAR 1    329                       327      2      223
  SINCE JUL 1   1786                      2104   -318     1353

 COOLING
  YESTERDAY        7                         3      4        2
  MONTH TO DATE   34                        51    -17      124
  SINCE MAR 1     59                        74    -15      194
  SINCE JAN 1    131                        78     53      211
..................................................................


WIND (MPH)
  HIGHEST WIND SPEED    20   HIGHEST WIND DIRECTION    SE (130)
  HIGHEST GUST SPEED    27   HIGHEST GUST DIRECTION    SE (140)
  AVERAGE WIND SPEED     6.7


SKY COVER
  AVERAGE SKY COVER 0.8


WEATHER CONDITIONS
 THE FOLLOWING WEATHER WAS RECORDED YESTERDAY.
  HEAVY RAIN
  RAIN
  LIGHT RAIN
  FOG


RELATIVE HUMIDITY (PERCENT)
 HIGHEST   100           600 AM
 LOWEST     45           300 PM
 AVERAGE    73

..........................................................


THE COLUMBUS CLIMATE NORMALS FOR TODAY
                         NORMAL    RECORD    YEAR
 MAXIMUM TEMPERATURE (F)   79        94      1925
 MINIMUM TEMPERATURE (F)   55        38      1986


SUNRISE AND SUNSET
APRIL 24 2018.........SUNRISE   700 AM EDT   SUNSET   816 PM EDT
APRIL 25 2018.........SUNRISE   659 AM EDT   SUNSET   817 PM EDT


-  INDICATES NEGATIVE NUMBERS.
R  INDICATES RECORD WAS SET OR TIED.
MM INDICATES DATA IS MISSING.
T  INDICATES TRACE AMOUNT.




$$
