000
CDUS42 KFFC 210025
CLICSG


CLIMATE REPORT
NATIONAL WEATHER SERVICE PEACHTREE CITY GA
825 PM EDT FRI JUL 20 2018


...................................

...THE COLUMBUS CLIMATE SUMMARY FOR JULY 20 2018...
VALID AS OF 0800 PM LOCAL TIME.

CLIMATE NORMAL PERIOD 1981 TO 2010
CLIMATE RECORD PERIOD 1948 TO 2018


WEATHER ITEM   OBSERVED TIME   RECORD YEAR NORMAL DEPARTURE LAST
                VALUE   (LST)  VALUE       VALUE  FROM      YEAR
                                                  NORMAL
..................................................................
TEMPERATURE (F)
 TODAY
  MAXIMUM         92    454 PM 105    1913  92      0       98
  MINIMUM         73    342 AM  64    2009  73      0       76
                                      1910
  AVERAGE         83                        83      0       87

PRECIPITATION (IN)
  TODAY            0.00          2.01 1944   0.15  -0.15     0.00
  MONTH TO DATE    2.49                      3.19  -0.70     2.42
  SINCE JUN 1      8.23                      6.91   1.32     6.00
  SINCE JAN 1     31.49                     27.40   4.09    31.57

DEGREE DAYS
 COOLING
  TODAY           18                        18      0       22
  MONTH TO DATE  360                       352      8      378
  SINCE JUN 1    860                       798     62      800
  SINCE JAN 1   1378                      1156    222     1352
..................................................................


WIND (MPH)
  HIGHEST WIND SPEED    10   HIGHEST WIND DIRECTION    NE (60)
  HIGHEST GUST SPEED    14   HIGHEST GUST DIRECTION    NE (30)
  AVERAGE WIND SPEED     5.1


SKY COVER
  AVERAGE SKY COVER 0.6


WEATHER CONDITIONS
 THE FOLLOWING WEATHER WAS RECORDED TODAY.
  NO SIGNIFICANT WEATHER WAS OBSERVED.


RELATIVE HUMIDITY (PERCENT)
 HIGHEST    93           100 AM
 LOWEST     49           300 PM

..........................................................


THE COLUMBUS CLIMATE NORMALS FOR TOMORROW
                         NORMAL    RECORD
 MAXIMUM TEMPERATURE (F)   92       103
 MINIMUM TEMPERATURE (F)   73        61


SUNRISE AND SUNSET
JULY 20 2018..........SUNRISE   646 AM EDT   SUNSET   846 PM EDT
JULY 21 2018..........SUNRISE   647 AM EDT   SUNSET   845 PM EDT


-  INDICATES NEGATIVE NUMBERS.
R  INDICATES RECORD WAS SET OR TIED.
MM INDICATES DATA IS MISSING.
T  INDICATES TRACE AMOUNT.




$$
