000
CDUS42 KFFC 302034
CLICSG

CLIMATE REPORT
NATIONAL WEATHER SERVICE PEACHTREE CITY GA
434 PM EDT FRI OCT 30 2020

...................................

...THE COLUMBUS CLIMATE SUMMARY FOR OCTOBER 30 2020...
VALID TODAY AS OF 0400 PM LOCAL TIME.

CLIMATE NORMAL PERIOD: 1981 TO 2010
CLIMATE RECORD PERIOD: 1948 TO 2020


WEATHER ITEM   OBSERVED TIME   RECORD YEAR NORMAL DEPARTURE LAST
                VALUE   (LST)  VALUE       VALUE  FROM      YEAR
                                                  NORMAL
...................................................................
TEMPERATURE (F)
 TODAY
  MAXIMUM         68   3:22 PM  90    1903  74     -6       76
                                      1984
  MINIMUM         50   1:55 AM  24    1952  51     -1       69
  AVERAGE         59                        62     -3       73

PRECIPITATION (IN)
  TODAY            0.00          1.12 1899   0.08  -0.08     0.19
  MONTH TO DATE    4.51                      2.49   2.02     4.14
  SINCE SEP 1     12.03                      5.55   6.48     5.43
  SINCE JAN 1     62.28                     38.29  23.99    36.87

SNOWFALL (IN)
  TODAY           MM             0.0  2001   0.0   MM        0.0
                                      2002
  MONTH TO DATE    0.0                       0.0    0.0      0.0
  SINCE SEP 1      0.0                       0.0    0.0      0.0
  SINCE JUL 1      0.0                       0.0    0.0      0.0
  SNOW DEPTH      MM

DEGREE DAYS
 HEATING
  TODAY            6                         5      1        0
  MONTH TO DATE   16                        70    -54       22
  SINCE SEP 1     18                        73    -55       22
  SINCE JUL 1     18                        73    -55       22

 COOLING
  TODAY            0                         2     -2        8
  MONTH TO DATE  190                       116     74      245
  SINCE SEP 1    553                       466     87      800
  SINCE JAN 1   2577                      2338    239     2989
...................................................................


WIND (MPH)
  RESULTANT WIND SPEED  11   RESULTANT WIND DIRECTION   N (340)
  HIGHEST WIND SPEED    20   HIGHEST WIND DIRECTION    NW (330)
  HIGHEST GUST SPEED    29   HIGHEST GUST DIRECTION     N (10)
  AVERAGE WIND SPEED    11.8


SKY COVER
  AVERAGE SKY COVER 0.6


WEATHER CONDITIONS
THE FOLLOWING WEATHER WAS RECORDED TODAY.
  NO SIGNIFICANT WEATHER WAS OBSERVED.


RELATIVE HUMIDITY (PERCENT)
 HIGHEST    69           9:00 AM
 LOWEST     40           3:00 PM
 AVERAGE    55

..........................................................


THE COLUMBUS CLIMATE NORMALS FOR TOMORROW
                         NORMAL    RECORD    YEAR
 MAXIMUM TEMPERATURE (F)   73        88      1919
                                             2016
 MINIMUM TEMPERATURE (F)   51        29      1954


SUNRISE AND SUNSET
OCTOBER 30 2020.......SUNRISE   7:56 AM EDT   SUNSET   6:50 PM EDT
OCTOBER 31 2020.......SUNRISE   7:57 AM EDT   SUNSET   6:50 PM EDT


-  INDICATES NEGATIVE NUMBERS.
R  INDICATES RECORD WAS SET OR TIED.
MM INDICATES DATA IS MISSING.
T  INDICATES TRACE AMOUNT.




$$
