000
CDUS42 KFFC 250024
CLICSG


CLIMATE REPORT
NATIONAL WEATHER SERVICE PEACHTREE CITY GA
723 PM EST SAT FEB 24 2018


...................................

...THE COLUMBUS CLIMATE SUMMARY FOR FEBRUARY 24 2018...
VALID AS OF 0700 PM LOCAL TIME.

CLIMATE NORMAL PERIOD 1981 TO 2010
CLIMATE RECORD PERIOD 1948 TO 2018


WEATHER ITEM   OBSERVED TIME   RECORD YEAR NORMAL DEPARTURE LAST
                VALUE   (LST)  VALUE       VALUE  FROM      YEAR
                                                  NORMAL
..................................................................
TEMPERATURE (F)
 TODAY
  MAXIMUM         84R   411 PM  81    1930  64     20       80
  MINIMUM         61    742 AM  21    1989  42     19       53
  AVERAGE         73                        53     20       67

PRECIPITATION (IN)
  TODAY            0.00          2.56 1961   0.16  -0.16     0.00
  MONTH TO DATE    2.73                      3.79  -1.06     2.43
  SINCE DEC 1      6.88                     11.91  -5.03    18.28
  SINCE JAN 1      4.33                      7.64  -3.31    13.91

SNOWFALL (IN)
  TODAY            0.0           T    2010   0.0    0.0      0.0
  MONTH TO DATE    0.0                       0.0    0.0      0.0
  SINCE DEC 1      2.0                       0.3    1.7      0.0
  SINCE JUL 1      2.0                       0.3    1.7      0.0
  SNOW DEPTH       0

DEGREE DAYS
 HEATING
  TODAY            0                        12    -12        0
  MONTH TO DATE  133                       348   -215      179
  SINCE DEC 1   1188                      1399   -211      913
  SINCE JUL 1   1452                      1731   -279     1100
..................................................................


WIND (MPH)
  HIGHEST WIND SPEED    20   HIGHEST WIND DIRECTION    SW (210)
  HIGHEST GUST SPEED    27   HIGHEST GUST DIRECTION     S (200)
  AVERAGE WIND SPEED     7.8


SKY COVER
  AVERAGE SKY COVER 0.4


WEATHER CONDITIONS
 THE FOLLOWING WEATHER WAS RECORDED TODAY.
  NO SIGNIFICANT WEATHER WAS OBSERVED.


RELATIVE HUMIDITY (PERCENT)
 HIGHEST    90           500 AM
 LOWEST     43           200 PM

..........................................................


THE COLUMBUS CLIMATE NORMALS FOR TOMORROW
                         NORMAL    RECORD
 MAXIMUM TEMPERATURE (F)   65        82
 MINIMUM TEMPERATURE (F)   42        17


SUNRISE AND SUNSET
FEBRUARY 24 2018......SUNRISE   713 AM EST   SUNSET   633 PM EST
FEBRUARY 25 2018......SUNRISE   712 AM EST   SUNSET   634 PM EST


-  INDICATES NEGATIVE NUMBERS.
R  INDICATES RECORD WAS SET OR TIED.
MM INDICATES DATA IS MISSING.
T  INDICATES TRACE AMOUNT.




$$
