000
CDUS42 KFFC 232031
CLICSG

CLIMATE REPORT
NATIONAL WEATHER SERVICE PEACHTREE CITY GA
431 PM EDT WED JUN 23 2021

...................................

...THE COLUMBUS CLIMATE SUMMARY FOR JUNE 23 2021...
VALID TODAY AS OF 0400 PM LOCAL TIME.

CLIMATE NORMAL PERIOD: 1991 TO 2020
CLIMATE RECORD PERIOD: 1948 TO 2021


WEATHER ITEM   OBSERVED TIME   RECORD YEAR NORMAL DEPARTURE LAST
                VALUE   (LST)  VALUE       VALUE  FROM      YEAR
                                                  NORMAL
...................................................................
TEMPERATURE (F)
 TODAY
  MAXIMUM         86   2:18 PM 104    1930  91     -5       89
  MINIMUM         64   4:02 AM  57    1972  72     -8       71
  AVERAGE         75                        82     -7       80

PRECIPITATION (IN)
  TODAY            T             2.45 1947   0.13  -0.13     0.37
  MONTH TO DATE    3.58                      3.10   0.48     3.78
  SINCE JUN 1      3.58                      3.10   0.48     3.78
  SINCE JAN 1     24.62                     23.99   0.63    38.78

DEGREE DAYS
 HEATING
  TODAY            0                         0      0        0
  MONTH TO DATE    0                         0      0        0
  SINCE JUN 1      0                         0      0        0
  SINCE JUL 1   1790                      1943   -153     1590

 COOLING
  TODAY           10                        16     -6       15
  MONTH TO DATE  318                       341    -23      323
  SINCE JUN 1    318                       341    -23      323
  SINCE JAN 1    631                       766   -135      763
...................................................................


WIND (MPH)
  RESULTANT WIND SPEED   1   RESULTANT WIND DIRECTION   S (160)
  HIGHEST WIND SPEED     9   HIGHEST WIND DIRECTION     S (190)
  HIGHEST GUST SPEED    14   HIGHEST GUST DIRECTION    SW (210)
  AVERAGE WIND SPEED     2.0


SKY COVER
  AVERAGE SKY COVER 0.3


WEATHER CONDITIONS
THE FOLLOWING WEATHER WAS RECORDED TODAY.
  NO SIGNIFICANT WEATHER WAS OBSERVED.


RELATIVE HUMIDITY (PERCENT)
 HIGHEST    93           4:00 AM
 LOWEST     51          12:00 PM
 AVERAGE    72

..........................................................


THE COLUMBUS CLIMATE NORMALS FOR TOMORROW
                         NORMAL    RECORD    YEAR
 MAXIMUM TEMPERATURE (F)   91       104      1930
 MINIMUM TEMPERATURE (F)   72        56      1947


SUNRISE AND SUNSET
JUNE 23 2021..........SUNRISE   6:33 AM EDT   SUNSET   8:51 PM EDT
JUNE 24 2021..........SUNRISE   6:34 AM EDT   SUNSET   8:51 PM EDT


-  INDICATES NEGATIVE NUMBERS.
R  INDICATES RECORD WAS SET OR TIED.
MM INDICATES DATA IS MISSING.
T  INDICATES TRACE AMOUNT.




$$
