000
CDUS42 KFFC 250024
CLICSG


CLIMATE REPORT
NATIONAL WEATHER SERVICE PEACHTREE CITY GA
823 PM EDT SUN MAY 24 2020


...................................

...THE COLUMBUS CLIMATE SUMMARY FOR MAY 24 2020...
VALID AS OF 0800 PM LOCAL TIME.

CLIMATE NORMAL PERIOD 1981 TO 2010
CLIMATE RECORD PERIOD 1948 TO 2020


WEATHER ITEM   OBSERVED TIME   RECORD YEAR NORMAL DEPARTURE LAST
                VALUE   (LST)  VALUE       VALUE  FROM      YEAR
                                                  NORMAL
..................................................................
TEMPERATURE (F)
 TODAY
  MAXIMUM         90    226 PM  99    1933  86      4       95
  MINIMUM         69    539 AM  47    1892  65      4       71
  AVERAGE         80                        75      5       83

PRECIPITATION (IN)
  TODAY            0.00          4.77 1943   0.11  -0.11     0.00
  MONTH TO DATE    0.64                      2.45  -1.81     3.59
  SINCE MAR 1     16.84                     11.46   5.38    10.41
  SINCE JAN 1     34.27                     19.75  14.52    17.56

DEGREE DAYS
 COOLING
  TODAY           15                        10      5       18
  MONTH TO DATE  144                       175    -31      271
  SINCE MAR 1    325                       275     50      394
  SINCE JAN 1    348                       279     69      415
..................................................................


WIND (MPH)
  HIGHEST WIND SPEED    22   HIGHEST WIND DIRECTION     E (70)
  HIGHEST GUST SPEED    28   HIGHEST GUST DIRECTION    NE (60)
  AVERAGE WIND SPEED     4.7


SKY COVER
  AVERAGE SKY COVER 0.2


WEATHER CONDITIONS
 THE FOLLOWING WEATHER WAS RECORDED TODAY.
  THUNDERSTORM


RELATIVE HUMIDITY (PERCENT)
 HIGHEST    84           400 AM
 LOWEST     52           200 PM

..........................................................


THE COLUMBUS CLIMATE NORMALS FOR TOMORROW
                         NORMAL    RECORD
 MAXIMUM TEMPERATURE (F)   86        98
 MINIMUM TEMPERATURE (F)   65        51


SUNRISE AND SUNSET
MAY 24 2020...........SUNRISE   636 AM EDT   SUNSET   838 PM EDT
MAY 25 2020...........SUNRISE   635 AM EDT   SUNSET   838 PM EDT


-  INDICATES NEGATIVE NUMBERS.
R  INDICATES RECORD WAS SET OR TIED.
MM INDICATES DATA IS MISSING.
T  INDICATES TRACE AMOUNT.




$$
