000
CDUS42 KFFC 140819
CLICSG


CLIMATE REPORT
NATIONAL WEATHER SERVICE PEACHTREE CITY GA
418 AM EDT MON OCT 14 2019


...................................

...THE COLUMBUS CLIMATE SUMMARY FOR OCTOBER 13 2019...

CLIMATE NORMAL PERIOD 1981 TO 2010
CLIMATE RECORD PERIOD 1948 TO 2019


WEATHER ITEM   OBSERVED TIME   RECORD YEAR NORMAL DEPARTURE LAST
                VALUE   (LST)  VALUE       VALUE  FROM      YEAR
                                                  NORMAL
..................................................................
TEMPERATURE (F)
 YESTERDAY
  MAXIMUM         83    139 PM  93    1904  78      5       80
  MINIMUM         65   1109 PM  40    1917  57      8       56
  AVERAGE         74                        67      7       68

PRECIPITATION (IN)
  YESTERDAY        0.27          2.08 1986   0.09   0.18     0.00
  MONTH TO DATE    0.27                      1.13  -0.86     3.35
  SINCE SEP 1      1.56                      4.19  -2.63     9.85
  SINCE JAN 1     33.00                     36.93  -3.93    51.54

DEGREE DAYS
 HEATING
  YESTERDAY        0                         2     -2        0
  MONTH TO DATE    0                        15    -15        0
  SINCE SEP 1      0                        18    -18        0
  SINCE JUL 1      0                        18    -18        0

 COOLING
  YESTERDAY        9                         4      5        3
  MONTH TO DATE  189                        70    119      168
  SINCE SEP 1    744                       420    324      705
  SINCE JAN 1   2933                      2292    641     2781
..................................................................


WIND (MPH)
  HIGHEST WIND SPEED    15   HIGHEST WIND DIRECTION     N (340)
  HIGHEST GUST SPEED    19   HIGHEST GUST DIRECTION    NW (330)
  AVERAGE WIND SPEED     4.8


SKY COVER
  AVERAGE SKY COVER 0.7


WEATHER CONDITIONS
 THE FOLLOWING WEATHER WAS RECORDED YESTERDAY.
  THUNDERSTORM
  RAIN
  LIGHT RAIN
  FOG


RELATIVE HUMIDITY (PERCENT)
 HIGHEST    93          1100 PM
 LOWEST     58           100 PM
 AVERAGE    76

..........................................................


THE COLUMBUS CLIMATE NORMALS FOR TODAY
                         NORMAL    RECORD    YEAR
 MAXIMUM TEMPERATURE (F)   78        90      1984
                                             1954
 MINIMUM TEMPERATURE (F)   56        37      1988


SUNRISE AND SUNSET
OCTOBER 14 2019.......SUNRISE   743 AM EDT   SUNSET   708 PM EDT
OCTOBER 15 2019.......SUNRISE   743 AM EDT   SUNSET   707 PM EDT


-  INDICATES NEGATIVE NUMBERS.
R  INDICATES RECORD WAS SET OR TIED.
MM INDICATES DATA IS MISSING.
T  INDICATES TRACE AMOUNT.




$$
