000
CDUS45 KTFX 190748
CLICTB


CLIMATE REPORT
NATIONAL WEATHER SERVICE GREAT FALLS MT
148 AM MDT SAT OCT 19 2019

...................................

...THE CUT BANK MT CLIMATE SUMMARY FOR OCTOBER 18 2019...

CLIMATE NORMAL PERIOD 1981 TO 2010
CLIMATE RECORD PERIOD 1903 TO 2019


WEATHER ITEM   OBSERVED TIME   RECORD YEAR NORMAL DEPARTURE LAST
                VALUE   (LST)  VALUE       VALUE  FROM      YEAR
                                                  NORMAL
...................................................................
TEMPERATURE (F)
 YESTERDAY
  MAXIMUM         50    209 PM  77    2003  55     -5       72
  MINIMUM         36    646 PM  10    1991  30      6       34
  AVERAGE         43                        42      1       53

PRECIPITATION (IN)
  YESTERDAY        0.00          0.44 1949   0.01  -0.01     0.00
  MONTH TO DATE    0.14                      0.31  -0.17     0.73
  SINCE OCT 1      0.14                      0.31  -0.17     0.73
  SINCE JAN 1     10.33                     10.19   0.14     9.66

SNOWFALL (IN)
  YESTERDAY       MM
  SNOW DEPTH       0

DEGREE DAYS
 HEATING
  YESTERDAY       22                        23     -1       12
  MONTH TO DATE  541                       354    187      484
  SINCE SEP 1    892                       697    195      919
  SINCE JUL 1   1065                       891    174     1112

 COOLING
  YESTERDAY        0                         0      0        0
  MONTH TO DATE    0                         0      0        0
  SINCE SEP 1      2                         8     -6        2
  SINCE JAN 1    106                       161    -55      185
...................................................................


WIND (MPH)
  HIGHEST WIND SPEED    40   HIGHEST WIND DIRECTION    SW (240)
  HIGHEST GUST SPEED    47   HIGHEST GUST DIRECTION    SW (240)
  AVERAGE WIND SPEED    23.5


SKY COVER
  AVERAGE SKY COVER 0.0


WEATHER CONDITIONS
THE FOLLOWING WEATHER WAS RECORDED YESTERDAY.
  NO SIGNIFICANT WEATHER WAS OBSERVED.


RELATIVE HUMIDITY (PERCENT)
 HIGHEST    62           700 AM
 LOWEST     34           400 PM
 AVERAGE    48

..........................................................


THE CUT BANK MT CLIMATE NORMALS FOR TODAY
                         NORMAL    RECORD    YEAR
 MAXIMUM TEMPERATURE (F)   54        76      1927
 MINIMUM TEMPERATURE (F)   29        12      1982


SUNRISE AND SUNSET
OCTOBER 19 2019.......SUNRISE   755 AM MDT   SUNSET   633 PM MDT
OCTOBER 20 2019.......SUNRISE   757 AM MDT   SUNSET   631 PM MDT


-  INDICATES NEGATIVE NUMBERS.
R  INDICATES RECORD WAS SET OR TIED.
MM INDICATES DATA IS MISSING.
T  INDICATES TRACE AMOUNT.




$$
