000
CDUS45 KTFX 180920
CLICTB


CLIMATE REPORT
NATIONAL WEATHER SERVICE GREAT FALLS MT
318 AM MDT MON JUN 18 2018


...................................

...THE CUT BANK MT CLIMATE SUMMARY FOR JUNE 17 2018...

CLIMATE NORMAL PERIOD 1981 TO 2010
CLIMATE RECORD PERIOD 1903 TO 2018


WEATHER ITEM   OBSERVED TIME   RECORD YEAR NORMAL DEPARTURE LAST
                VALUE   (LST)  VALUE       VALUE  FROM      YEAR
                                                  NORMAL
..................................................................
TEMPERATURE (F)
 YESTERDAY
  MAXIMUM         64   1206 PM  96    1961  71     -7       66
  MINIMUM         43    511 AM  35    1994  45     -2       47
  AVERAGE         54                        58     -4       57

PRECIPITATION (IN)
  YESTERDAY        0.00          1.23 2014   0.09  -0.09     0.04
  MONTH TO DATE    1.10                      1.61  -0.51     2.46
  SINCE OCT 1      8.60                      6.27   2.33     8.91
  SINCE JAN 1      6.49                      5.25   1.24     7.48

SNOWFALL (IN)
  YESTERDAY       MM
  SNOW DEPTH       0

DEGREE DAYS
 HEATING
  YESTERDAY       11                         7      4        8
  MONTH TO DATE  140                       154    -14      109
  SINCE JUN 1    140                       154    -14      109
  SINCE JUL 1   9098                      8442    656     8545

 COOLING
  YESTERDAY        0                         1     -1        0
  MONTH TO DATE    5                         1      4        4
  SINCE JUN 1      5                         1      4        4
  SINCE JAN 1      5                         3      2        6
..................................................................


WIND (MPH)
  HIGHEST WIND SPEED    14   HIGHEST WIND DIRECTION     E (100)
  HIGHEST GUST SPEED    20   HIGHEST GUST DIRECTION     E (100)
  AVERAGE WIND SPEED     6.7


SKY COVER
  AVERAGE SKY COVER 0.7


WEATHER CONDITIONS
 THE FOLLOWING WEATHER WAS RECORDED YESTERDAY.
  FOG


RELATIVE HUMIDITY (PERCENT)
 HIGHEST   100          1200 AM
 LOWEST     46          1200 PM
 AVERAGE    73

..........................................................


THE CUT BANK MT CLIMATE NORMALS FOR TODAY
                         NORMAL    RECORD    YEAR
 MAXIMUM TEMPERATURE (F)   71        92      1974
 MINIMUM TEMPERATURE (F)   45        29      1949


SUNRISE AND SUNSET
JUNE 18 2018..........SUNRISE   527 AM MDT   SUNSET   935 PM MDT
JUNE 19 2018..........SUNRISE   527 AM MDT   SUNSET   935 PM MDT


-  INDICATES NEGATIVE NUMBERS.
R  INDICATES RECORD WAS SET OR TIED.
MM INDICATES DATA IS MISSING.
T  INDICATES TRACE AMOUNT.




$$
