000
CDUS45 KTFX 272240
CLICTB

CLIMATE REPORT
NATIONAL WEATHER SERVICE GREAT FALLS MT
440 PM MDT WED MAY 27 2020

...................................

...THE CUT BANK MT CLIMATE SUMMARY FOR MAY 27 2020...
VALID TODAY AS OF 0400 PM LOCAL TIME.

CLIMATE NORMAL PERIOD 1981 TO 2010
CLIMATE RECORD PERIOD 1903 TO 2020


WEATHER ITEM   OBSERVED TIME   RECORD YEAR NORMAL DEPARTURE LAST
                VALUE   (LST)  VALUE       VALUE  FROM      YEAR
                                                  NORMAL
...................................................................
TEMPERATURE (F)
 TODAY
  MAXIMUM         67    239 PM  91    1936  66      1       61
  MINIMUM         44    458 AM  27    1911  41      3       44
  AVERAGE         56                        53      3       53

PRECIPITATION (IN)
  TODAY            T             1.04 2010   0.09  -0.09     0.01
  MONTH TO DATE    1.91                      1.59   0.32     2.15
  SINCE OCT 1      5.62                      4.30   1.32     7.18
  SINCE JAN 1      3.34                      3.28   0.06     5.61

DEGREE DAYS
 HEATING
  TODAY            9                        12     -3       12
  MONTH TO DATE  441                       424     17      500
  SINCE MAR 1   2423                      2184    239     2484
  SINCE JUL 1   8663                      8244    419     9168

 COOLING
  TODAY            0                         0      0        0
  MONTH TO DATE    0                         0      0        0
  SINCE MAR 1      0                         0      0        0
  SINCE JAN 1      0                         0      0        0
...................................................................


WIND (MPH)
  HIGHEST WIND SPEED    17   HIGHEST WIND DIRECTION    NW (320)
  HIGHEST GUST SPEED    21   HIGHEST GUST DIRECTION    NW (320)
  AVERAGE WIND SPEED     5.9


SKY COVER
  AVERAGE SKY COVER 0.8


WEATHER CONDITIONS
THE FOLLOWING WEATHER WAS RECORDED TODAY.
  LIGHT RAIN


RELATIVE HUMIDITY (PERCENT)
 HIGHEST    89           600 AM
 LOWEST     31           300 PM
 AVERAGE    60

..........................................................


THE CUT BANK MT CLIMATE NORMALS FOR TOMORROW
                         NORMAL    RECORD    YEAR
 MAXIMUM TEMPERATURE (F)   66        90      1934
 MINIMUM TEMPERATURE (F)   41        25      1947


SUNRISE AND SUNSET
MAY 27 2020...........SUNRISE   535 AM MDT   SUNSET   919 PM MDT
MAY 28 2020...........SUNRISE   534 AM MDT   SUNSET   920 PM MDT


-  INDICATES NEGATIVE NUMBERS.
R  INDICATES RECORD WAS SET OR TIED.
MM INDICATES DATA IS MISSING.
T  INDICATES TRACE AMOUNT.




$$
