000
CDUS45 KTFX 192240
CLICTB


CLIMATE REPORT
NATIONAL WEATHER SERVICE GREAT FALLS MT
440 PM MDT WED SEP 19 2018


...................................

...THE CUT BANK MT CLIMATE SUMMARY FOR SEPTEMBER 19 2018...
VALID TODAY AS OF 0400 PM LOCAL TIME.

CLIMATE NORMAL PERIOD 1981 TO 2010
CLIMATE RECORD PERIOD 1903 TO 2018


WEATHER ITEM   OBSERVED TIME   RECORD YEAR NORMAL DEPARTURE LAST
                VALUE   (LST)  VALUE       VALUE  FROM      YEAR
                                                  NORMAL
..................................................................
TEMPERATURE (F)
 TODAY
  MAXIMUM         54    234 PM  90    2009  67    -13       57
  MINIMUM         35    236 AM  14    1957  39     -4       33
  AVERAGE         45                        53     -8       45

PRECIPITATION (IN)
  TODAY            0.00          0.57 1968   0.05  -0.05     0.00
  MONTH TO DATE    0.09                      0.84  -0.75     0.58
  SINCE OCT 1     10.49                     10.52  -0.03     9.52
  SINCE JAN 1      8.38                      9.50  -1.12     8.09

DEGREE DAYS
 HEATING
  TODAY           20                        13      7       20
  MONTH TO DATE  214                       184     30      149
  SINCE SEP 1    214                       184     30      149
  SINCE JUL 1    407                       378     29      232

 COOLING
  TODAY            0                         0      0        0
  MONTH TO DATE    2                         6     -4       24
  SINCE SEP 1      2                         6     -4       24
  SINCE JAN 1    185                       159     26      250
..................................................................


WIND (MPH)
  HIGHEST WIND SPEED    14   HIGHEST WIND DIRECTION    SE (150)
  HIGHEST GUST SPEED    17   HIGHEST GUST DIRECTION    SE (140)
  AVERAGE WIND SPEED     6.0


SKY COVER
  AVERAGE SKY COVER 1.0


WEATHER CONDITIONS
 THE FOLLOWING WEATHER WAS RECORDED TODAY.
  FOG


RELATIVE HUMIDITY (PERCENT)
 HIGHEST    92           200 AM
 LOWEST     54           300 PM
 AVERAGE    73

..........................................................


THE CUT BANK MT CLIMATE NORMALS FOR TOMORROW
                         NORMAL    RECORD    YEAR
 MAXIMUM TEMPERATURE (F)   66        86      1938
 MINIMUM TEMPERATURE (F)   38        17      1934


SUNRISE AND SUNSET
SEPTEMBER 19 2018.....SUNRISE   712 AM MDT   SUNSET   733 PM MDT
SEPTEMBER 20 2018.....SUNRISE   713 AM MDT   SUNSET   731 PM MDT


-  INDICATES NEGATIVE NUMBERS.
R  INDICATES RECORD WAS SET OR TIED.
MM INDICATES DATA IS MISSING.
T  INDICATES TRACE AMOUNT.




$$
