000
CDUS45 KTFX 192240
CLICTB

CLIMATE REPORT
NATIONAL WEATHER SERVICE GREAT FALLS MT
440 PM MDT MON OCT 19 2020

...................................

...THE CUT BANK MT CLIMATE SUMMARY FOR OCTOBER 19 2020...
VALID TODAY AS OF 0400 PM LOCAL TIME.

CLIMATE NORMAL PERIOD 1981 TO 2010
CLIMATE RECORD PERIOD 1903 TO 2020


WEATHER ITEM   OBSERVED TIME   RECORD YEAR NORMAL DEPARTURE LAST
                VALUE   (LST)  VALUE       VALUE  FROM      YEAR
                                                  NORMAL
...................................................................
TEMPERATURE (F)
 TODAY
  MAXIMUM         22    259 PM  76    1927  54    -32       50
  MINIMUM         17    631 AM  12    1982  29    -12       31
  AVERAGE         20                        42    -22       41

PRECIPITATION (IN)
  TODAY            0.03          0.17 1996   0.01   0.02     0.00
  MONTH TO DATE    0.30                      0.32  -0.02     0.37
  SINCE OCT 1      0.30                      0.32  -0.02     0.37
  SINCE JAN 1      7.29                     10.20  -2.91    11.02

DEGREE DAYS
 HEATING
  TODAY           45                        23     22       24
  MONTH TO DATE  384                       377      7      565
  SINCE SEP 1    641                       720    -79      916
  SINCE JUL 1    779                       914   -135     1089

 COOLING
  TODAY            0                         0      0        0
  MONTH TO DATE    0                         0      0        0
  SINCE SEP 1      8                         8      0        2
  SINCE JAN 1    185                       161     24      106
...................................................................


WIND (MPH)
  HIGHEST WIND SPEED    16   HIGHEST WIND DIRECTION    SE (140)
  HIGHEST GUST SPEED    19   HIGHEST GUST DIRECTION    SE (150)
  AVERAGE WIND SPEED     9.9


SKY COVER
  AVERAGE SKY COVER 0.9


WEATHER CONDITIONS
THE FOLLOWING WEATHER WAS RECORDED TODAY.
  LIGHT SNOW
  FOG
  FOG W/VISIBILITY <= 1/4 MILE


RELATIVE HUMIDITY (PERCENT)
 HIGHEST    92           800 AM
 LOWEST     84           300 PM
 AVERAGE    88

..........................................................


THE CUT BANK MT CLIMATE NORMALS FOR TOMORROW
                         NORMAL    RECORD    YEAR
 MAXIMUM TEMPERATURE (F)   54        78      2014
 MINIMUM TEMPERATURE (F)   29         2      1933


SUNRISE AND SUNSET
OCTOBER 19 2020.......SUNRISE   757 AM MDT   SUNSET   631 PM MDT
OCTOBER 20 2020.......SUNRISE   758 AM MDT   SUNSET   629 PM MDT


-  INDICATES NEGATIVE NUMBERS.
R  INDICATES RECORD WAS SET OR TIED.
MM INDICATES DATA IS MISSING.
T  INDICATES TRACE AMOUNT.




$$
