000
CDUS45 KTFX 120824
CLICTB


CLIMATE REPORT
NATIONAL WEATHER SERVICE GREAT FALLS MT
122 AM MST WED DEC 12 2018


...................................

...THE CUT BANK MT CLIMATE SUMMARY FOR DECEMBER 11 2018...

CLIMATE NORMAL PERIOD 1981 TO 2010
CLIMATE RECORD PERIOD 1903 TO 2018


WEATHER ITEM   OBSERVED TIME   RECORD YEAR NORMAL DEPARTURE LAST
                VALUE   (LST)  VALUE       VALUE  FROM      YEAR
                                                  NORMAL
..................................................................
TEMPERATURE (F)
 YESTERDAY
  MAXIMUM         41   1157 PM  59    1939  32      9       48
  MINIMUM         28   1255 AM -34    1932  12     16       14
  AVERAGE         35                        22     13       31

PRECIPITATION (IN)
  YESTERDAY        0.00          0.37 1946   0.01  -0.01     0.00
  MONTH TO DATE    0.06                      0.08  -0.02     0.01
  SINCE OCT 1      1.19                      0.88   0.31     1.02
  SINCE JAN 1     10.12                     10.76  -0.64     9.14

SNOWFALL (IN)
  YESTERDAY       MM
  SNOW DEPTH       T

DEGREE DAYS
 HEATING
  YESTERDAY       30                        43    -13       34
  MONTH TO DATE  462                       457      5      339
  SINCE DEC 1    462                       457      5      339
  SINCE JUL 1   2849                      2720    129     2563

 COOLING
  YESTERDAY        0                         0      0        0
  MONTH TO DATE    0                         0      0        0
  SINCE DEC 1      0                         0      0        0
  SINCE JAN 1    185                       162     23      250
..................................................................


WIND (MPH)
  HIGHEST WIND SPEED    47   HIGHEST WIND DIRECTION     W (250)
  HIGHEST GUST SPEED    57   HIGHEST GUST DIRECTION    SW (240)
  AVERAGE WIND SPEED    26.1


SKY COVER
  AVERAGE SKY COVER 0.1


WEATHER CONDITIONS
 THE FOLLOWING WEATHER WAS RECORDED YESTERDAY.
  NO SIGNIFICANT WEATHER WAS OBSERVED.


RELATIVE HUMIDITY (PERCENT)
 HIGHEST    75           100 AM
 LOWEST     44          1100 AM
 AVERAGE    60

..........................................................


THE CUT BANK MT CLIMATE NORMALS FOR TODAY
                         NORMAL    RECORD    YEAR
 MAXIMUM TEMPERATURE (F)   32        59      1962
 MINIMUM TEMPERATURE (F)   12       -31      1922


SUNRISE AND SUNSET
DECEMBER 12 2018......SUNRISE   813 AM MST   SUNSET   434 PM MST
DECEMBER 13 2018......SUNRISE   814 AM MST   SUNSET   434 PM MST


-  INDICATES NEGATIVE NUMBERS.
R  INDICATES RECORD WAS SET OR TIED.
MM INDICATES DATA IS MISSING.
T  INDICATES TRACE AMOUNT.




$$
