000
CDUS42 KCAE 230616
CLICUB


CLIMATE REPORT
NATIONAL WEATHER SERVICE COLUMBIA SC
115 AM EST WED JAN 23 2019


...................................

...THE HAMILTON - OWENS AIRPORT SC CLIMATE SUMMARY FOR JANUARY 22 2019...

CLIMATE NORMAL PERIOD 1981 TO 2010
CLIMATE RECORD PERIOD 9999 TO 9999


WEATHER ITEM   OBSERVED TIME   NORMAL DEPARTURE LAST
                VALUE   (LST)  VALUE  FROM      YEAR
                                      NORMAL
......................................................
TEMPERATURE (F)
 YESTERDAY
  MAXIMUM         48    422 PM  56     -8       68
  MINIMUM         25    751 AM  36    -11       39
  AVERAGE         37            46     -9       54

PRECIPITATION (IN)
  YESTERDAY        0.00          0.12  -0.12     0.00
  MONTH TO DATE    1.15          2.38  -1.23     0.83
  SINCE DEC 1      7.38          5.58   1.80     4.16
  SINCE JAN 1      1.15          2.38  -1.23     0.83

DEGREE DAYS
 HEATING
  YESTERDAY       28            19      9       11
  MONTH TO DATE  326           430   -104      501
  SINCE DEC 1    779           959   -180      980
  SINCE JUL 1   1232          1330    -98     1333

 COOLING
  YESTERDAY        0             0      0        0
  MONTH TO DATE    5             0      5        1
  SINCE DEC 1      8             4      4        1
  SINCE JAN 1      5             0      5        1
......................................................


WIND (MPH)
  HIGHEST WIND SPEED     9   HIGHEST WIND DIRECTION     E (70)
  HIGHEST GUST SPEED    15   HIGHEST GUST DIRECTION    NE (60)
  AVERAGE WIND SPEED     3.4


SKY COVER
  AVERAGE SKY COVER 0.1


WEATHER CONDITIONS
 THE FOLLOWING WEATHER WAS RECORDED YESTERDAY.
  NO SIGNIFICANT WEATHER WAS OBSERVED.


RELATIVE HUMIDITY (PERCENT)
 HIGHEST    55           700 AM
 LOWEST     36          1200 AM

..........................................................


THE HAMILTON - OWENS AIRPORT SC CLIMATE NORMALS FOR TODAY
                         NORMAL    RECORD    YEAR
 MAXIMUM TEMPERATURE (F)   57        MM        MM
 MINIMUM TEMPERATURE (F)   36        MM        MM


SUNRISE AND SUNSET
JANUARY 23 2019.......SUNRISE   726 AM EST   SUNSET   545 PM EST
JANUARY 24 2019.......SUNRISE   726 AM EST   SUNSET   546 PM EST


-  INDICATES NEGATIVE NUMBERS.
R  INDICATES RECORD WAS SET OR TIED.
MM INDICATES DATA IS MISSING.
T  INDICATES TRACE AMOUNT.




$$
