000
CDUS42 KCAE 180618
CLICUB


CLIMATE REPORT
NATIONAL WEATHER SERVICE COLUMBIA SC
217 AM EDT WED JUL 18 2018


...................................

...THE HAMILTON - OWENS AIRPORT SC CLIMATE SUMMARY FOR JULY 17 2018...

CLIMATE NORMAL PERIOD 1981 TO 2010
CLIMATE RECORD PERIOD 9999 TO 9999


WEATHER ITEM   OBSERVED TIME   NORMAL DEPARTURE LAST
                VALUE   (LST)  VALUE  FROM      YEAR
                                      NORMAL
......................................................
TEMPERATURE (F)
 YESTERDAY
  MAXIMUM         95    412 PM  93      2       85
  MINIMUM         74    528 AM  73      1       72
  AVERAGE         85            83      2       79

PRECIPITATION (IN)
  YESTERDAY        0.01          0.18  -0.17     0.00
  MONTH TO DATE    0.13          3.18  -3.05     3.74
  SINCE JUN 1      3.24          8.09  -4.85     9.23
  SINCE JAN 1     17.86         24.91  -7.05    30.64

DEGREE DAYS
 HEATING
  YESTERDAY        0             0      0        0
  MONTH TO DATE    0             0      0        0
  SINCE JUN 1      0             0      0        0
  SINCE JUL 1      0             0      0        0

 COOLING
  YESTERDAY       20            18      2       14
  MONTH TO DATE  320           299     21      328
  SINCE JUN 1    848           732    116      771
  SINCE JAN 1   1300          1068    232     1298
......................................................


WIND (MPH)
  HIGHEST WIND SPEED    23   HIGHEST WIND DIRECTION    SW (220)
  HIGHEST GUST SPEED    28   HIGHEST GUST DIRECTION    SW (220)
  AVERAGE WIND SPEED     6.0


SKY COVER
  AVERAGE SKY COVER 0.3


WEATHER CONDITIONS
 THE FOLLOWING WEATHER WAS RECORDED YESTERDAY.
  THUNDERSTORM
  HAZE


RELATIVE HUMIDITY (PERCENT)
 HIGHEST    94          1200 AM
 LOWEST     46           400 PM

..........................................................


THE HAMILTON - OWENS AIRPORT SC CLIMATE NORMALS FOR TODAY
                         NORMAL    RECORD    YEAR
 MAXIMUM TEMPERATURE (F)   93        MM        MM
 MINIMUM TEMPERATURE (F)   73        MM        MM


SUNRISE AND SUNSET
JULY 18 2018..........SUNRISE   626 AM EDT   SUNSET   834 PM EDT
JULY 19 2018..........SUNRISE   626 AM EDT   SUNSET   834 PM EDT


-  INDICATES NEGATIVE NUMBERS.
R  INDICATES RECORD WAS SET OR TIED.
MM INDICATES DATA IS MISSING.
T  INDICATES TRACE AMOUNT.




$$
