000
CDUS42 KCAE 292121
CLICUB


CLIMATE REPORT
NATIONAL WEATHER SERVICE COLUMBIA SC
520 PM EDT THU OCT 29 2020


...................................

...THE HAMILTON - OWENS AIRPORT SC CLIMATE SUMMARY FOR OCTOBER 29 2020...
VALID TODAY AS OF 0500 PM LOCAL TIME.

CLIMATE NORMAL PERIOD 1981 TO 2010
CLIMATE RECORD PERIOD 9999 TO 9999


WEATHER ITEM   OBSERVED TIME   NORMAL DEPARTURE LAST
                VALUE   (LST)  VALUE  FROM      YEAR
                                      NORMAL
......................................................
TEMPERATURE (F)
 TODAY
  MAXIMUM         86    328 PM  72     14       71
  MINIMUM         71    109 AM  49     22       59
  AVERAGE         79            61     18       65

PRECIPITATION (IN)
  TODAY            0.00          0.10  -0.10     0.30
  MONTH TO DATE    0.74          3.15  -2.41     2.42
  SINCE SEP 1      5.78          7.19  -1.41     4.33
  SINCE JAN 1     43.51         39.04   4.47    27.51

DEGREE DAYS
 HEATING
  TODAY            0             5     -5        0
  MONTH TO DATE   14            75    -61       28
  SINCE SEP 1     18            78    -60       28
  SINCE JUL 1     18            78    -60       28

 COOLING
  TODAY           14             1     13        0
  MONTH TO DATE  173            92     81      197
  SINCE SEP 1    488           421     67      705
  SINCE JAN 1   2441          2239    202     2828
......................................................


WIND (MPH)
  HIGHEST WIND SPEED    24   HIGHEST WIND DIRECTION     S (180)
  HIGHEST GUST SPEED    34   HIGHEST GUST DIRECTION    SW (220)
  AVERAGE WIND SPEED    11.1


SKY COVER
  AVERAGE SKY COVER 0.8


WEATHER CONDITIONS
 THE FOLLOWING WEATHER WAS RECORDED TODAY.
  NO SIGNIFICANT WEATHER WAS OBSERVED.


RELATIVE HUMIDITY (PERCENT)
 HIGHEST    93           200 AM
 LOWEST     61           200 PM
 AVERAGE    77

..........................................................


THE HAMILTON - OWENS AIRPORT SC CLIMATE NORMALS FOR TOMORROW
                         NORMAL
 MAXIMUM TEMPERATURE (F)   72
 MINIMUM TEMPERATURE (F)   49


SUNRISE AND SUNSET
OCTOBER 29 2020.......SUNRISE   741 AM EDT   SUNSET   634 PM EDT
OCTOBER 30 2020.......SUNRISE   742 AM EDT   SUNSET   633 PM EDT


-  INDICATES NEGATIVE NUMBERS.
R  INDICATES RECORD WAS SET OR TIED.
MM INDICATES DATA IS MISSING.
T  INDICATES TRACE AMOUNT.




$$
