000
CDUS42 KCAE 152131
CLICUB


CLIMATE REPORT
NATIONAL WEATHER SERVICE COLUMBIA SC
530 PM EDT MON OCT 15 2018


...................................

...THE HAMILTON - OWENS AIRPORT SC CLIMATE SUMMARY FOR OCTOBER 15 2018...
VALID TODAY AS OF 0500 PM LOCAL TIME.

CLIMATE NORMAL PERIOD 1981 TO 2010
CLIMATE RECORD PERIOD 9999 TO 9999


WEATHER ITEM   OBSERVED TIME   NORMAL DEPARTURE LAST
                VALUE   (LST)  VALUE  FROM      YEAR
                                      NORMAL
......................................................
TEMPERATURE (F)
 TODAY
  MAXIMUM         87    327 PM  76     11       86
  MINIMUM         64    604 AM  55      9       61
  AVERAGE         76            66     10       74

PRECIPITATION (IN)
  TODAY            0.00          0.11  -0.11     0.00
  MONTH TO DATE    4.13          1.72   2.41     0.56
  SINCE SEP 1     10.94          5.76   5.18     4.46
  SINCE JAN 1     37.89         37.61   0.28    40.66

DEGREE DAYS
 HEATING
  TODAY            0             2     -2        0
  MONTH TO DATE    0            21    -21        0
  SINCE SEP 1      0            24    -24        0
  SINCE JUL 1      0            24    -24        0

 COOLING
  TODAY           11             3      8        9
  MONTH TO DATE  178            68    110      174
  SINCE SEP 1    673           397    276      549
  SINCE JAN 1   2742          2215    527     2649
......................................................


WIND (MPH)
  HIGHEST WIND SPEED    12   HIGHEST WIND DIRECTION    SW (210)
  HIGHEST GUST SPEED    18   HIGHEST GUST DIRECTION    SE (150)
  AVERAGE WIND SPEED     2.6


SKY COVER
  AVERAGE SKY COVER 0.2


WEATHER CONDITIONS
 THE FOLLOWING WEATHER WAS RECORDED TODAY.
  FOG


RELATIVE HUMIDITY (PERCENT)
 HIGHEST    93           200 AM
 LOWEST     48           400 PM
 AVERAGE    71

..........................................................


THE HAMILTON - OWENS AIRPORT SC CLIMATE NORMALS FOR TOMORROW
                         NORMAL
 MAXIMUM TEMPERATURE (F)   76
 MINIMUM TEMPERATURE (F)   54


SUNRISE AND SUNSET
OCTOBER 15 2018.......SUNRISE   729 AM EDT   SUNSET   650 PM EDT
OCTOBER 16 2018.......SUNRISE   730 AM EDT   SUNSET   649 PM EDT


-  INDICATES NEGATIVE NUMBERS.
R  INDICATES RECORD WAS SET OR TIED.
MM INDICATES DATA IS MISSING.
T  INDICATES TRACE AMOUNT.




$$
