000
CDUS42 KCAE 150652
CLICUB


CLIMATE REPORT
NATIONAL WEATHER SERVICE COLUMBIA SC
252 AM EDT TUE OCT 15 2019


...................................

...THE HAMILTON - OWENS AIRPORT SC CLIMATE SUMMARY FOR OCTOBER 14 2019...

CLIMATE NORMAL PERIOD 1981 TO 2010
CLIMATE RECORD PERIOD 9999 TO 9999


WEATHER ITEM   OBSERVED TIME   NORMAL DEPARTURE LAST
                VALUE   (LST)  VALUE  FROM      YEAR
                                      NORMAL
......................................................
TEMPERATURE (F)
 YESTERDAY
  MAXIMUM         81    311 PM  77      4       82
  MINIMUM         59   1159 PM  55      4       57
  AVERAGE         70            66      4       70

PRECIPITATION (IN)
  YESTERDAY        0.02          0.11  -0.09     0.00
  MONTH TO DATE    0.22          1.61  -1.39     4.13
  SINCE SEP 1      2.13          5.65  -3.52    10.94
  SINCE JAN 1     25.31         37.50 -12.19    37.89

DEGREE DAYS
 HEATING
  YESTERDAY        0             2     -2        0
  MONTH TO DATE    0            19    -19        0
  SINCE SEP 1      0            22    -22        0
  SINCE JUL 1      0            22    -22        0

 COOLING
  YESTERDAY        5             3      2        5
  MONTH TO DATE  158            65     93      167
  SINCE SEP 1    666           394    272      662
  SINCE JAN 1   2789          2212    577     2731
......................................................


WIND (MPH)
  HIGHEST WIND SPEED    10   HIGHEST WIND DIRECTION     W (260)
  HIGHEST GUST SPEED    16   HIGHEST GUST DIRECTION     W (280)
  AVERAGE WIND SPEED     2.9


SKY COVER
  AVERAGE SKY COVER 0.0


WEATHER CONDITIONS
 THE FOLLOWING WEATHER WAS RECORDED YESTERDAY.
  LIGHT RAIN
  FOG


RELATIVE HUMIDITY (PERCENT)
 HIGHEST    93           300 AM
 LOWEST     33           400 PM

..........................................................


THE HAMILTON - OWENS AIRPORT SC CLIMATE NORMALS FOR TODAY
                         NORMAL    RECORD    YEAR
 MAXIMUM TEMPERATURE (F)   76        MM        MM
 MINIMUM TEMPERATURE (F)   55        MM        MM


SUNRISE AND SUNSET
OCTOBER 15 2019.......SUNRISE   729 AM EDT   SUNSET   650 PM EDT
OCTOBER 16 2019.......SUNRISE   730 AM EDT   SUNSET   649 PM EDT


-  INDICATES NEGATIVE NUMBERS.
R  INDICATES RECORD WAS SET OR TIED.
MM INDICATES DATA IS MISSING.
T  INDICATES TRACE AMOUNT.




$$
