110
CDUS46 KSGX 201234
CLICZZ


CLIMATE REPORT
NATIONAL WEATHER SERVICE SAN DIEGO, CA
434 AM PST TUE FEB 20 2018


...................................

...THE CAMPO ASOS CA CLIMATE SUMMARY FOR FEBRUARY 19 2018...

CLIMATE NORMAL PERIOD 1981 TO 2010
CLIMATE RECORD PERIOD 1948 TO 2018


WEATHER ITEM   OBSERVED TIME   RECORD YEAR NORMAL DEPARTURE LAST
                VALUE   (LST)  VALUE       VALUE  FROM      YEAR
                                                  NORMAL
..................................................................
TEMPERATURE (F)
 YESTERDAY
  MAXIMUM         48    223 PM  85    1995  64    -16       49
  MINIMUM         34   1159 PM  16    1953  35     -1       42
  AVERAGE         41                        50     -9       46

PRECIPITATION (IN)
  YESTERDAY        0.01          2.20 2011   0.13  -0.12     0.05
  MONTH TO DATE    0.09                      2.14  -2.05     1.25
  SINCE OCT 1      2.60                      9.34  -6.74    13.14
  SINCE JAN 1      2.25                      5.12  -2.87     7.91

DEGREE DAYS
 HEATING
  YESTERDAY       24                        15      9       19
  MONTH TO DATE  234                       301    -67      298
  SINCE DEC 1    974                      1347   -373     1316
  SINCE JUL 1   1370                      1917   -547     1734

 COOLING
  YESTERDAY        0                         0      0        0
  MONTH TO DATE    0                         0      0        0
  SINCE DEC 1      0                         0      0        0
  SINCE JAN 1      0                         0      0        0
..................................................................


WIND (MPH)
  RESULTANT WIND SPEED  20   RESULTANT WIND DIRECTION   W (250)
  HIGHEST WIND SPEED    35   HIGHEST WIND DIRECTION    SW (240)
  HIGHEST GUST SPEED    45   HIGHEST GUST DIRECTION     W (250)
  AVERAGE WIND SPEED    20.0


SKY COVER
  POSSIBLE SUNSHINE  MM
  AVERAGE SKY COVER 0.0



RELATIVE HUMIDITY (PERCENT)
 HIGHEST   100           200 AM
 LOWEST     38           100 PM
 AVERAGE    69

..........................................................


THE CAMPO ASOS CA CLIMATE NORMALS FOR TODAY
                         NORMAL    RECORD    YEAR
 MAXIMUM TEMPERATURE (F)   64        83      1977
 MINIMUM TEMPERATURE (F)   35        14      1953


SUNRISE AND SUNSET
FEBRUARY 20 2018......SUNRISE   624 AM PST   SUNSET   536 PM PST
FEBRUARY 21 2018......SUNRISE   622 AM PST   SUNSET   537 PM PST


-  INDICATES NEGATIVE NUMBERS.
R  INDICATES RECORD WAS SET OR TIED.
MM INDICATES DATA IS MISSING.
T  INDICATES TRACE AMOUNT.




$$
