000
CDUS46 KSGX 200030
CLICZZ


CLIMATE REPORT
NATIONAL WEATHER SERVICE SAN DIEGO, CA
530 PM PDT FRI OCT 19 2018


...................................

...THE CAMPO ASOS CA CLIMATE SUMMARY FOR OCTOBER 19 2018...
VALID TODAY AS OF 0500 PM LOCAL TIME.

CLIMATE NORMAL PERIOD 1981 TO 2010
CLIMATE RECORD PERIOD 1948 TO 2018


WEATHER ITEM   OBSERVED TIME   RECORD YEAR NORMAL DEPARTURE LAST
                VALUE   (LST)  VALUE       VALUE  FROM      YEAR
                                                  NORMAL
..................................................................
TEMPERATURE (F)
 TODAY
  MAXIMUM         76    248 PM  96    2003  78     -2       78
  MINIMUM         49    100 AM  29    1969  41      8       43
  AVERAGE         63                        60      3       61

PRECIPITATION (IN)
  TODAY            0.00          2.14 2010   0.03  -0.03     0.00
  MONTH TO DATE    0.10                      0.45  -0.35     0.00
  SINCE OCT 1      0.10                      0.45  -0.35     0.00
  SINCE JAN 1      5.13                     11.96  -6.83    11.72

DEGREE DAYS
 HEATING
  TODAY            2                         6     -4        4
  MONTH TO DATE   90                        78     12       60
  SINCE SEP 1     90                       114    -24      130
  SINCE JUL 1     90                       128    -38      134

 COOLING
  TODAY            0                         1     -1        0
  MONTH TO DATE    6                        26    -20       26
  SINCE SEP 1    197                       187     10      162
  SINCE JAN 1   1062                       837    225     1039
..................................................................


WIND (MPH)
  RESULTANT WIND SPEED  16   RESULTANT WIND DIRECTION  NE (50)
  HIGHEST WIND SPEED    29   HIGHEST WIND DIRECTION    NE (60)
  HIGHEST GUST SPEED    38   HIGHEST GUST DIRECTION    NE (50)
  AVERAGE WIND SPEED    17.1


SKY COVER
  POSSIBLE SUNSHINE  MM
  AVERAGE SKY COVER 0.0



RELATIVE HUMIDITY (PERCENT)
 HIGHEST    42          1200 AM
 LOWEST     19           300 PM
 AVERAGE    31

..........................................................


THE CAMPO ASOS CA CLIMATE NORMALS FOR TOMORROW
                         NORMAL    RECORD    YEAR
 MAXIMUM TEMPERATURE (F)   78        94      2003
 MINIMUM TEMPERATURE (F)   41        31      1969


SUNRISE AND SUNSET
OCTOBER 19 2018.......SUNRISE   653 AM PDT   SUNSET   608 PM PDT
OCTOBER 20 2018.......SUNRISE   654 AM PDT   SUNSET   607 PM PDT


-  INDICATES NEGATIVE NUMBERS.
R  INDICATES RECORD WAS SET OR TIED.
MM INDICATES DATA IS MISSING.
T  INDICATES TRACE AMOUNT.




$$
