000
CDUS46 KSGX 100018
CLICZZ


CLIMATE REPORT
NATIONAL WEATHER SERVICE SAN DIEGO, CA
517 PM PDT SUN AUG 9 2020


...................................

...THE CAMPO ASOS CA CLIMATE SUMMARY FOR AUGUST 9 2020...
VALID TODAY AS OF 0500 PM LOCAL TIME.

CLIMATE NORMAL PERIOD 1981 TO 2010
CLIMATE RECORD PERIOD 1948 TO 2020


WEATHER ITEM   OBSERVED TIME   RECORD YEAR NORMAL DEPARTURE LAST
                VALUE   (LST)  VALUE       VALUE  FROM      YEAR
                                                  NORMAL
..................................................................
TEMPERATURE (F)
 TODAY
  MAXIMUM         94    225 PM 105    1995  95     -1       91
  MINIMUM         47    536 AM  38    1951  54     -7       46
  AVERAGE         71                        74     -3       69

PRECIPITATION (IN)
  TODAY            0.00          0.05 1998   0.02  -0.02     0.00
  MONTH TO DATE    0.00                      0.19  -0.19     0.00
  SINCE OCT 1     15.25                     14.88   0.37    16.52
  SINCE JAN 1      6.83                     10.66  -3.83    12.82

DEGREE DAYS
 HEATING
  TODAY            0                         0      0        0
  MONTH TO DATE    1                         0      1        0
  SINCE JUN 1     63                        63      0       42
  SINCE JUL 1      3                         7     -4        6

 COOLING
  TODAY            6                         9     -3        4
  MONTH TO DATE   65                        81    -16      114
  SINCE JUN 1    360                       423    -63      440
  SINCE JAN 1    408                       453    -45      442
..................................................................


WIND (MPH)
  RESULTANT WIND SPEED   2   RESULTANT WIND DIRECTION  SW (210)
  HIGHEST WIND SPEED    18   HIGHEST WIND DIRECTION    SW (220)
  HIGHEST GUST SPEED    24   HIGHEST GUST DIRECTION    SW (210)
  AVERAGE WIND SPEED     8.2


SKY COVER
  POSSIBLE SUNSHINE  MM
  AVERAGE SKY COVER 0.0



RELATIVE HUMIDITY (PERCENT)
 HIGHEST    72          1200 AM
 LOWEST     10           100 PM
 AVERAGE    41

..........................................................


THE CAMPO ASOS CA CLIMATE NORMALS FOR TOMORROW
                         NORMAL    RECORD    YEAR
 MAXIMUM TEMPERATURE (F)   95       105      1995
 MINIMUM TEMPERATURE (F)   54        39      2010
                                             1999


SUNRISE AND SUNSET
AUGUST  9 2020........SUNRISE   606 AM PDT   SUNSET   736 PM PDT
AUGUST 10 2020........SUNRISE   607 AM PDT   SUNSET   735 PM PDT


-  INDICATES NEGATIVE NUMBERS.
R  INDICATES RECORD WAS SET OR TIED.
MM INDICATES DATA IS MISSING.
T  INDICATES TRACE AMOUNT.




$$
