000
CDUS46 KSGX 190029
CLICZZ


CLIMATE REPORT
NATIONAL WEATHER SERVICE SAN DIEGO, CA
529 PM PDT FRI OCT 18 2019


...................................

...THE CAMPO ASOS CA CLIMATE SUMMARY FOR OCTOBER 18 2019...
VALID TODAY AS OF 0500 PM LOCAL TIME.

CLIMATE NORMAL PERIOD 1981 TO 2010
CLIMATE RECORD PERIOD 1948 TO 2019


WEATHER ITEM   OBSERVED TIME   RECORD YEAR NORMAL DEPARTURE LAST
                VALUE   (LST)  VALUE       VALUE  FROM      YEAR
                                                  NORMAL
..................................................................
TEMPERATURE (F)
 TODAY
  MAXIMUM         79    231 PM  93    2003  79      0       75
                                      1991
  MINIMUM         42    634 AM  29    1998  42      0       43
  AVERAGE         61                        60      1       59

PRECIPITATION (IN)
  TODAY            0.00          0.90 1948   0.03  -0.03     0.00
  MONTH TO DATE    0.00                      0.42  -0.42     0.10
  SINCE OCT 1      0.00                      0.42  -0.42     0.10
  SINCE JAN 1     13.53                     11.93   1.60     5.13

DEGREE DAYS
 HEATING
  TODAY            4                         5     -1        6
  MONTH TO DATE   86                        72     14       88
  SINCE SEP 1    136                       108     28       88
  SINCE JUL 1    142                       122     20       88

 COOLING
  TODAY            0                         1     -1        0
  MONTH TO DATE    7                        25    -18        6
  SINCE SEP 1    164                       186    -22      197
  SINCE JAN 1    810                       836    -26     1062
..................................................................


WIND (MPH)
  RESULTANT WIND SPEED   3   RESULTANT WIND DIRECTION  SW (230)
  HIGHEST WIND SPEED    16   HIGHEST WIND DIRECTION    SW (210)
  HIGHEST GUST SPEED    21   HIGHEST GUST DIRECTION    SW (210)
  AVERAGE WIND SPEED     5.1


SKY COVER
  POSSIBLE SUNSHINE  MM
  AVERAGE SKY COVER 0.0



RELATIVE HUMIDITY (PERCENT)
 HIGHEST    92           700 AM
 LOWEST     21           200 PM
 AVERAGE    57

..........................................................


THE CAMPO ASOS CA CLIMATE NORMALS FOR TOMORROW
                         NORMAL    RECORD    YEAR
 MAXIMUM TEMPERATURE (F)   78        96      2003
 MINIMUM TEMPERATURE (F)   41        29      1969


SUNRISE AND SUNSET
OCTOBER 18 2019.......SUNRISE   652 AM PDT   SUNSET   610 PM PDT
OCTOBER 19 2019.......SUNRISE   653 AM PDT   SUNSET   608 PM PDT


-  INDICATES NEGATIVE NUMBERS.
R  INDICATES RECORD WAS SET OR TIED.
MM INDICATES DATA IS MISSING.
T  INDICATES TRACE AMOUNT.




$$
