000
CDUS46 KSGX 150022
CLICZZ


CLIMATE REPORT
NATIONAL WEATHER SERVICE SAN DIEGO, CA
521 PM PDT TUE AUG 14 2018


...................................

...THE CAMPO ASOS CA CLIMATE SUMMARY FOR AUGUST 14 2018...
VALID TODAY AS OF 0500 PM LOCAL TIME.

CLIMATE NORMAL PERIOD 1981 TO 2010
CLIMATE RECORD PERIOD 1948 TO 2018


WEATHER ITEM   OBSERVED TIME   RECORD YEAR NORMAL DEPARTURE LAST
                VALUE   (LST)  VALUE       VALUE  FROM      YEAR
                                                  NORMAL
..................................................................
TEMPERATURE (F)
 TODAY
  MAXIMUM         89    120 PM 106    1962  95     -6       87
  MINIMUM         56    536 AM  36    1954  53      3       46
  AVERAGE         73                        74     -1       67

PRECIPITATION (IN)
  TODAY            0.00          0.39 1983   0.03  -0.03     0.00
  MONTH TO DATE    0.02                      0.33  -0.31     0.00
  SINCE OCT 1      5.38                     15.02  -9.64    16.74
  SINCE JAN 1      5.03                     10.80  -5.77    11.51

DEGREE DAYS
 HEATING
  TODAY            0                         0      0        0
  MONTH TO DATE    0                         0      0        0
  SINCE JUN 1     33                        63    -30       37
  SINCE JUL 1      0                         7     -7        0

 COOLING
  TODAY            8                         9     -1        2
  MONTH TO DATE  185                       126     59      163
  SINCE JUN 1    702                       468    234      698
  SINCE JAN 1    715                       498    217      725
..................................................................


WIND (MPH)
  RESULTANT WIND SPEED   6   RESULTANT WIND DIRECTION  SW (210)
  HIGHEST WIND SPEED    23   HIGHEST WIND DIRECTION    SW (220)
  HIGHEST GUST SPEED    27   HIGHEST GUST DIRECTION    SW (210)
  AVERAGE WIND SPEED     9.1


SKY COVER
  POSSIBLE SUNSHINE  MM
  AVERAGE SKY COVER 0.0



RELATIVE HUMIDITY (PERCENT)
 HIGHEST    80           400 AM
 LOWEST     36           100 PM
 AVERAGE    58

..........................................................


THE CAMPO ASOS CA CLIMATE NORMALS FOR TOMORROW
                         NORMAL    RECORD    YEAR
 MAXIMUM TEMPERATURE (F)   95       104      2015
                                             1962
 MINIMUM TEMPERATURE (F)   53        37      1999


SUNRISE AND SUNSET
AUGUST 14 2018........SUNRISE   609 AM PDT   SUNSET   732 PM PDT
AUGUST 15 2018........SUNRISE   610 AM PDT   SUNSET   731 PM PDT


-  INDICATES NEGATIVE NUMBERS.
R  INDICATES RECORD WAS SET OR TIED.
MM INDICATES DATA IS MISSING.
T  INDICATES TRACE AMOUNT.




$$
