000
CDUS46 KSGX 201228
CLICZZ


CLIMATE REPORT
NATIONAL WEATHER SERVICE SAN DIEGO, CA
427 AM PST SUN JAN 20 2019


...................................

...THE CAMPO ASOS CA CLIMATE SUMMARY FOR JANUARY 19 2019...

CLIMATE NORMAL PERIOD 1981 TO 2010
CLIMATE RECORD PERIOD 1948 TO 2019


WEATHER ITEM   OBSERVED TIME   RECORD YEAR NORMAL DEPARTURE LAST
                VALUE   (LST)  VALUE       VALUE  FROM      YEAR
                                                  NORMAL
..................................................................
TEMPERATURE (F)
 YESTERDAY
  MAXIMUM         66    249 PM  81    1971  63      3       65
  MINIMUM         49   1252 AM  22    2002  35     14       35
  AVERAGE         58                        49      9       50

PRECIPITATION (IN)
  YESTERDAY        0.00          1.34 1954   0.10  -0.10     0.01
  MONTH TO DATE    1.81                      1.86  -0.05     2.08
  SINCE OCT 1      5.51                      6.08  -0.57     2.43
  SINCE JAN 1      1.81                      1.86  -0.05     2.08

DEGREE DAYS
 HEATING
  YESTERDAY        7                        16     -9       15
  MONTH TO DATE  316                       315      1      178
  SINCE DEC 1    796                       851    -55      570
  SINCE JUL 1   1234                      1421   -187      966

 COOLING
  YESTERDAY        0                         0      0        0
  MONTH TO DATE    0                         0      0        0
  SINCE DEC 1      0                         0      0        0
  SINCE JAN 1      0                         0      0        0
..................................................................


WIND (MPH)
  RESULTANT WIND SPEED  12   RESULTANT WIND DIRECTION  NE (60)
  HIGHEST WIND SPEED    31   HIGHEST WIND DIRECTION     E (70)
  HIGHEST GUST SPEED    40   HIGHEST GUST DIRECTION    NE (50)
  AVERAGE WIND SPEED    12.5


SKY COVER
  POSSIBLE SUNSHINE  MM
  AVERAGE SKY COVER 0.0



RELATIVE HUMIDITY (PERCENT)
 HIGHEST    66           100 AM
 LOWEST     28          1200 PM
 AVERAGE    47

..........................................................


THE CAMPO ASOS CA CLIMATE NORMALS FOR TODAY
                         NORMAL    RECORD    YEAR
 MAXIMUM TEMPERATURE (F)   63        77      1975
 MINIMUM TEMPERATURE (F)   35        20      1973


SUNRISE AND SUNSET
JANUARY 20 2019.......SUNRISE   647 AM PST   SUNSET   507 PM PST
JANUARY 21 2019.......SUNRISE   646 AM PST   SUNSET   508 PM PST


-  INDICATES NEGATIVE NUMBERS.
R  INDICATES RECORD WAS SET OR TIED.
MM INDICATES DATA IS MISSING.
T  INDICATES TRACE AMOUNT.




$$
