000
CDUS46 KSGX 240022
CLICZZ


CLIMATE REPORT
NATIONAL WEATHER SERVICE SAN DIEGO, CA
522 PM PDT WED MAY 23 2018


...................................

...THE CAMPO ASOS CA CLIMATE SUMMARY FOR MAY 23 2018...
VALID TODAY AS OF 0500 PM LOCAL TIME.

CLIMATE NORMAL PERIOD 1981 TO 2010
CLIMATE RECORD PERIOD 1948 TO 2018


WEATHER ITEM   OBSERVED TIME   RECORD YEAR NORMAL DEPARTURE LAST
                VALUE   (LST)  VALUE       VALUE  FROM      YEAR
                                                  NORMAL
..................................................................
TEMPERATURE (F)
 TODAY
  MAXIMUM         74    142 PM  96    2017  81     -7       96
  MINIMUM         44   1208 AM  30    1973  43      1       48
  AVERAGE         59                        62     -3       72

PRECIPITATION (IN)
  TODAY            0.00          0.45 1967   0.00   0.00     0.00
  MONTH TO DATE    0.05                      0.16  -0.11     0.89
  SINCE OCT 1      4.31                     14.24  -9.93    16.58
  SINCE JAN 1      3.96                     10.02  -6.06    11.35

DEGREE DAYS
 HEATING
  TODAY            6                         4      2        0
  MONTH TO DATE  147                       127     20      140
  SINCE MAR 1    817                       844    -27      718
  SINCE JUL 1   2439                      2895   -456     2628

 COOLING
  TODAY            0                         1     -1        7
  MONTH TO DATE   11                        18     -7       25
  SINCE MAR 1     11                        21    -10       27
  SINCE JAN 1     11                        21    -10       27
..................................................................


WIND (MPH)
  RESULTANT WIND SPEED   6   RESULTANT WIND DIRECTION  SW (210)
  HIGHEST WIND SPEED    24   HIGHEST WIND DIRECTION    SW (210)
  HIGHEST GUST SPEED    28   HIGHEST GUST DIRECTION    SW (220)
  AVERAGE WIND SPEED     7.7


SKY COVER
  POSSIBLE SUNSHINE  MM
  AVERAGE SKY COVER 0.0



RELATIVE HUMIDITY (PERCENT)
 HIGHEST   100           300 AM
 LOWEST     41           100 PM
 AVERAGE    71

..........................................................


THE CAMPO ASOS CA CLIMATE NORMALS FOR TOMORROW
                         NORMAL    RECORD    YEAR
 MAXIMUM TEMPERATURE (F)   81        92      1984
 MINIMUM TEMPERATURE (F)   43        26      2010


SUNRISE AND SUNSET
MAY 23 2018...........SUNRISE   543 AM PDT   SUNSET   743 PM PDT
MAY 24 2018...........SUNRISE   542 AM PDT   SUNSET   744 PM PDT


-  INDICATES NEGATIVE NUMBERS.
R  INDICATES RECORD WAS SET OR TIED.
MM INDICATES DATA IS MISSING.
T  INDICATES TRACE AMOUNT.




$$
