684
CDUS43 KUNR 220833
CLID07


CLIMATE REPORT
NATIONAL WEATHER SERVICE RAPID CITY SD
232 AM MDT TUE OCT 22 2019


...................................

...THE FAITH SD CLIMATE SUMMARY FOR OCTOBER 21 2019...

CLIMATE NORMAL PERIOD 1981 TO 2010
CLIMATE RECORD PERIOD 9999 TO 9999


WEATHER ITEM   OBSERVED TIME   NORMAL DEPARTURE LAST
                VALUE   (LST)  VALUE  FROM      YEAR
                                      NORMAL
......................................................
TEMPERATURE (F)
 YESTERDAY
  MAXIMUM         49    316 PM  56     -7       65
  MINIMUM         30   1159 PM  34     -4       35
  AVERAGE         40            45     -5       50

PRECIPITATION (IN)
  YESTERDAY        0.14          0.07   0.07     0.00
  MONTH TO DATE    1.38          0.95   0.43     0.72
  SINCE SEP 1      4.05          2.31   1.74     2.14
  SINCE JAN 1     27.19         16.13  11.06    13.50

DEGREE DAYS
 HEATING
  YESTERDAY       25            20      5       15
  MONTH TO DATE  463           344    119      500
  SINCE SEP 1    612           543     69      698
  SINCE JUL 1    647           576     71      736

 COOLING
  YESTERDAY        0             0      0        0
  MONTH TO DATE    0             0      0        0
  SINCE SEP 1     69            59     10       65
  SINCE JAN 1    447           634   -187      688
......................................................


WIND (MPH)
  HIGHEST WIND SPEED    35   HIGHEST WIND DIRECTION     N (340)
  HIGHEST GUST SPEED    45   HIGHEST GUST DIRECTION     N (340)
  AVERAGE WIND SPEED    21.8




RELATIVE HUMIDITY (PERCENT)
 HIGHEST    92          1200 AM
 LOWEST     42           200 PM
 AVERAGE    67

..........................................................




SUNRISE AND SUNSET
OCTOBER 22 2019.......SUNRISE   713 AM MDT   SUNSET   552 PM MDT
OCTOBER 23 2019.......SUNRISE   714 AM MDT   SUNSET   550 PM MDT


-  INDICATES NEGATIVE NUMBERS.
R  INDICATES RECORD WAS SET OR TIED.
MM INDICATES DATA IS MISSING.
T  INDICATES TRACE AMOUNT.




$$
