000
CDUS43 KUNR 040833
CLID07


CLIMATE REPORT
NATIONAL WEATHER SERVICE RAPID CITY SD
232 AM MDT THU JUN 4 2020


...................................

...THE FAITH SD CLIMATE SUMMARY FOR JUNE 3 2020...

CLIMATE NORMAL PERIOD 1981 TO 2010
CLIMATE RECORD PERIOD 9999 TO 9999


WEATHER ITEM   OBSERVED TIME   NORMAL DEPARTURE LAST
                VALUE   (LST)  VALUE  FROM      YEAR
                                      NORMAL
......................................................
TEMPERATURE (F)
 YESTERDAY
  MAXIMUM         79    515 PM  72      7       82
  MINIMUM         54    445 AM  49      5       54
  AVERAGE         67            60      7       68

PRECIPITATION (IN)
  YESTERDAY       MM             0.09  MM        0.00
  MONTH TO DATE    0.00          0.25  -0.25     0.00
  SINCE JUN 1      0.00          0.25  -0.25     0.00
  SINCE JAN 1      5.19          6.55  -1.36    14.41

DEGREE DAYS
 HEATING
  YESTERDAY        0             6     -6        0
  MONTH TO DATE    0            18    -18       15
  SINCE JUN 1      0            18    -18       15
  SINCE JUL 1   7814          7637    177     8577

 COOLING
  YESTERDAY        2             1      1        3
  MONTH TO DATE   12             3      9        3
  SINCE JUN 1     12             3      9        3
  SINCE JAN 1     12            15     -3        5
......................................................


WIND (MPH)
  HIGHEST WIND SPEED    23   HIGHEST WIND DIRECTION     W (280)
  HIGHEST GUST SPEED    32   HIGHEST GUST DIRECTION     W (290)
  AVERAGE WIND SPEED     9.4




RELATIVE HUMIDITY (PERCENT)
 HIGHEST    86           900 AM
 LOWEST     43           600 PM
 AVERAGE    65

..........................................................




SUNRISE AND SUNSET
JUNE  4 2020..........SUNRISE   503 AM MDT   SUNSET   831 PM MDT
JUNE  5 2020..........SUNRISE   502 AM MDT   SUNSET   831 PM MDT


-  INDICATES NEGATIVE NUMBERS.
R  INDICATES RECORD WAS SET OR TIED.
MM INDICATES DATA IS MISSING.
T  INDICATES TRACE AMOUNT.




$$
