000
CDUS43 KUNR 170831
CLID07


CLIMATE REPORT
NATIONAL WEATHER SERVICE RAPID CITY SD
231 AM MDT WED OCT 17 2018


...................................

...THE FAITH SD CLIMATE SUMMARY FOR OCTOBER 16 2018...

CLIMATE NORMAL PERIOD 1981 TO 2010
CLIMATE RECORD PERIOD 9999 TO 9999


WEATHER ITEM   OBSERVED TIME   NORMAL DEPARTURE LAST
                VALUE   (LST)  VALUE  FROM      YEAR
                                      NORMAL
......................................................
TEMPERATURE (F)
 YESTERDAY
  MAXIMUM         61    109 PM  59      2       74
  MINIMUM         41    839 PM  35      6       34
  AVERAGE         51            47      4       54

PRECIPITATION (IN)
  YESTERDAY        0.00          0.07  -0.07     0.00
  MONTH TO DATE    0.72          0.61   0.11     0.11
  SINCE SEP 1      2.14          1.97   0.17     1.08
  SINCE JAN 1     13.50         15.79  -2.29     9.55

DEGREE DAYS
 HEATING
  YESTERDAY       14            18     -4       11
  MONTH TO DATE  424           247    177      267
  SINCE SEP 1    622           446    176      450
  SINCE JUL 1    660           479    181      462

 COOLING
  YESTERDAY        0             0      0        0
  MONTH TO DATE    0             0      0        0
  SINCE SEP 1     65            59      6       91
  SINCE JAN 1    688           634     54      755
......................................................


WIND (MPH)
  HIGHEST WIND SPEED    29   HIGHEST WIND DIRECTION     N (340)
  HIGHEST GUST SPEED    34   HIGHEST GUST DIRECTION    NW (320)
  AVERAGE WIND SPEED    14.4




RELATIVE HUMIDITY (PERCENT)
 HIGHEST    76           800 PM
 LOWEST     40           300 PM
 AVERAGE    58

..........................................................




SUNRISE AND SUNSET
OCTOBER 17 2018.......SUNRISE   706 AM MDT   SUNSET   600 PM MDT
OCTOBER 18 2018.......SUNRISE   708 AM MDT   SUNSET   558 PM MDT


-  INDICATES NEGATIVE NUMBERS.
R  INDICATES RECORD WAS SET OR TIED.
MM INDICATES DATA IS MISSING.
T  INDICATES TRACE AMOUNT.




$$
