000
CDUS43 KUNR 160839
CLID07


CLIMATE REPORT
NATIONAL WEATHER SERVICE RAPID CITY SD
235 AM MDT MON JUL 16 2018


...................................

...THE FAITH SD CLIMATE SUMMARY FOR JULY 15 2018...

CLIMATE NORMAL PERIOD 1981 TO 2010
CLIMATE RECORD PERIOD 9999 TO 9999


WEATHER ITEM   OBSERVED TIME   NORMAL DEPARTURE LAST
                VALUE   (LST)  VALUE  FROM      YEAR
                                      NORMAL
......................................................
TEMPERATURE (F)
 YESTERDAY
  MAXIMUM         78    336 PM  86     -8       93
  MINIMUM         59    622 AM  60     -1       65
  AVERAGE         69            73     -4       79

PRECIPITATION (IN)
  YESTERDAY        0.02          0.12  -0.10     0.00
  MONTH TO DATE    0.87          1.66  -0.79     0.33
  SINCE JUN 1      3.77          4.75  -0.98     2.81
  SINCE JAN 1     10.47         11.05  -0.58     7.09

DEGREE DAYS
 HEATING
  YESTERDAY        0             0      0        0
  MONTH TO DATE    0             5     -5        0
  SINCE JUN 1     32            95    -63       30
  SINCE JUL 1      0             5     -5        0

 COOLING
  YESTERDAY        4             8     -4       14
  MONTH TO DATE  160           108     52      187
  SINCE JUN 1    265           196     69      313
  SINCE JAN 1    319           208    111      325
......................................................


WIND (MPH)
  HIGHEST WIND SPEED    29   HIGHEST WIND DIRECTION    NE (30)
  HIGHEST GUST SPEED    36   HIGHEST GUST DIRECTION    NE (30)
  AVERAGE WIND SPEED     9.8




RELATIVE HUMIDITY (PERCENT)
 HIGHEST   100           200 AM
 LOWEST     33           100 PM
 AVERAGE    67

..........................................................




SUNRISE AND SUNSET
JULY 16 2018..........SUNRISE   517 AM MDT   SUNSET   831 PM MDT
JULY 17 2018..........SUNRISE   518 AM MDT   SUNSET   830 PM MDT


-  INDICATES NEGATIVE NUMBERS.
R  INDICATES RECORD WAS SET OR TIED.
MM INDICATES DATA IS MISSING.
T  INDICATES TRACE AMOUNT.




$$
