000
CDUS43 KUNR 160833
CLID07


CLIMATE REPORT
NATIONAL WEATHER SERVICE RAPID CITY SD
132 AM MST WED JAN 16 2019


...................................

...THE FAITH SD CLIMATE SUMMARY FOR JANUARY 15 2019...

CLIMATE NORMAL PERIOD 1981 TO 2010
CLIMATE RECORD PERIOD 9999 TO 9999


WEATHER ITEM   OBSERVED TIME   NORMAL DEPARTURE LAST
                VALUE   (LST)  VALUE  FROM      YEAR
                                      NORMAL
......................................................
TEMPERATURE (F)
 YESTERDAY
  MAXIMUM         35   1209 PM  30      5       -2
  MINIMUM         18    243 AM  11      7      -16
  AVERAGE         27            20      7       -9

PRECIPITATION (IN)
  YESTERDAY        0.00          0.00   0.00     0.00
  MONTH TO DATE    0.00          0.09  -0.09     0.13
  SINCE DEC 1      0.75          0.49   0.26     0.74
  SINCE JAN 1      0.00          0.09  -0.09     0.13

DEGREE DAYS
 HEATING
  YESTERDAY       38            45     -7       74
  MONTH TO DATE  520           675   -155      786
  SINCE DEC 1   1713          2035   -322     2122
  SINCE JUL 1   3656          3818   -162     3745

 COOLING
  YESTERDAY        0             0      0        0
  MONTH TO DATE    0             0      0        0
  SINCE DEC 1      0             0      0        0
  SINCE JAN 1      0             0      0        0
......................................................


WIND (MPH)
  HIGHEST WIND SPEED    23   HIGHEST WIND DIRECTION     N (360)
  HIGHEST GUST SPEED    28   HIGHEST GUST DIRECTION     N (10)
  AVERAGE WIND SPEED    11.9




RELATIVE HUMIDITY (PERCENT)
 HIGHEST   100           100 AM
 LOWEST     70          1100 AM
 AVERAGE    85

..........................................................




SUNRISE AND SUNSET
JANUARY 16 2019.......SUNRISE   722 AM MST   SUNSET   434 PM MST
JANUARY 17 2019.......SUNRISE   722 AM MST   SUNSET   435 PM MST


-  INDICATES NEGATIVE NUMBERS.
R  INDICATES RECORD WAS SET OR TIED.
MM INDICATES DATA IS MISSING.
T  INDICATES TRACE AMOUNT.




$$
