000
CDUS43 KUNR 310842
CLID07

CLIMATE REPORT
NATIONAL WEATHER SERVICE RAPID CITY SD
242 AM MDT SAT OCT 31 2020

...................................

...THE FAITH SD CLIMATE SUMMARY FOR OCTOBER 30 2020...

CLIMATE NORMAL PERIOD 1981 TO 2010
CLIMATE RECORD PERIOD 9999 TO 9999


WEATHER ITEM   OBSERVED TIME   NORMAL DEPARTURE LAST
                VALUE   (LST)  VALUE  FROM      YEAR
                                      NORMAL
.......................................................
TEMPERATURE (F)
 YESTERDAY
  MAXIMUM         52   1127 PM  52      0       33
  MINIMUM         32    646 AM  30      2       10
  AVERAGE         42            41      1       22

PRECIPITATION (IN)
  YESTERDAY        0.00          0.05  -0.05     0.00
  MONTH TO DATE    1.38          1.49  -0.11     1.64
  SINCE SEP 1      1.90          2.85  -0.95     4.31
  SINCE JAN 1     11.85         16.67  -4.82    27.45

DEGREE DAYS
 HEATING
  YESTERDAY       23            24     -1       43
  MONTH TO DATE  741           543    198      758
  SINCE SEP 1    914           742    172      907
  SINCE JUL 1    922           775    147      942

 COOLING
  YESTERDAY        0             0      0        0
  MONTH TO DATE    1             0      1        0
  SINCE SEP 1     44            59    -15       69
  SINCE JAN 1    646           634     12      447
.......................................................


WIND (MPH)
  HIGHEST WIND SPEED    26   HIGHEST WIND DIRECTION    NW (310)
  HIGHEST GUST SPEED    35   HIGHEST GUST DIRECTION    NW (310)
  AVERAGE WIND SPEED    15.0


SKY COVER
  AVERAGE SKY COVER 0.0


RELATIVE HUMIDITY (PERCENT)
 HIGHEST    89           500 AM
 LOWEST     63          1100 PM
 AVERAGE    76

..........................................................



SUNRISE AND SUNSET
OCTOBER 31 2020.......SUNRISE   726 AM MDT   SUNSET   537 PM MDT
NOVEMBER  1 2020......SUNRISE   627 AM MST   SUNSET   435 PM MST


-  INDICATES NEGATIVE NUMBERS.
R  INDICATES RECORD WAS SET OR TIED.
MM INDICATES DATA IS MISSING.
T  INDICATES TRACE AMOUNT.




$$
