000
CDUS45 KVEF 230026
CLIDAG

CLIMATE REPORT
NATIONAL WEATHER SERVICE LAS VEGAS, NV
526 PM PDT THU OCT 22 2020

...................................

...THE BARSTOW-DAGGETT CA CLIMATE SUMMARY FOR OCTOBER 22 2020...
VALID TODAY AS OF 0500 PM LOCAL TIME.

CLIMATE NORMAL PERIOD: 1981 TO 2010
CLIMATE RECORD PERIOD: 1943 TO 2020


WEATHER ITEM   OBSERVED TIME   RECORD YEAR NORMAL DEPARTURE LAST
                VALUE   (LST)  VALUE       VALUE  FROM      YEAR
                                                  NORMAL
...................................................................
TEMPERATURE (F)
 TODAY
  MAXIMUM         91   3:03 PM  96    2003  80     11       86
  MINIMUM         58   6:14 AM  33    1996  52      6       54
  AVERAGE         75                        66      9       70

PRECIPITATION (IN)
  TODAY            0.00          0.35 1976   0.01  -0.01     0.00
  MONTH TO DATE    0.00                      0.13  -0.13     0.00
  SINCE OCT 1      0.00                      0.13  -0.13     0.00
  SINCE JAN 1      3.18                      3.10   0.08     3.76

DEGREE DAYS
 HEATING
  TODAY            0                         2     -2        0
  MONTH TO DATE    0                        21    -21       19
  SINCE SEP 1      0                        23    -23       20
  SINCE JUL 1      0                        23    -23       20

 COOLING
  TODAY           10                         3      7        5
  MONTH TO DATE  297                       132    165       97
  SINCE SEP 1    882                       587    295      570
  SINCE JAN 1   3518                      2953    565     2980
...................................................................


WIND (MPH)
  RESULTANT WIND SPEED   8   RESULTANT WIND DIRECTION   W (280)
  HIGHEST WIND SPEED    16   HIGHEST WIND DIRECTION     W (280)
  HIGHEST GUST SPEED    18   HIGHEST GUST DIRECTION     W (280)
  AVERAGE WIND SPEED     9.5


SKY COVER
  AVERAGE SKY COVER 0.0


WEATHER CONDITIONS
THE FOLLOWING WEATHER WAS RECORDED TODAY.
  NO SIGNIFICANT WEATHER WAS OBSERVED.


RELATIVE HUMIDITY (PERCENT)
 HIGHEST    42           7:00 AM
 LOWEST     12           4:00 PM
 AVERAGE    27

..........................................................


THE BARSTOW-DAGGETT CA CLIMATE NORMALS FOR TOMORROW
                         NORMAL    RECORD    YEAR
 MAXIMUM TEMPERATURE (F)   80        94      1959
 MINIMUM TEMPERATURE (F)   52        38      1953


SUNRISE AND SUNSET
OCTOBER 22 2020.......SUNRISE   6:59 AM PDT   SUNSET   6:03 PM PDT
OCTOBER 23 2020.......SUNRISE   7:00 AM PDT   SUNSET   6:02 PM PDT


-  INDICATES NEGATIVE NUMBERS.
R  INDICATES RECORD WAS SET OR TIED.
MM INDICATES DATA IS MISSING.
T  INDICATES TRACE AMOUNT.




$$
