000
CDUS45 KVEF 240026
CLIDAG


CLIMATE REPORT
NATIONAL WEATHER SERVICE LAS VEGAS, NV
526 PM PDT TUE OCT 23 2018


...................................

...THE BARSTOW-DAGGETT CA CLIMATE SUMMARY FOR OCTOBER 23 2018...
VALID TODAY AS OF 0500 PM LOCAL TIME.

CLIMATE NORMAL PERIOD 1981 TO 2010
CLIMATE RECORD PERIOD 1943 TO 2018


WEATHER ITEM   OBSERVED TIME   RECORD YEAR NORMAL DEPARTURE LAST
                VALUE   (LST)  VALUE       VALUE  FROM      YEAR
                                                  NORMAL
..................................................................
TEMPERATURE (F)
 TODAY
  MAXIMUM         83    321 PM  94    1959  80      3       90
  MINIMUM         56    556 AM  38    1953  52      4       54
  AVERAGE         70                        66      4       72

PRECIPITATION (IN)
  TODAY            0.00          0.32 2016   0.00   0.00     0.00
  MONTH TO DATE    T                         0.13  -0.13     0.00
  SINCE OCT 1      T                         0.13  -0.13     0.00
  SINCE JAN 1      1.42                      3.10  -1.68     2.16

SNOWFALL (IN)
  TODAY            0.0          MM      MM   0.0             0.0
  MONTH TO DATE    0.0                       0.0             0.0
  SINCE SEP 1      0.0                       0.0             0.0
  SINCE JUL 1      0.0                       0.0             0.0

DEGREE DAYS
 HEATING
  TODAY            0                         2     -2        0
  MONTH TO DATE   22                        23     -1       12
  SINCE SEP 1     22                        25     -3       18
  SINCE JUL 1     22                        25     -3       18

 COOLING
  TODAY            5                         3      2        7
  MONTH TO DATE   74                       135    -61       95
  SINCE SEP 1    646                       590     56      521
  SINCE JAN 1   3461                      2956    505     3257
..................................................................


WIND (MPH)
  RESULTANT WIND SPEED   5   RESULTANT WIND DIRECTION   W (270)
  HIGHEST WIND SPEED    14   HIGHEST WIND DIRECTION     W (270)
  HIGHEST GUST SPEED    18   HIGHEST GUST DIRECTION     W (250)
  AVERAGE WIND SPEED     8.3


SKY COVER
  POSSIBLE SUNSHINE  MM
  AVERAGE SKY COVER 0.0


WEATHER CONDITIONS
 THE FOLLOWING WEATHER WAS RECORDED TODAY.
  NO SIGNIFICANT WEATHER WAS OBSERVED.


RELATIVE HUMIDITY (PERCENT)
 HIGHEST    59           600 AM
 LOWEST     18           200 PM
 AVERAGE    39

..........................................................


THE BARSTOW-DAGGETT CA CLIMATE NORMALS FOR TOMORROW
                         NORMAL    RECORD    YEAR
 MAXIMUM TEMPERATURE (F)   79        95      1959
 MINIMUM TEMPERATURE (F)   51        38      1945


SUNRISE AND SUNSET
OCTOBER 23 2018.......SUNRISE   700 AM PDT   SUNSET   603 PM PDT
OCTOBER 24 2018.......SUNRISE   701 AM PDT   SUNSET   601 PM PDT


-  INDICATES NEGATIVE NUMBERS.
R  INDICATES RECORD WAS SET OR TIED.
MM INDICATES DATA IS MISSING.
T  INDICATES TRACE AMOUNT.




$$
