000
CDUS45 KVEF 180839
CLIDAG


CLIMATE REPORT
NATIONAL WEATHER SERVICE LAS VEGAS, NV
1232 AM PST MON FEB 18 2019


...................................

...THE BARSTOW-DAGGETT CA CLIMATE SUMMARY FOR FEBRUARY 17 2019...

CLIMATE NORMAL PERIOD 1981 TO 2010
CLIMATE RECORD PERIOD 1943 TO 2019


WEATHER ITEM   OBSERVED TIME   RECORD YEAR NORMAL DEPARTURE LAST
                VALUE   (LST)  VALUE       VALUE  FROM      YEAR
                                                  NORMAL
..................................................................
TEMPERATURE (F)
 YESTERDAY
  MAXIMUM         52   1231 PM  82    2016  65    -13       70
                                      1977
  MINIMUM         36   1148 PM  24    1956  40     -4       31
  AVERAGE         44                        53     -9       51

PRECIPITATION (IN)
  YESTERDAY        0.01          0.22 1998   0.03  -0.02     0.00
  MONTH TO DATE    1.18                      0.37   0.81     0.00
  SINCE OCT 1      2.69                      2.06   0.63     0.40
  SINCE JAN 1      2.37                      0.97   1.40     0.40

SNOWFALL (IN)
  YESTERDAY        0.0          MM      MM   0.0             0.0
  MONTH TO DATE    0.0                       0.1             0.0
  SINCE DEC 1      0.0                       0.3             0.0
  SINCE JUL 1      0.0                       0.3             0.0

DEGREE DAYS
 HEATING
  YESTERDAY       21

 COOLING
  YESTERDAY        0
..................................................................


WIND (MPH)
  HIGHEST WIND SPEED    32   HIGHEST WIND DIRECTION    SW (240)
  HIGHEST GUST SPEED    42   HIGHEST GUST DIRECTION    SW (230)
  AVERAGE WIND SPEED    21.4


SKY COVER
  POSSIBLE SUNSHINE  MM
  AVERAGE SKY COVER 0.4


WEATHER CONDITIONS
 THE FOLLOWING WEATHER WAS RECORDED YESTERDAY.
  LIGHT RAIN


RELATIVE HUMIDITY (PERCENT)
 HIGHEST    70
 LOWEST     28
 AVERAGE    49

..........................................................


THE BARSTOW-DAGGETT CA CLIMATE NORMALS FOR TODAY
                         NORMAL    RECORD    YEAR
 MAXIMUM TEMPERATURE (F)   65        82      1981
 MINIMUM TEMPERATURE (F)   40        29      1944


SUNRISE AND SUNSET
FEBRUARY 18 2019......SUNRISE   630 AM PST   SUNSET   533 PM PST
FEBRUARY 19 2019......SUNRISE   629 AM PST   SUNSET   534 PM PST


-  INDICATES NEGATIVE NUMBERS.
R  INDICATES RECORD WAS SET OR TIED.
MM INDICATES DATA IS MISSING.
T  INDICATES TRACE AMOUNT.




$$
