496
CDUS45 KVEF 250826
CLIDAG


CLIMATE REPORT
NATIONAL WEATHER SERVICE LAS VEGAS, NV
126 AM PDT FRI MAY 25 2018


...................................

...THE BARSTOW-DAGGETT CA CLIMATE SUMMARY FOR MAY 24 2018...

CLIMATE NORMAL PERIOD 1981 TO 2010
CLIMATE RECORD PERIOD 1943 TO 2018


WEATHER ITEM   OBSERVED TIME   RECORD YEAR NORMAL DEPARTURE LAST
                VALUE   (LST)  VALUE       VALUE  FROM      YEAR
                                                  NORMAL
..................................................................
TEMPERATURE (F)
 YESTERDAY
  MAXIMUM         94    242 PM 106    2001  92      2      103
  MINIMUM         61    451 AM  47    1953  61      0       71
  AVERAGE         78                        76      2       87

PRECIPITATION (IN)
  YESTERDAY        0.00          0.08 1996   0.00   0.00     0.00
  MONTH TO DATE    0.28                      0.04   0.24      T
  SINCE OCT 1      1.31                      3.06  -1.75     4.22
  SINCE JAN 1      1.31                      1.97  -0.66     1.94

SNOWFALL (IN)
  YESTERDAY        0.0          MM      MM   0.0             0.0
  MONTH TO DATE    0.0                       0.0             0.0
  SINCE MAR 1      0.0                       0.0             0.0
  SINCE JUL 1      0.0                       0.3             0.0

DEGREE DAYS
 HEATING
  YESTERDAY        0

 COOLING
  YESTERDAY       13
..................................................................


WIND (MPH)
  HIGHEST WIND SPEED    26   HIGHEST WIND DIRECTION     W (280)
  HIGHEST GUST SPEED    32   HIGHEST GUST DIRECTION     W (280)
  AVERAGE WIND SPEED    12.5


SKY COVER
  POSSIBLE SUNSHINE  MM
  AVERAGE SKY COVER 0.0


WEATHER CONDITIONS
 THE FOLLOWING WEATHER WAS RECORDED YESTERDAY.
  NO SIGNIFICANT WEATHER WAS OBSERVED.


RELATIVE HUMIDITY (PERCENT)
 HIGHEST    60
 LOWEST     15
 AVERAGE    38

..........................................................


THE BARSTOW-DAGGETT CA CLIMATE NORMALS FOR TODAY
                         NORMAL    RECORD    YEAR
 MAXIMUM TEMPERATURE (F)   92       104      2001
 MINIMUM TEMPERATURE (F)   62        44      1953


SUNRISE AND SUNSET
MAY 25 2018...........SUNRISE   538 AM PDT   SUNSET   751 PM PDT
MAY 26 2018...........SUNRISE   537 AM PDT   SUNSET   752 PM PDT


-  INDICATES NEGATIVE NUMBERS.
R  INDICATES RECORD WAS SET OR TIED.
MM INDICATES DATA IS MISSING.
T  INDICATES TRACE AMOUNT.




$$
