000
CDUS45 KVEF 290821
CLIDAG

CLIMATE REPORT
NATIONAL WEATHER SERVICE LAS VEGAS, NV
121 AM PDT FRI MAY 29 2020

...................................

...THE BARSTOW-DAGGETT CA CLIMATE SUMMARY FOR MAY 28 2020...

CLIMATE NORMAL PERIOD: 1981 TO 2010
CLIMATE RECORD PERIOD: 1943 TO 2020


WEATHER ITEM   OBSERVED TIME   RECORD YEAR NORMAL DEPARTURE LAST
                VALUE   (LST)  VALUE       VALUE  FROM      YEAR
                                                  NORMAL
...................................................................
TEMPERATURE (F)
 YESTERDAY
  MAXIMUM        109   3:14 PM 111    2003  93     16       84
  MINIMUM         73   4:51 AM  46    1953  62     11       49
  AVERAGE         91                        78     13       67

PRECIPITATION (IN)
  YESTERDAY        0.00          0.09 1971   0.01  -0.01     0.00
  MONTH TO DATE    0.00                      0.05  -0.05     0.34
  SINCE OCT 1      5.87                      3.07   2.80     3.87
  SINCE JAN 1      3.17                      1.98   1.19     3.55

DEGREE DAYS
 HEATING
  YESTERDAY        0                         0      0        0
  MONTH TO DATE    2                        14    -12       40
  SINCE MAR 1    349                       334     15      303
  SINCE JUL 1   1869                      2098   -229     2078

 COOLING
  YESTERDAY       26                        13     13        2
  MONTH TO DATE  337                       258     79      113
  SINCE MAR 1    457                       364     93      257
  SINCE JAN 1    457                       365     92      257
...................................................................


WIND (MPH)
  RESULTANT WIND SPEED   4   RESULTANT WIND DIRECTION   W (290)
  HIGHEST WIND SPEED    18   HIGHEST WIND DIRECTION     E (80)
  HIGHEST GUST SPEED    23   HIGHEST GUST DIRECTION    SW (230)
  AVERAGE WIND SPEED    10.9


SKY COVER
  AVERAGE SKY COVER 0.0


WEATHER CONDITIONS
THE FOLLOWING WEATHER WAS RECORDED YESTERDAY.
  NO SIGNIFICANT WEATHER WAS OBSERVED.


RELATIVE HUMIDITY (PERCENT)
 HIGHEST    35           5:00 AM
 LOWEST      7           5:00 PM
 AVERAGE    21

..........................................................


THE BARSTOW-DAGGETT CA CLIMATE NORMALS FOR TODAY
                         NORMAL    RECORD    YEAR
 MAXIMUM TEMPERATURE (F)   93       110      1984
 MINIMUM TEMPERATURE (F)   63        44      1953


SUNRISE AND SUNSET
MAY 29 2020...........SUNRISE   5:36 AM PDT   SUNSET   7:54 PM PDT
MAY 30 2020...........SUNRISE   5:35 AM PDT   SUNSET   7:55 PM PDT


-  INDICATES NEGATIVE NUMBERS.
R  INDICATES RECORD WAS SET OR TIED.
MM INDICATES DATA IS MISSING.
T  INDICATES TRACE AMOUNT.




$$
