000
CDUS45 KVEF 140827
CLIDAG


CLIMATE REPORT
NATIONAL WEATHER SERVICE LAS VEGAS, NV
125 AM PDT TUE AUG 14 2018


...................................

...THE BARSTOW-DAGGETT CA CLIMATE SUMMARY FOR AUGUST 13 2018...

CLIMATE NORMAL PERIOD 1981 TO 2010
CLIMATE RECORD PERIOD 1943 TO 2018


WEATHER ITEM   OBSERVED TIME   RECORD YEAR NORMAL DEPARTURE LAST
                VALUE   (LST)  VALUE       VALUE  FROM      YEAR
                                                  NORMAL
..................................................................
TEMPERATURE (F)
 YESTERDAY
  MAXIMUM        106    356 PM 112    2002 103      3      105
  MINIMUM         75    536 AM  61    1948  73      2       75
  AVERAGE         91                        88      3       90

PRECIPITATION (IN)
  YESTERDAY        0.00          0.78 1955   0.01  -0.01     0.00
  MONTH TO DATE    T                         0.14  -0.14     0.01
  SINCE OCT 1      1.42                      3.73  -2.31     4.26
  SINCE JAN 1      1.42                      2.64  -1.22     1.98

SNOWFALL (IN)
  YESTERDAY        0.0          MM      MM   0.0             0.0
  MONTH TO DATE    0.0                       0.0             0.0
  SINCE JUN 1      0.0                       0.0             0.0
  SINCE JUL 1      0.0                       0.0             0.0

DEGREE DAYS
 HEATING
  YESTERDAY        0

 COOLING
  YESTERDAY       26
..................................................................


WIND (MPH)
  HIGHEST WIND SPEED    25   HIGHEST WIND DIRECTION    SW (240)
  HIGHEST GUST SPEED    32   HIGHEST GUST DIRECTION     W (260)
  AVERAGE WIND SPEED    13.2


SKY COVER
  POSSIBLE SUNSHINE  MM
  AVERAGE SKY COVER 0.0


WEATHER CONDITIONS
 THE FOLLOWING WEATHER WAS RECORDED YESTERDAY.
  NO SIGNIFICANT WEATHER WAS OBSERVED.


RELATIVE HUMIDITY (PERCENT)
 HIGHEST    46
 LOWEST     14
 AVERAGE    30

..........................................................


THE BARSTOW-DAGGETT CA CLIMATE NORMALS FOR TODAY
                         NORMAL    RECORD    YEAR
 MAXIMUM TEMPERATURE (F)  103       112      2002
 MINIMUM TEMPERATURE (F)   73        58      1954


SUNRISE AND SUNSET
AUGUST 14 2018........SUNRISE   607 AM PDT   SUNSET   736 PM PDT
AUGUST 15 2018........SUNRISE   607 AM PDT   SUNSET   735 PM PDT


-  INDICATES NEGATIVE NUMBERS.
R  INDICATES RECORD WAS SET OR TIED.
MM INDICATES DATA IS MISSING.
T  INDICATES TRACE AMOUNT.




$$
