000
CDUS45 KVEF 230031
CLIDAG


CLIMATE REPORT
NATIONAL WEATHER SERVICE LAS VEGAS, NV
430 PM PST THU FEB 22 2018


...................................

...THE BARSTOW-DAGGETT CA CLIMATE SUMMARY FOR FEBRUARY 22 2018...
VALID TODAY AS OF 0400 PM LOCAL TIME.

CLIMATE NORMAL PERIOD 1981 TO 2010
CLIMATE RECORD PERIOD 1943 TO 2018


WEATHER ITEM   OBSERVED TIME   RECORD YEAR NORMAL DEPARTURE LAST
                VALUE   (LST)  VALUE       VALUE  FROM      YEAR
                                                  NORMAL
..................................................................
TEMPERATURE (F)
 TODAY
  MAXIMUM         59    224 PM  80    1991  66     -7       61
  MINIMUM         28    509 AM  19    1953  41    -13       45
  AVERAGE         44                        54    -10       53

PRECIPITATION (IN)
  TODAY            0.00          0.61 2005   0.03  -0.03     0.00
  MONTH TO DATE    0.00                      0.51  -0.51     0.27
  SINCE OCT 1      0.40                      2.20  -1.80     4.14
  SINCE JAN 1      0.40                      1.11  -0.71     1.86

SNOWFALL (IN)
  TODAY            0.0          MM      MM   0.0             0.0
  MONTH TO DATE    0.0                       0.1             0.0
  SINCE DEC 1      0.0                       0.3             0.0
  SINCE JUL 1      0.0                       0.3             0.0

DEGREE DAYS
 HEATING
  TODAY           21                        11     10       12
  MONTH TO DATE  237                       294    -57      160
  SINCE DEC 1   1089                      1363   -274     1203
  SINCE JUL 1   1242                      1700   -458     1426

 COOLING
  TODAY            0                         0      0        0
  MONTH TO DATE    0                         0      0        0
  SINCE DEC 1      0                         0      0        0
  SINCE JAN 1      0                         0      0        0
..................................................................


WIND (MPH)
  RESULTANT WIND SPEED  15   RESULTANT WIND DIRECTION   W (250)
  HIGHEST WIND SPEED    35   HIGHEST WIND DIRECTION     W (270)
  HIGHEST GUST SPEED    45   HIGHEST GUST DIRECTION     W (270)
  AVERAGE WIND SPEED    15.6


SKY COVER
  POSSIBLE SUNSHINE  MM
  AVERAGE SKY COVER 0.0


WEATHER CONDITIONS
 THE FOLLOWING WEATHER WAS RECORDED TODAY.
  NO SIGNIFICANT WEATHER WAS OBSERVED.


RELATIVE HUMIDITY (PERCENT)
 HIGHEST    53           500 AM
 LOWEST     24          1200 PM
 AVERAGE    39

..........................................................


THE BARSTOW-DAGGETT CA CLIMATE NORMALS FOR TOMORROW
                         NORMAL    RECORD    YEAR
 MAXIMUM TEMPERATURE (F)   66        83      1989
 MINIMUM TEMPERATURE (F)   41        26      1953


SUNRISE AND SUNSET
FEBRUARY 22 2018......SUNRISE   625 AM PST   SUNSET   537 PM PST
FEBRUARY 23 2018......SUNRISE   624 AM PST   SUNSET   538 PM PST


-  INDICATES NEGATIVE NUMBERS.
R  INDICATES RECORD WAS SET OR TIED.
MM INDICATES DATA IS MISSING.
T  INDICATES TRACE AMOUNT.




$$
