000
CDUS41 KRNK 212232
CLIDAN


CLIMATE REPORT
NATIONAL WEATHER SERVICE BLACKSBURG VA
531 PM EST FRI FEB 21 2020


...................................

...THE DANVILLE VA CLIMATE SUMMARY FOR FEBRUARY 21 2020...
VALID TODAY AS OF 0500 PM LOCAL TIME.

CLIMATE NORMAL PERIOD 1981 TO 2010
CLIMATE RECORD PERIOD 1916 TO 2020


WEATHER ITEM   OBSERVED TIME   RECORD YEAR NORMAL DEPARTURE LAST
                VALUE   (LST)  VALUE       VALUE  FROM      YEAR
                                                  NORMAL
..................................................................
TEMPERATURE (F)
 TODAY
  MAXIMUM         43    429 PM  79    2018  52     -9       62
  MINIMUM         25    734 AM  11    1979  33     -8       34
  AVERAGE         34                        42     -8       48

PRECIPITATION (IN)
  TODAY            0.00          1.11 1954   0.09  -0.09     0.18
  MONTH TO DATE    5.80                      2.33   3.47     2.81
  SINCE DEC 1     12.81                      9.02   3.79    12.43
  SINCE JAN 1      9.62                      5.75   3.87     6.65

SNOWFALL (IN)
  TODAY            0.0                                       0.0
  MONTH TO DATE    1.6                                        T
  SINCE DEC 1      1.6                                      15.2
  SINCE JUL 1      1.6                                      15.2
  SNOW DEPTH       0

DEGREE DAYS
 HEATING
  TODAY           31                        23      8       17
  MONTH TO DATE  418                       521   -103      425
  SINCE DEC 1   1765                      2140   -375     1947
  SINCE JUL 1   2478                      2849   -371     2757

 COOLING
  TODAY            0                         0      0        0
  MONTH TO DATE    0                         0      0        7
  SINCE DEC 1      0                         0      0        7
  SINCE JAN 1      0                         0      0        7
..................................................................


WIND (MPH)
  HIGHEST WIND SPEED    15   HIGHEST WIND DIRECTION    NE (40)
  HIGHEST GUST SPEED    20   HIGHEST GUST DIRECTION    NE (40)
  AVERAGE WIND SPEED     9.1


SKY COVER
  AVERAGE SKY COVER 0.4


WEATHER CONDITIONS
 THE FOLLOWING WEATHER WAS RECORDED TODAY.
  NO SIGNIFICANT WEATHER WAS OBSERVED.


RELATIVE HUMIDITY (PERCENT)
 HIGHEST    92          1200 AM
 LOWEST     27           400 PM
 AVERAGE    60

..........................................................


THE DANVILLE VA CLIMATE NORMALS FOR TOMORROW
                         NORMAL    RECORD    YEAR
 MAXIMUM TEMPERATURE (F)   52        76      2018
 MINIMUM TEMPERATURE (F)   33        10      1968
                                             1963


SUNRISE AND SUNSET
FEBRUARY 21 2020......SUNRISE   659 AM EST   SUNSET   604 PM EST
FEBRUARY 22 2020......SUNRISE   658 AM EST   SUNSET   605 PM EST


-  INDICATES NEGATIVE NUMBERS.
R  INDICATES RECORD WAS SET OR TIED.
MM INDICATES DATA IS MISSING.
T  INDICATES TRACE AMOUNT.




$$
