000
CDUS41 KRNK 232108
CLIDAN


CLIMATE REPORT
NATIONAL WEATHER SERVICE BLACKSBURG VA
508 PM EDT WED MAY 23 2018


...................................

...THE DANVILLE VA CLIMATE SUMMARY FOR MAY 23 2018...
VALID TODAY AS OF 0500 PM LOCAL TIME.

CLIMATE NORMAL PERIOD 1981 TO 2010
CLIMATE RECORD PERIOD 1948 TO 2018


WEATHER ITEM   OBSERVED TIME   RECORD YEAR NORMAL DEPARTURE LAST
                VALUE   (LST)  VALUE       VALUE  FROM      YEAR
                                                  NORMAL
..................................................................
TEMPERATURE (F)
 TODAY
  MAXIMUM         88    222 PM  95    1953  79      9       69
  MINIMUM         68    541 AM  36    2002  58     10       60
  AVERAGE         78                        68     10       65

PRECIPITATION (IN)
  TODAY            T             1.85 1955   0.13  -0.13     1.52
  MONTH TO DATE    5.59                      2.77   2.82     4.90
  SINCE MAR 1     13.72                     10.34   3.38    15.09
  SINCE JAN 1     18.94                     16.77   2.17    19.86

SNOWFALL (IN)
  TODAY            0.0                                       0.0
  MONTH TO DATE    0.0                                       0.0
  SINCE MAR 1      7.4                                        T
  SINCE JUL 1     21.1                                       8.8
  SNOW DEPTH       0

DEGREE DAYS
 HEATING
  TODAY            0                         1     -1        0
  MONTH TO DATE    8                        61    -53       70
  SINCE MAR 1    930                       803    127      684
  SINCE JUL 1   3595                      3804   -209     3140

 COOLING
  TODAY           13                         4      9        0
  MONTH TO DATE  154                        67     87       70
  SINCE MAR 1    169                       101     68      148
  SINCE JAN 1    169                       101     68      153
..................................................................


WIND (MPH)
  HIGHEST WIND SPEED    13   HIGHEST WIND DIRECTION    SW (240)
  HIGHEST GUST SPEED    15   HIGHEST GUST DIRECTION    SW (240)
  AVERAGE WIND SPEED     6.5


SKY COVER
  AVERAGE SKY COVER 0.3


WEATHER CONDITIONS
 THE FOLLOWING WEATHER WAS RECORDED TODAY.
  NO SIGNIFICANT WEATHER WAS OBSERVED.


RELATIVE HUMIDITY (PERCENT)
 HIGHEST   100           300 AM
 LOWEST     61          1200 PM
 AVERAGE    81

..........................................................


THE DANVILLE VA CLIMATE NORMALS FOR TOMORROW
                         NORMAL    RECORD    YEAR
 MAXIMUM TEMPERATURE (F)   79        93      1964
 MINIMUM TEMPERATURE (F)   58        41      2006
                                             1961


SUNRISE AND SUNSET
MAY 23 2018...........SUNRISE   605 AM EDT   SUNSET   824 PM EDT
MAY 24 2018...........SUNRISE   604 AM EDT   SUNSET   825 PM EDT


-  INDICATES NEGATIVE NUMBERS.
R  INDICATES RECORD WAS SET OR TIED.
MM INDICATES DATA IS MISSING.
T  INDICATES TRACE AMOUNT.

REMARKS:
DUE TO MISSING DATA ON JANUARY 4-9, JANUARY 21-22, MARCH 2-3, AND
APRIL 26-27, ALL INFORMATION WILL BE CALCULATED WITHOUT DATA FROM
THESE DATES.


$$
