000
CDUS41 KRNK 180532
CLIDAN


CLIMATE REPORT
NATIONAL WEATHER SERVICE BLACKSBURG VA
1231 AM EST MON FEB 18 2019


...................................

...THE DANVILLE VA CLIMATE SUMMARY FOR FEBRUARY 17 2019...

CLIMATE NORMAL PERIOD 1981 TO 2010
CLIMATE RECORD PERIOD 1916 TO 2019


WEATHER ITEM   OBSERVED TIME   RECORD YEAR NORMAL DEPARTURE LAST
                VALUE   (LST)  VALUE       VALUE  FROM      YEAR
                                                  NORMAL
..................................................................
TEMPERATURE (F)
 YESTERDAY
  MAXIMUM         37   1159 PM  76    1976  51    -14       48
  MINIMUM         30    106 AM   6    1958  32     -2       36
  AVERAGE         34                        41     -7       42

PRECIPITATION (IN)
  YESTERDAY        0.57          1.85 1942   0.12   0.45     0.08
  MONTH TO DATE    2.04                      1.90   0.14     2.08
  SINCE DEC 1     11.66                      8.59   3.07     5.65
  SINCE JAN 1      5.88                      5.32   0.56     4.91

SNOWFALL (IN)
  YESTERDAY        T                                         0.0
  MONTH TO DATE    T                                          T
  SINCE DEC 1     15.2                                      13.7
  SINCE JUL 1     15.2                                      13.7
  SNOW DEPTH       0

DEGREE DAYS
 HEATING
  YESTERDAY       31                        24      7       23
  MONTH TO DATE  334                       428    -94      366
  SINCE DEC 1   1856                      2047   -191     1827
  SINCE JUL 1   2666                      2756    -90     2549

 COOLING
  YESTERDAY        0                         0      0        0
  MONTH TO DATE    7                         0      7        0
  SINCE DEC 1      7                         0      7        0
  SINCE JAN 1      7                         0      7        0
..................................................................


WIND (MPH)
  HIGHEST WIND SPEED     9   HIGHEST WIND DIRECTION    NW (330)
  HIGHEST GUST SPEED    11   HIGHEST GUST DIRECTION    NW (330)
  AVERAGE WIND SPEED     1.7


SKY COVER
  AVERAGE SKY COVER 0.9


WEATHER CONDITIONS
 THE FOLLOWING WEATHER WAS RECORDED YESTERDAY.
  RAIN
  LIGHT RAIN
  SLEET
  FOG


RELATIVE HUMIDITY (PERCENT)
 HIGHEST   100          1200 AM
 LOWEST     64          1000 AM
 AVERAGE    82

..........................................................


THE DANVILLE VA CLIMATE NORMALS FOR TODAY
                         NORMAL    RECORD    YEAR
 MAXIMUM TEMPERATURE (F)   51        77      2011
                                             1976
 MINIMUM TEMPERATURE (F)   32         3      1958


SUNRISE AND SUNSET
FEBRUARY 18 2019......SUNRISE   702 AM EST   SUNSET   601 PM EST
FEBRUARY 19 2019......SUNRISE   701 AM EST   SUNSET   602 PM EST


-  INDICATES NEGATIVE NUMBERS.
R  INDICATES RECORD WAS SET OR TIED.
MM INDICATES DATA IS MISSING.
T  INDICATES TRACE AMOUNT.




$$
