000
CDUS41 KRNK 140935
CLIDAN


CLIMATE REPORT
NATIONAL WEATHER SERVICE BLACKSBURG VA
530 AM EDT TUE AUG 14 2018


...................................

...THE DANVILLE VA CLIMATE SUMMARY FOR AUGUST 13 2018...

CLIMATE NORMAL PERIOD 1981 TO 2010
CLIMATE RECORD PERIOD 1916 TO 2018


WEATHER ITEM   OBSERVED TIME   RECORD YEAR NORMAL DEPARTURE LAST
                VALUE   (LST)  VALUE       VALUE  FROM      YEAR
                                                  NORMAL
..................................................................
TEMPERATURE (F)
 YESTERDAY
  MAXIMUM         84    448 PM 102    1977  87     -3       82
  MINIMUM         63    523 AM  52    1930  69     -6       68
  AVERAGE         74                        78     -4       75

PRECIPITATION (IN)
  YESTERDAY        0.63          2.88 1996   0.12   0.51     0.34
  MONTH TO DATE    4.18                      1.58   2.60     3.20
  SINCE JUN 1     14.40                     10.02   4.38    12.23
  SINCE JAN 1     34.35                     27.90   6.45    33.23

SNOWFALL (IN)
  YESTERDAY        0.0                                       0.0
  MONTH TO DATE    0.0                                       0.0
  SINCE JUN 1      0.0                                       0.0
  SINCE JUL 1      0.0                                       0.0
  SNOW DEPTH       0

DEGREE DAYS
 HEATING
  YESTERDAY        0                         0      0        0
  MONTH TO DATE    0                         0      0        0
  SINCE JUN 1      0                         3     -3        3
  SINCE JUL 1      0                         0      0        0

 COOLING
  YESTERDAY        9                        13     -4       10
  MONTH TO DATE  171                       169      2      125
  SINCE JUN 1    881                       878      3      783
  SINCE JAN 1   1126                      1022    104      979
..................................................................


WIND (MPH)
  HIGHEST WIND SPEED    16   HIGHEST WIND DIRECTION     N (10)
  HIGHEST GUST SPEED    20   HIGHEST GUST DIRECTION     N (10)
  AVERAGE WIND SPEED     2.5


SKY COVER
  AVERAGE SKY COVER 0.5


WEATHER CONDITIONS
 THE FOLLOWING WEATHER WAS RECORDED YESTERDAY.
  THUNDERSTORM
  HEAVY RAIN
  RAIN
  LIGHT RAIN
  FOG
  FOG W/VISIBILITY <= 1/4 MILE


RELATIVE HUMIDITY (PERCENT)
 HIGHEST   100          1200 AM
 LOWEST     63           600 PM
 AVERAGE    82

..........................................................


THE DANVILLE VA CLIMATE NORMALS FOR TODAY
                         NORMAL    RECORD    YEAR
 MAXIMUM TEMPERATURE (F)   87       100      1943
 MINIMUM TEMPERATURE (F)   69        49      1941


SUNRISE AND SUNSET
AUGUST 14 2018........SUNRISE   634 AM EDT   SUNSET   809 PM EDT
AUGUST 15 2018........SUNRISE   635 AM EDT   SUNSET   808 PM EDT


-  INDICATES NEGATIVE NUMBERS.
R  INDICATES RECORD WAS SET OR TIED.
MM INDICATES DATA IS MISSING.
T  INDICATES TRACE AMOUNT.

REMARKS:
DUE TO MISSING DATA ON JANUARY 4-9, JANUARY 21-22, MARCH 2-3, AND
APRIL 26-27, ALL INFORMATION WILL BE CALCULATED WITHOUT DATA FROM
THESE DATES.

$$

RAB
