000
CDUS41 KRNK 260903
CLIDAN

CLIMATE REPORT
NATIONAL WEATHER SERVICE BLACKSBURG, VA
503 AM EDT MON OCT 26 2020

...................................

...THE DANVILLE VA CLIMATE SUMMARY FOR OCTOBER 25 2020...

CLIMATE NORMAL PERIOD: 1981 TO 2010
CLIMATE RECORD PERIOD: 1916 TO 2020


WEATHER ITEM   OBSERVED TIME   RECORD YEAR NORMAL DEPARTURE LAST
                VALUE   (LST)  VALUE       VALUE  FROM      YEAR
                                                  NORMAL
...................................................................
TEMPERATURE (F)
 YESTERDAY
  MAXIMUM         67   1:51 AM  84    1921  68     -1       71
                                      1931
  MINIMUM         48  11:59 PM  28    1937  46      2       43
                                      2006
  AVERAGE         58                        57      1       57

PRECIPITATION (IN)
  YESTERDAY        0.12          1.28 1925   0.11   0.01     0.00
                                      1982
  MONTH TO DATE    1.71                      2.87  -1.16     4.44
  SINCE SEP 1      5.94                      6.83  -0.89     4.48
  SINCE JAN 1     43.48                     37.12   6.36    34.43

SNOWFALL (IN)
  YESTERDAY        0.0                                       0.0
  MONTH TO DATE    0.0                                       0.0
  SINCE SEP 1      0.0                                       0.0
  SINCE JUL 1      0.0                                       0.0
  SNOW DEPTH       0

DEGREE DAYS
 HEATING
  YESTERDAY        7                         9     -2        8
  MONTH TO DATE  100                       146    -46      106
  SINCE SEP 1    152                       174    -22      110
  SINCE JUL 1    152                       174    -22      110

 COOLING
  YESTERDAY        0                         1     -1        0
  MONTH TO DATE   19                        32    -13       73
  SINCE SEP 1    182                       208    -26      411
  SINCE JAN 1   1513                      1435     78     1763
...................................................................


WIND (MPH)
  RESULTANT WIND SPEED   9   RESULTANT WIND DIRECTION  NE (40)
  HIGHEST WIND SPEED    18   HIGHEST WIND DIRECTION    NE (50)
  HIGHEST GUST SPEED    21   HIGHEST GUST DIRECTION    NE (50)
  AVERAGE WIND SPEED     9.7


SKY COVER
  AVERAGE SKY COVER 1.0


WEATHER CONDITIONS
THE FOLLOWING WEATHER WAS RECORDED YESTERDAY.
  LIGHT RAIN
  FOG


RELATIVE HUMIDITY (PERCENT)
 HIGHEST    93           7:00 AM
 LOWEST     86          11:00 AM
 AVERAGE    90

..........................................................


THE DANVILLE VA CLIMATE NORMALS FOR TODAY
                         NORMAL    RECORD    YEAR
 MAXIMUM TEMPERATURE (F)   67        86      1924
                                             1939
 MINIMUM TEMPERATURE (F)   45        26      2013


SUNRISE AND SUNSET
OCTOBER 26 2020.......SUNRISE   7:35 AM EDT   SUNSET   6:27 PM EDT
OCTOBER 27 2020.......SUNRISE   7:36 AM EDT   SUNSET   6:25 PM EDT


-  INDICATES NEGATIVE NUMBERS.
R  INDICATES RECORD WAS SET OR TIED.
MM INDICATES DATA IS MISSING.
T  INDICATES TRACE AMOUNT.




$$
