000
CDUS41 KRNK 232111
CLIDAN


CLIMATE REPORT
NATIONAL WEATHER SERVICE BLACKSBURG VA
510 PM EDT TUE OCT 23 2018


...................................

...THE DANVILLE VA CLIMATE SUMMARY FOR OCTOBER 23 2018...
VALID TODAY AS OF 0500 PM LOCAL TIME.

CLIMATE NORMAL PERIOD 1981 TO 2010
CLIMATE RECORD PERIOD 1916 TO 2018


WEATHER ITEM   OBSERVED TIME   RECORD YEAR NORMAL DEPARTURE LAST
                VALUE   (LST)  VALUE       VALUE  FROM      YEAR
                                                  NORMAL
..................................................................
TEMPERATURE (F)
 TODAY
  MAXIMUM         69    222 PM  88    1941  68      1       73
  MINIMUM         39    709 AM  25    1974  46     -7       54
  AVERAGE         54                        57     -3       64

PRECIPITATION (IN)
  TODAY            0.00          3.80 1990   0.11  -0.11     1.38
  MONTH TO DATE    6.54                      2.65   3.89     2.81
  SINCE SEP 1     16.18                      6.61   9.57     5.41
  SINCE JAN 1     51.61                     36.90  14.71    39.51

SNOWFALL (IN)
  TODAY            0.0                                       0.0
  MONTH TO DATE    0.0                                       0.0
  SINCE SEP 1      0.0                                       0.0
  SINCE JUL 1      0.0                                       0.0
  SNOW DEPTH       0

DEGREE DAYS
 HEATING
  TODAY           11                         8      3        1
  MONTH TO DATE  109                       128    -19       74
  SINCE SEP 1    110                       156    -46      106
  SINCE JUL 1    110                       156    -46      106

 COOLING
  TODAY            0                         1     -1        0
  MONTH TO DATE   96                        30     66       64
  SINCE SEP 1    386                       206    180      227
  SINCE JAN 1   1715                      1433    282     1401
..................................................................


WIND (MPH)
  HIGHEST WIND SPEED    13   HIGHEST WIND DIRECTION    SW (230)
  HIGHEST GUST SPEED    16   HIGHEST GUST DIRECTION     W (250)
  AVERAGE WIND SPEED     5.2


SKY COVER
  AVERAGE SKY COVER 0.0


WEATHER CONDITIONS
 THE FOLLOWING WEATHER WAS RECORDED TODAY.
  NO SIGNIFICANT WEATHER WAS OBSERVED.


RELATIVE HUMIDITY (PERCENT)
 HIGHEST   100           600 AM
 LOWEST     34          1200 PM
 AVERAGE    67

..........................................................


THE DANVILLE VA CLIMATE NORMALS FOR TOMORROW
                         NORMAL    RECORD    YEAR
 MAXIMUM TEMPERATURE (F)   68        85      2001
 MINIMUM TEMPERATURE (F)   46        29      2006
                                             1969


SUNRISE AND SUNSET
OCTOBER 23 2018.......SUNRISE   732 AM EDT   SUNSET   631 PM EDT
OCTOBER 24 2018.......SUNRISE   733 AM EDT   SUNSET   630 PM EDT


-  INDICATES NEGATIVE NUMBERS.
R  INDICATES RECORD WAS SET OR TIED.
MM INDICATES DATA IS MISSING.
T  INDICATES TRACE AMOUNT.

REMARKS:
DUE TO MISSING DATA ON JANUARY 4-9, JANUARY 21-22, MARCH 2-3, AND
APRIL 26-27, ALL INFORMATION WILL BE CALCULATED WITHOUT DATA FROM
THESE DATES.


$$
