808
CDUS41 KRNK 142118
CLIDAN


CLIMATE REPORT
NATIONAL WEATHER SERVICE BLACKSBURG VA
517 PM EDT MON OCT 14 2019


...................................

...THE DANVILLE VA CLIMATE SUMMARY FOR OCTOBER 14 2019...
VALID TODAY AS OF 0500 PM LOCAL TIME.

CLIMATE NORMAL PERIOD 1981 TO 2010
CLIMATE RECORD PERIOD 1916 TO 2019


WEATHER ITEM   OBSERVED TIME   RECORD YEAR NORMAL DEPARTURE LAST
                VALUE   (LST)  VALUE       VALUE  FROM      YEAR
                                                  NORMAL
..................................................................
TEMPERATURE (F)
 TODAY
  MAXIMUM         76    413 PM  87    1940  70      6       57
  MINIMUM         49    618 AM  28    1988  50     -1       44
  AVERAGE         63                        60      3       51

PRECIPITATION (IN)
  TODAY            0.00          2.20 1986   0.12  -0.12     0.03
  MONTH TO DATE    0.28                      1.60  -1.32     6.30
  SINCE SEP 1      0.32                      5.56  -5.24    15.94
  SINCE JAN 1     30.27                     35.85  -5.58    51.37

SNOWFALL (IN)
  TODAY            0.0                                       0.0
  MONTH TO DATE    0.0                                       0.0
  SINCE SEP 1      0.0                                       0.0
  SINCE JUL 1      0.0                                       0.0
  SNOW DEPTH       0

DEGREE DAYS
 HEATING
  TODAY            2                         6     -4       14
  MONTH TO DATE   10                        63    -53       24
  SINCE SEP 1     14                        91    -77       25
  SINCE JUL 1     14                        91    -77       25

 COOLING
  TODAY            0                         1     -1        0
  MONTH TO DATE   73                        21     52       91
  SINCE SEP 1    411                       197    214      381
  SINCE JAN 1   1763                      1424    339     1710
..................................................................


WIND (MPH)
  HIGHEST WIND SPEED    13   HIGHEST WIND DIRECTION     N (340)
  HIGHEST GUST SPEED    18   HIGHEST GUST DIRECTION     N (10)
  AVERAGE WIND SPEED     4.0


SKY COVER
  AVERAGE SKY COVER 0.5


WEATHER CONDITIONS
 THE FOLLOWING WEATHER WAS RECORDED TODAY.
  FOG
  FOG W/VISIBILITY <= 1/4 MILE


RELATIVE HUMIDITY (PERCENT)
 HIGHEST   100          1200 AM
 LOWEST     27           100 PM
 AVERAGE    64

..........................................................


THE DANVILLE VA CLIMATE NORMALS FOR TOMORROW
                         NORMAL    RECORD    YEAR
 MAXIMUM TEMPERATURE (F)   70        88      1941
 MINIMUM TEMPERATURE (F)   49        28      1937


SUNRISE AND SUNSET
OCTOBER 14 2019.......SUNRISE   724 AM EDT   SUNSET   643 PM EDT
OCTOBER 15 2019.......SUNRISE   724 AM EDT   SUNSET   641 PM EDT


-  INDICATES NEGATIVE NUMBERS.
R  INDICATES RECORD WAS SET OR TIED.
MM INDICATES DATA IS MISSING.
T  INDICATES TRACE AMOUNT.




$$
