000
CDUS41 KILN 192156
CLIDAY


CLIMATE REPORT
NATIONAL WEATHER SERVICE WILMINGTON OH
456 PM EST MON FEB 19 2018


...................................

...THE DAYTON OH CLIMATE SUMMARY FOR FEBRUARY 19 2018...
VALID TODAY AS OF 0400 PM LOCAL TIME.

CLIMATE NORMAL PERIOD 1981 TO 2010
CLIMATE RECORD PERIOD 1869 TO 2018


WEATHER ITEM   OBSERVED TIME   RECORD YEAR NORMAL DEPARTURE LAST
                VALUE   (LST)  VALUE       VALUE  FROM      YEAR
                                                  NORMAL
..................................................................
TEMPERATURE (F)
 TODAY
  MAXIMUM         69    359 PM  70    1939  40     29       59
  MINIMUM         36    230 AM -11    1910  24     12       41
  AVERAGE         53                        32     21       50

PRECIPITATION (IN)
  TODAY            0.13          1.07 1938   0.08   0.05     0.00
  MONTH TO DATE    1.82                      1.51   0.31     1.00
  SINCE DEC 1      6.05                      7.34  -1.29     7.41
  SINCE JAN 1      4.51                      4.22   0.29     4.42

SNOWFALL (IN)
  TODAY            0.0           3.9  1929   0.2   -0.2      0.0
  MONTH TO DATE    2.6                       4.1   -1.5      1.2
  SINCE DEC 1     17.5                      16.5    1.0      7.2
  SINCE JUL 1     17.5                      17.5    0.0      7.2
  SNOW DEPTH       0

DEGREE DAYS
 HEATING
  TODAY           12                        33    -21       15
  MONTH TO DATE  640                       667    -27      517
  SINCE DEC 1   2962                      2879     83     2528
  SINCE JUL 1   3969                      3990    -21     3301

 COOLING
  TODAY            0                         0      0        0
  MONTH TO DATE    0                         0      0        0
  SINCE DEC 1      0                         0      0        0
  SINCE JAN 1      0                         0      0        0
..................................................................


WIND (MPH)
  RESULTANT WIND SPEED  13   RESULTANT WIND DIRECTION   S (180)
  HIGHEST WIND SPEED    24   HIGHEST WIND DIRECTION    SW (210)
  HIGHEST GUST SPEED    30   HIGHEST GUST DIRECTION     S (200)
  AVERAGE WIND SPEED    14.0


SKY COVER
  POSSIBLE SUNSHINE  MM
  AVERAGE SKY COVER 0.9


WEATHER CONDITIONS
 THE FOLLOWING WEATHER WAS RECORDED TODAY.
  LIGHT RAIN
  FOG


RELATIVE HUMIDITY (PERCENT)
 HIGHEST   100           700 AM
 LOWEST     70           400 AM
 AVERAGE    85

..........................................................


THE DAYTON OH CLIMATE NORMALS FOR TOMORROW
                         NORMAL    RECORD    YEAR
 MAXIMUM TEMPERATURE (F)   40        69      2016
 MINIMUM TEMPERATURE (F)   24        -6      1904


SUNRISE AND SUNSET
FEBRUARY 19 2018......SUNRISE   724 AM EST   SUNSET   618 PM EST
FEBRUARY 20 2018......SUNRISE   723 AM EST   SUNSET   619 PM EST


-  INDICATES NEGATIVE NUMBERS.
R  INDICATES RECORD WAS SET OR TIED.
MM INDICATES DATA IS MISSING.
T  INDICATES TRACE AMOUNT.




$$
