000
CDUS41 KILN 192107
CLIDAY


CLIMATE REPORT
NATIONAL WEATHER SERVICE WILMINGTON OH
505 PM EDT TUE JUN 19 2018


...................................

...THE DAYTON OH CLIMATE SUMMARY FOR JUNE 19 2018...
VALID TODAY AS OF 0500 PM LOCAL TIME.

CLIMATE NORMAL PERIOD 1981 TO 2010
CLIMATE RECORD PERIOD 1869 TO 2018


WEATHER ITEM   OBSERVED TIME   RECORD YEAR NORMAL DEPARTURE LAST
                VALUE   (LST)  VALUE       VALUE  FROM      YEAR
                                                  NORMAL
..................................................................
TEMPERATURE (F)
 TODAY
  MAXIMUM         89   1202 PM  98    1994  81      8       79
  MINIMUM         75    538 AM  46    1909  62     13       60
  AVERAGE         82                        72     10       70

PRECIPITATION (IN)
  TODAY            0.02          1.13 1928   0.14  -0.12     0.29
  MONTH TO DATE    1.65                      2.67  -1.02     3.41
  SINCE JUN 1      1.65                      2.67  -1.02     3.41
  SINCE JAN 1     21.36                     19.71   1.65    25.26

SNOWFALL (IN)
  TODAY            0.0           0.0    MM   0.0    0.0      0.0
  MONTH TO DATE    0.0                       0.0    0.0      0.0
  SINCE JUN 1      0.0                       0.0    0.0      0.0
  SINCE JUL 1     26.7                      23.3    3.4      8.5
  SNOW DEPTH       0

DEGREE DAYS
 HEATING
  TODAY            0                         0      0        0
  MONTH TO DATE    4                        22    -18       10
  SINCE JUN 1      4                        22    -18       10
  SINCE JUL 1   5571                      5642    -71     4565

 COOLING
  TODAY           17                         7     10        5
  MONTH TO DATE  157                       101     56      134
  SINCE JUN 1    157                       101     56      134
  SINCE JAN 1    360                       171    189      226
..................................................................


WIND (MPH)
  RESULTANT WIND SPEED   7   RESULTANT WIND DIRECTION   W (270)
  HIGHEST WIND SPEED    24   HIGHEST WIND DIRECTION    NW (330)
  HIGHEST GUST SPEED    32   HIGHEST GUST DIRECTION    NW (330)
  AVERAGE WIND SPEED     8.3


SKY COVER
  POSSIBLE SUNSHINE  MM
  AVERAGE SKY COVER 0.4


WEATHER CONDITIONS
 THE FOLLOWING WEATHER WAS RECORDED TODAY.
  THUNDERSTORM
  LIGHT RAIN
  FOG


RELATIVE HUMIDITY (PERCENT)
 HIGHEST   100           400 AM
 LOWEST     80          1200 PM
 AVERAGE    90

..........................................................


THE DAYTON OH CLIMATE NORMALS FOR TOMORROW
                         NORMAL    RECORD    YEAR
 MAXIMUM TEMPERATURE (F)   82        98      1994
 MINIMUM TEMPERATURE (F)   62        46      1914


SUNRISE AND SUNSET
JUNE 19 2018..........SUNRISE   608 AM EDT   SUNSET   908 PM EDT
JUNE 20 2018..........SUNRISE   608 AM EDT   SUNSET   909 PM EDT


-  INDICATES NEGATIVE NUMBERS.
R  INDICATES RECORD WAS SET OR TIED.
MM INDICATES DATA IS MISSING.
T  INDICATES TRACE AMOUNT.




$$
