689
CDUS41 KILN 192054
CLIDAY


CLIMATE REPORT
NATIONAL WEATHER SERVICE WILMINGTON OH
453 PM EDT SAT OCT 19 2019


...................................

...THE DAYTON OH CLIMATE SUMMARY FOR OCTOBER 19 2019...
VALID TODAY AS OF 0400 PM LOCAL TIME.

CLIMATE NORMAL PERIOD 1981 TO 2010
CLIMATE RECORD PERIOD 1869 TO 2019


WEATHER ITEM   OBSERVED TIME   RECORD YEAR NORMAL DEPARTURE LAST
                VALUE   (LST)  VALUE       VALUE  FROM      YEAR
                                                  NORMAL
..................................................................
TEMPERATURE (F)
 TODAY
  MAXIMUM         69    251 PM  84    1953  63      6       55
                                      1910
  MINIMUM         40    633 AM  23    1992  43     -3       34
  AVERAGE         55                        53      2       45

PRECIPITATION (IN)
  TODAY            0.00          1.92 2011   0.09  -0.09     0.11
  MONTH TO DATE    1.12                      1.83  -0.71     0.48
  SINCE SEP 1      1.82                      5.13  -3.31     7.20
  SINCE JAN 1     35.86                     33.44   2.42    37.62

SNOWFALL (IN)
  TODAY            0.0           4.8  1989   0.1   -0.1      0.0
  MONTH TO DATE    0.0                       0.1   -0.1      0.0
  SINCE SEP 1      0.0                       0.1   -0.1      0.0
  SINCE JUL 1      T                         0.1   -0.1      0.0
  SNOW DEPTH       0

DEGREE DAYS
 HEATING
  TODAY           10                        12     -2       20
  MONTH TO DATE  131                       185    -54      164
  SINCE SEP 1    131                       273   -142      211
  SINCE JUL 1    131                       275   -144      211

 COOLING
  TODAY            0                         0      0        0
  MONTH TO DATE   48                        10     38       79
  SINCE SEP 1    319                       109    210      288
  SINCE JAN 1   1358                       891    467     1354
..................................................................


WIND (MPH)
  RESULTANT WIND SPEED   7   RESULTANT WIND DIRECTION  SE (140)
  HIGHEST WIND SPEED    13   HIGHEST WIND DIRECTION     S (160)
  HIGHEST GUST SPEED    15   HIGHEST GUST DIRECTION     S (160)
  AVERAGE WIND SPEED     7.1


SKY COVER
  POSSIBLE SUNSHINE  MM
  AVERAGE SKY COVER 0.3


WEATHER CONDITIONS
 THE FOLLOWING WEATHER WAS RECORDED TODAY.
  NO SIGNIFICANT WEATHER WAS OBSERVED.


RELATIVE HUMIDITY (PERCENT)
 HIGHEST    79           600 AM
 LOWEST     35           300 PM
 AVERAGE    57

..........................................................


THE DAYTON OH CLIMATE NORMALS FOR TOMORROW
                         NORMAL    RECORD    YEAR
 MAXIMUM TEMPERATURE (F)   62        84      1953
 MINIMUM TEMPERATURE (F)   43        24      1952


SUNRISE AND SUNSET
OCTOBER 19 2019.......SUNRISE   751 AM EDT   SUNSET   652 PM EDT
OCTOBER 20 2019.......SUNRISE   752 AM EDT   SUNSET   650 PM EDT


-  INDICATES NEGATIVE NUMBERS.
R  INDICATES RECORD WAS SET OR TIED.
MM INDICATES DATA IS MISSING.
T  INDICATES TRACE AMOUNT.




$$
