000
CDUS41 KILN 160529
CLIDAY


CLIMATE REPORT
NATIONAL WEATHER SERVICE WILMINGTON OH
1228 AM EST SUN DEC 16 2018


...................................

...THE DAYTON OH CLIMATE SUMMARY FOR DECEMBER 15 2018...

CLIMATE NORMAL PERIOD 1981 TO 2010
CLIMATE RECORD PERIOD 1869 TO 2018


WEATHER ITEM   OBSERVED TIME   RECORD YEAR NORMAL DEPARTURE LAST
                VALUE   (LST)  VALUE       VALUE  FROM      YEAR
                                                  NORMAL
..................................................................
TEMPERATURE (F)
 YESTERDAY
  MAXIMUM         48    525 PM  63    1948  38     10       30
  MINIMUM         41   1159 PM -10    1901  24     17       17
  AVERAGE         45                        31     14       24

PRECIPITATION (IN)
  YESTERDAY        0.66          1.35 1975   0.09   0.57     0.00
  MONTH TO DATE    1.87                      1.52   0.35     0.42
  SINCE DEC 1      1.87                      1.52   0.35     0.42
  SINCE JAN 1     46.23                     39.45   6.78    49.71

SNOWFALL (IN)
  YESTERDAY        0.0           4.7  1989   0.2   -0.2      0.0
                                      1950
  MONTH TO DATE    1.4                       1.7   -0.3      2.4
  SINCE DEC 1      1.4                       1.7   -0.3      2.4
  SINCE JUL 1      2.4                       2.7   -0.3      2.4
  SNOW DEPTH       0

DEGREE DAYS
 HEATING
  YESTERDAY       20                        34    -14       41
  MONTH TO DATE  439                       474    -35      493
  SINCE DEC 1    439                       474    -35      493
  SINCE JUL 1   1667                      1585     82     1500

 COOLING
  YESTERDAY        0                         0      0        0
  MONTH TO DATE    0                         0      0        0
  SINCE DEC 1      0                         0      0        0
  SINCE JAN 1   1354                       891    463      899
..................................................................


WIND (MPH)
  RESULTANT WIND SPEED  15   RESULTANT WIND DIRECTION  NE (30)
  HIGHEST WIND SPEED    26   HIGHEST WIND DIRECTION    NE (40)
  HIGHEST GUST SPEED    32   HIGHEST GUST DIRECTION    NE (40)
  AVERAGE WIND SPEED    14.8



WEATHER CONDITIONS
 THE FOLLOWING WEATHER WAS RECORDED YESTERDAY.
  RAIN
  LIGHT RAIN
  FOG
  HAZE


RELATIVE HUMIDITY (PERCENT)
 HIGHEST    96           700 PM
 LOWEST     76          1200 AM
 AVERAGE    86

..........................................................


THE DAYTON OH CLIMATE NORMALS FOR TODAY
                         NORMAL    RECORD    YEAR
 MAXIMUM TEMPERATURE (F)   38        65      1933
 MINIMUM TEMPERATURE (F)   24       -15      1951


SUNRISE AND SUNSET
DECEMBER 16 2018......SUNRISE   752 AM EST   SUNSET   513 PM EST
DECEMBER 17 2018......SUNRISE   752 AM EST   SUNSET   513 PM EST


-  INDICATES NEGATIVE NUMBERS.
R  INDICATES RECORD WAS SET OR TIED.
MM INDICATES DATA IS MISSING.
T  INDICATES TRACE AMOUNT.




$$
