000
CDUS41 KILN 272052
CLIDAY


CLIMATE REPORT
NATIONAL WEATHER SERVICE WILMINGTON OH
452 PM EDT WED MAY 27 2020


...................................

...THE DAYTON OH CLIMATE SUMMARY FOR MAY 27 2020...
VALID TODAY AS OF 0400 PM LOCAL TIME.

CLIMATE NORMAL PERIOD 1981 TO 2010
CLIMATE RECORD PERIOD 1869 TO 2020


WEATHER ITEM   OBSERVED TIME   RECORD YEAR NORMAL DEPARTURE LAST
                VALUE   (LST)  VALUE       VALUE  FROM      YEAR
                                                  NORMAL
..................................................................
TEMPERATURE (F)
 TODAY
  MAXIMUM         84    316 PM  95    1911  75      9       81
  MINIMUM         70    723 AM  33    1961  55     15       62
  AVERAGE         77                        65     12       72

PRECIPITATION (IN)
  TODAY            T             2.27 2004   0.15  -0.15     0.60
  MONTH TO DATE    5.15                      4.05   1.10     5.01
  SINCE MAR 1     13.95                     11.48   2.47    12.82
  SINCE JAN 1     20.49                     16.43   4.06    22.22

SNOWFALL (IN)
  TODAY            0.0           0.0    MM   0.0    0.0      0.0
  MONTH TO DATE    0.0                       0.0    0.0      0.0
  SINCE MAR 1      1.9                       4.0   -2.1      2.2
  SINCE JUL 1     19.4                      23.3   -3.9     28.4
  SNOW DEPTH       0

DEGREE DAYS
 HEATING
  TODAY            0                         3     -3        0
  MONTH TO DATE  197                       157     40      101
  SINCE MAR 1   1199                      1333   -134     1231
  SINCE JUL 1   4845                      5608   -763     5291

 COOLING
  TODAY           12                         3      9        7
  MONTH TO DATE   69                        47     22       87
  SINCE MAR 1     71                        57     14       88
  SINCE JAN 1     71                        57     14       88
..................................................................


WIND (MPH)
  RESULTANT WIND SPEED   8   RESULTANT WIND DIRECTION   S (160)
  HIGHEST WIND SPEED    16   HIGHEST WIND DIRECTION     S (160)
  HIGHEST GUST SPEED    20   HIGHEST GUST DIRECTION    SE (130)
  AVERAGE WIND SPEED     8.8


SKY COVER
  POSSIBLE SUNSHINE  MM
  AVERAGE SKY COVER 0.8


WEATHER CONDITIONS
 THE FOLLOWING WEATHER WAS RECORDED TODAY.
  LIGHT RAIN


RELATIVE HUMIDITY (PERCENT)
 HIGHEST    84           600 AM
 LOWEST     51           200 PM
 AVERAGE    68

..........................................................


THE DAYTON OH CLIMATE NORMALS FOR TOMORROW
                         NORMAL    RECORD    YEAR
 MAXIMUM TEMPERATURE (F)   75        98      1911
 MINIMUM TEMPERATURE (F)   55        33      1907


SUNRISE AND SUNSET
MAY 27 2020...........SUNRISE   613 AM EDT   SUNSET   856 PM EDT
MAY 28 2020...........SUNRISE   612 AM EDT   SUNSET   857 PM EDT


-  INDICATES NEGATIVE NUMBERS.
R  INDICATES RECORD WAS SET OR TIED.
MM INDICATES DATA IS MISSING.
T  INDICATES TRACE AMOUNT.




$$
