000
CDUS41 KILN 200538
CLIDAY

CLIMATE REPORT
NATIONAL WEATHER SERVICE WILMINGTON OH
138 AM EDT TUE OCT 20 2020

...................................

...THE DAYTON OH CLIMATE SUMMARY FOR OCTOBER 19 2020...

CLIMATE NORMAL PERIOD: 1981 TO 2010
CLIMATE RECORD PERIOD: 1869 TO 2020


WEATHER ITEM   OBSERVED TIME   RECORD YEAR NORMAL DEPARTURE LAST
                VALUE   (LST)  VALUE       VALUE  FROM      YEAR
                                                  NORMAL
...................................................................
TEMPERATURE (F)
 YESTERDAY
  MAXIMUM         53   2:00 AM  84    1910  63    -10       69
                                      1953
  MINIMUM         48  12:21 PM  23    1992  43      5       40
  AVERAGE         51                        53     -2       55

PRECIPITATION (IN)
  YESTERDAY        0.98          1.92 2011   0.09   0.89     0.00
  MONTH TO DATE    1.49                      1.83  -0.34     1.12
  SINCE SEP 1      2.39                      5.13  -2.74     1.82
  SINCE JAN 1     33.10                     33.44  -0.34    35.86

SNOWFALL (IN)
  YESTERDAY        0.0           4.8  1989   0.1   -0.1      0.0
  MONTH TO DATE    0.0                       0.1   -0.1      0.0
  SINCE SEP 1      0.0                       0.1   -0.1      0.0
  SINCE JUL 1      0.0                       0.1   -0.1       T
  SNOW DEPTH       0

DEGREE DAYS
 HEATING
  YESTERDAY       14                        12      2       10
  MONTH TO DATE  156                       185    -29      131
  SINCE SEP 1    217                       273    -56      131
  SINCE JUL 1    217                       275    -58      131

 COOLING
  YESTERDAY        0                         0      0        0
  MONTH TO DATE    9                        10     -1       48
  SINCE SEP 1    143                       109     34      319
  SINCE JAN 1   1203                       891    312     1358
...................................................................


WIND (MPH)
  RESULTANT WIND SPEED   7   RESULTANT WIND DIRECTION   N (20)
  HIGHEST WIND SPEED    16   HIGHEST WIND DIRECTION    NE (40)
  HIGHEST GUST SPEED    20   HIGHEST GUST DIRECTION     N (20)
  AVERAGE WIND SPEED     7.8


SKY COVER
  POSSIBLE SUNSHINE  MM
  AVERAGE SKY COVER 1.0


WEATHER CONDITIONS
THE FOLLOWING WEATHER WAS RECORDED YESTERDAY.
  HEAVY RAIN
  RAIN
  LIGHT RAIN
  FOG


RELATIVE HUMIDITY (PERCENT)
 HIGHEST   100           7:00 AM
 LOWEST     89           2:00 AM
 AVERAGE    95

..........................................................


THE DAYTON OH CLIMATE NORMALS FOR TODAY
                         NORMAL    RECORD    YEAR
 MAXIMUM TEMPERATURE (F)   62        84      1953
 MINIMUM TEMPERATURE (F)   43        24      1952


SUNRISE AND SUNSET
OCTOBER 20 2020.......SUNRISE   7:53 AM EDT   SUNSET   6:49 PM EDT
OCTOBER 21 2020.......SUNRISE   7:54 AM EDT   SUNSET   6:48 PM EDT


-  INDICATES NEGATIVE NUMBERS.
R  INDICATES RECORD WAS SET OR TIED.
MM INDICATES DATA IS MISSING.
T  INDICATES TRACE AMOUNT.




$$
