000
CDUS43 KDVN 152125
CLIDBQ


CLIMATE REPORT
NATIONAL WEATHER SERVICE QUAD CITIES IA IL
424 PM CDT MON OCT 15 2018


...................................

...THE DUBUQUE IA CLIMATE SUMMARY FOR OCTOBER 15 2018...
VALID TODAY AS OF 0400 PM LOCAL TIME.

CLIMATE NORMAL PERIOD 1981 TO 2010
CLIMATE RECORD PERIOD 1873 TO 2018


WEATHER ITEM   OBSERVED TIME   RECORD YEAR NORMAL DEPARTURE LAST
                VALUE   (LST)  VALUE       VALUE  FROM      YEAR
                                                  NORMAL
..................................................................
TEMPERATURE (F)
 TODAY
  MAXIMUM         45    259 PM  86    1897  61    -16       62
  MINIMUM         30    649 AM  22    1952  40    -10       38
  AVERAGE         38                        50    -12       50

PRECIPITATION (IN)
  TODAY            T             1.31 1957   0.08  -0.08     0.00
  MONTH TO DATE    6.27                      1.29   4.98     6.04
  SINCE SEP 1     15.20                      4.75  10.45     7.06
  SINCE JAN 1     47.17                     30.73  16.44    34.48

SNOWFALL (IN)
  TODAY            T            MM      MM   0.0    0.0      0.0
  MONTH TO DATE    T                         0.0    0.0      0.0
  SINCE SEP 1      T                         0.0    0.0      0.0
  SINCE JUL 1      T                         0.0    0.0      0.0
  SNOW DEPTH       0

DEGREE DAYS
 HEATING
  TODAY           27                        15     12       15
  MONTH TO DATE  212                       188     24       94
  SINCE SEP 1    325                       339    -14      183
  SINCE JUL 1    332                       366    -34      209

 COOLING
  TODAY            0                         0      0        0
  MONTH TO DATE   13                         4      9        9
  SINCE SEP 1    118                        65     53      111
  SINCE JAN 1    848                       641    207      566
..................................................................


WIND (MPH)
  HIGHEST WIND SPEED    22   HIGHEST WIND DIRECTION     W (290)
  HIGHEST GUST SPEED    31   HIGHEST GUST DIRECTION     W (270)
  AVERAGE WIND SPEED    13.4


SKY COVER
  POSSIBLE SUNSHINE  MM
  AVERAGE SKY COVER 0.3


WEATHER CONDITIONS
 THE FOLLOWING WEATHER WAS RECORDED TODAY.
  LIGHT SNOW
  FOG


RELATIVE HUMIDITY (PERCENT)
 HIGHEST    89           100 AM
 LOWEST     49          1100 AM
 AVERAGE    69

..........................................................


THE DUBUQUE IA CLIMATE NORMALS FOR TOMORROW
                         NORMAL    RECORD    YEAR
 MAXIMUM TEMPERATURE (F)   60        86      1950
 MINIMUM TEMPERATURE (F)   40        26      1952
                                             1875


SUNRISE AND SUNSET
OCTOBER 15 2018.......SUNRISE   716 AM CDT   SUNSET   621 PM CDT
OCTOBER 16 2018.......SUNRISE   717 AM CDT   SUNSET   619 PM CDT


-  INDICATES NEGATIVE NUMBERS.
R  INDICATES RECORD WAS SET OR TIED.
MM INDICATES DATA IS MISSING.
T  INDICATES TRACE AMOUNT.




$$
