000
CDUS43 KDVN 232235
CLIDBQ


CLIMATE REPORT
NATIONAL WEATHER SERVICE QUAD CITIES IA IL
435 PM CST WED JAN 23 2019


...................................

...THE DUBUQUE IA CLIMATE SUMMARY FOR JANUARY 23 2019...
VALID TODAY AS OF 0400 PM LOCAL TIME.

CLIMATE NORMAL PERIOD 1981 TO 2010
CLIMATE RECORD PERIOD 1873 TO 2019


WEATHER ITEM   OBSERVED TIME   RECORD YEAR NORMAL DEPARTURE LAST
                VALUE   (LST)  VALUE       VALUE  FROM      YEAR
                                                  NORMAL
..................................................................
TEMPERATURE (F)
 TODAY
  MAXIMUM         21   1215 AM  55    1909  27     -6       33
  MINIMUM         16   1015 AM -25    1936  11      5       22
  AVERAGE         19                        19      0       28

PRECIPITATION (IN)
  TODAY            0.24          1.14 1887   0.03   0.21     0.03
  MONTH TO DATE    2.13                      0.85   1.28     1.19
  SINCE DEC 1      4.20                      2.69   1.51     1.90
  SINCE JAN 1      2.13                      0.85   1.28     1.19

SNOWFALL (IN)
  TODAY            3.1          MM      MM   0.3    2.8      0.1
  MONTH TO DATE   13.1                       7.3    5.8      3.5
  SINCE DEC 1     15.2                      19.1   -3.9      9.2
  SINCE JUL 1     19.4                      21.9   -2.5      9.2
  SNOW DEPTH       7

DEGREE DAYS
 HEATING
  TODAY           46                        46      0       37
  MONTH TO DATE  947                      1058   -111     1125
  SINCE DEC 1   2043                      2368   -325     2439
  SINCE JUL 1   3736                      3868   -132     3804

 COOLING
  TODAY            0                         0      0        0
  MONTH TO DATE    0                         0      0        0
  SINCE DEC 1      0                         0      0        0
  SINCE JAN 1      0                         0      0        0
..................................................................


WIND (MPH)
  HIGHEST WIND SPEED    22   HIGHEST WIND DIRECTION     N (10)
  HIGHEST GUST SPEED    28   HIGHEST GUST DIRECTION     N (10)
  AVERAGE WIND SPEED    15.3


SKY COVER
  POSSIBLE SUNSHINE  MM
  AVERAGE SKY COVER 0.9


WEATHER CONDITIONS
 THE FOLLOWING WEATHER WAS RECORDED TODAY.
  SNOW
  LIGHT SNOW
  FOG
  HAZE


RELATIVE HUMIDITY (PERCENT)
 HIGHEST    91           100 AM
 LOWEST     73           100 PM
 AVERAGE    82

..........................................................


THE DUBUQUE IA CLIMATE NORMALS FOR TOMORROW
                         NORMAL    RECORD    YEAR
 MAXIMUM TEMPERATURE (F)   27        59      1967
 MINIMUM TEMPERATURE (F)   11       -19      1936
                                             1904
                                             1897


SUNRISE AND SUNSET
JANUARY 23 2019.......SUNRISE   725 AM CST   SUNSET   505 PM CST
JANUARY 24 2019.......SUNRISE   724 AM CST   SUNSET   506 PM CST


-  INDICATES NEGATIVE NUMBERS.
R  INDICATES RECORD WAS SET OR TIED.
MM INDICATES DATA IS MISSING.
T  INDICATES TRACE AMOUNT.




$$
