000
CDUS43 KDVN 182126
CLIDBQ


CLIMATE REPORT
NATIONAL WEATHER SERVICE QUAD CITIES IA IL
424 PM CDT FRI OCT 18 2019


...................................

...THE DUBUQUE IA CLIMATE SUMMARY FOR OCTOBER 18 2019...
VALID TODAY AS OF 0400 PM LOCAL TIME.

CLIMATE NORMAL PERIOD 1981 TO 2010
CLIMATE RECORD PERIOD 1873 TO 2019


WEATHER ITEM   OBSERVED TIME   RECORD YEAR NORMAL DEPARTURE LAST
                VALUE   (LST)  VALUE       VALUE  FROM      YEAR
                                                  NORMAL
..................................................................
TEMPERATURE (F)
 TODAY
  MAXIMUM         63    259 PM  87    1950  59      4       60
  MINIMUM         40    643 AM  16    1952  39      1       26
  AVERAGE         52                        49      3       43

PRECIPITATION (IN)
  TODAY            0.00          1.67 1984   0.09  -0.09     0.00
  MONTH TO DATE    5.42                      1.54   3.88     6.27
  SINCE SEP 1     18.73                      5.00  13.73    15.20
  SINCE JAN 1     49.86                     30.98  18.88    47.17

SNOWFALL (IN)
  TODAY            0.0          MM      MM   0.0    0.0      0.0
  MONTH TO DATE    0.0                       0.0    0.0       T
  SINCE SEP 1      0.0                       0.0    0.0       T
  SINCE JUL 1      0.0                       0.0    0.0       T
  SNOW DEPTH       0

DEGREE DAYS
 HEATING
  TODAY           13                        16     -3       22
  MONTH TO DATE  239                       234      5      278
  SINCE SEP 1    292                       385    -93      391
  SINCE JUL 1    301                       412   -111      398

 COOLING
  TODAY            0                         0      0        0
  MONTH TO DATE    9                         4      5       13
  SINCE SEP 1    106                        65     41      118
  SINCE JAN 1    679                       641     38      848
..................................................................


WIND (MPH)
  HIGHEST WIND SPEED    23   HIGHEST WIND DIRECTION     S (160)
  HIGHEST GUST SPEED    35   HIGHEST GUST DIRECTION     S (170)
  AVERAGE WIND SPEED    13.9


SKY COVER
  POSSIBLE SUNSHINE  MM
  AVERAGE SKY COVER 0.0


WEATHER CONDITIONS
 THE FOLLOWING WEATHER WAS RECORDED TODAY.
  NO SIGNIFICANT WEATHER WAS OBSERVED.


RELATIVE HUMIDITY (PERCENT)
 HIGHEST    85           100 AM
 LOWEST     46           200 PM
 AVERAGE    66

..........................................................


THE DUBUQUE IA CLIMATE NORMALS FOR TOMORROW
                         NORMAL    RECORD    YEAR
 MAXIMUM TEMPERATURE (F)   59        83      1953
 MINIMUM TEMPERATURE (F)   39        18      1972


SUNRISE AND SUNSET
OCTOBER 18 2019.......SUNRISE   719 AM CDT   SUNSET   616 PM CDT
OCTOBER 19 2019.......SUNRISE   720 AM CDT   SUNSET   615 PM CDT


-  INDICATES NEGATIVE NUMBERS.
R  INDICATES RECORD WAS SET OR TIED.
MM INDICATES DATA IS MISSING.
T  INDICATES TRACE AMOUNT.




$$
