000
CDUS43 KDVN 250919
CLIDBQ


CLIMATE REPORT
NATIONAL WEATHER SERVICE QUAD CITIES IA IL
418 AM CDT WED APR 25 2018


...................................

...THE DUBUQUE IA CLIMATE SUMMARY FOR APRIL 24 2018...

CLIMATE NORMAL PERIOD 1981 TO 2010
CLIMATE RECORD PERIOD 1873 TO 2018


WEATHER ITEM   OBSERVED TIME   RECORD YEAR NORMAL DEPARTURE LAST
                VALUE   (LST)  VALUE       VALUE  FROM      YEAR
                                                  NORMAL
..................................................................
TEMPERATURE (F)
 YESTERDAY
  MAXIMUM         73    431 PM  85    1939  62     11       73
  MINIMUM         39    352 AM  22    1956  41     -2       45
  AVERAGE         56                        52      4       59

PRECIPITATION (IN)
  YESTERDAY        0.00          1.89 1965   0.13  -0.13     0.00
  MONTH TO DATE    1.59                      2.85  -1.26     3.76
  SINCE MAR 1      3.43                      5.26  -1.83     5.89
  SINCE JAN 1      7.48                      7.87  -0.39     9.70

SNOWFALL (IN)
  YESTERDAY        0.0          MM      MM   0.0    0.0      0.0
  MONTH TO DATE    8.6                       1.8    6.8       T
  SINCE MAR 1     16.2                       8.1    8.1      4.5
  SINCE JUL 1     38.2                      41.7   -3.5     27.1
  SNOW DEPTH       0

DEGREE DAYS
 HEATING
  YESTERDAY        9                        14     -5        6
  MONTH TO DATE  704                       435    269      311
  SINCE MAR 1   1658                      1353    305     1200
  SINCE JUL 1   6963                      6746    217     5681

 COOLING
  YESTERDAY        0                         0      0        0
  MONTH TO DATE    0                         0      0        5
  SINCE MAR 1      0                         0      0        5
  SINCE JAN 1      0                         0      0        5
..................................................................


WIND (MPH)
  HIGHEST WIND SPEED    24   HIGHEST WIND DIRECTION     N (360)
  HIGHEST GUST SPEED    29   HIGHEST GUST DIRECTION     N (10)
  AVERAGE WIND SPEED    10.0


SKY COVER
  POSSIBLE SUNSHINE  MM
  AVERAGE SKY COVER 0.2


WEATHER CONDITIONS
 THE FOLLOWING WEATHER WAS RECORDED YESTERDAY.
  NO SIGNIFICANT WEATHER WAS OBSERVED.


RELATIVE HUMIDITY (PERCENT)
 HIGHEST    70           400 AM
 LOWEST     22           100 PM
 AVERAGE    46

..........................................................


THE DUBUQUE IA CLIMATE NORMALS FOR TODAY
                         NORMAL    RECORD    YEAR
 MAXIMUM TEMPERATURE (F)   62        86      1986
 MINIMUM TEMPERATURE (F)   41        28      1887


SUNRISE AND SUNSET
APRIL 25 2018.........SUNRISE   606 AM CDT   SUNSET   756 PM CDT
APRIL 26 2018.........SUNRISE   605 AM CDT   SUNSET   757 PM CDT


-  INDICATES NEGATIVE NUMBERS.
R  INDICATES RECORD WAS SET OR TIED.
MM INDICATES DATA IS MISSING.
T  INDICATES TRACE AMOUNT.




$$
