000
CDUS41 KALY 220622
CLIDDH

CLIMATE REPORT
NATIONAL WEATHER SERVICE ALBANY NY
222 AM EDT THU OCT 22 2020

...................................

...THE BENNINGTON VT CLIMATE SUMMARY FOR OCTOBER 21 2020...

CLIMATE NORMAL PERIOD: 1981 TO 2010
CLIMATE RECORD PERIOD: 9999 TO 9999


WEATHER ITEM   OBSERVED TIME   NORMAL DEPARTURE LAST
                VALUE   (LST)  VALUE  FROM      YEAR
                                      NORMAL
.......................................................
TEMPERATURE (F)
 YESTERDAY
  MAXIMUM         73   2:45 PM  57     16       60
  MINIMUM         51   6:19 AM  35     16       34
  AVERAGE         62            46     16       47

PRECIPITATION (IN)
  YESTERDAY        T             0.12  -0.12     0.00
  MONTH TO DATE    2.26          2.62  -0.36     4.36
  SINCE SEP 1      6.07          6.19  -0.12     6.63
  SINCE JAN 1     29.35         33.73  -4.38    34.10

DEGREE DAYS
 HEATING
  YESTERDAY        3            19    -16       18
  MONTH TO DATE  270           334    -64      307
  SINCE SEP 1    441           540    -99      493
  SINCE JUL 1    471           612   -141      528

 COOLING
  YESTERDAY        0             0      0        0
  MONTH TO DATE    0             0      0        3
  SINCE SEP 1     40            23     17       24
  SINCE JAN 1    574           311    263      375
.......................................................


WIND (MPH)
  HIGHEST WIND SPEED    18   HIGHEST WIND DIRECTION     S (200)
  HIGHEST GUST SPEED    25   HIGHEST GUST DIRECTION     S (180)
  AVERAGE WIND SPEED     6.0


SKY COVER
  AVERAGE SKY COVER 0.7


RELATIVE HUMIDITY (PERCENT)
 HIGHEST    93          12:00 AM
 LOWEST     57           2:00 PM
 AVERAGE    75

..........................................................


THE BENNINGTON VT CLIMATE NORMALS FOR TODAY
                         NORMAL    RECORD
 MAXIMUM TEMPERATURE (F)   57        MM
 MINIMUM TEMPERATURE (F)   34        MM


SUNRISE AND SUNSET
OCTOBER 22 2020.......SUNRISE   7:15 AM EDT   SUNSET   5:59 PM EDT
OCTOBER 23 2020.......SUNRISE   7:17 AM EDT   SUNSET   5:57 PM EDT


-  INDICATES NEGATIVE NUMBERS.
R  INDICATES RECORD WAS SET OR TIED.
MM INDICATES DATA IS MISSING.
T  INDICATES TRACE AMOUNT.




$$
