721
CDUS41 KALY 182141
CLIDDH


CLIMATE REPORT
NATIONAL WEATHER SERVICE ALBANY NY
441 PM EST TUE DEC 18 2018


...................................

...THE BENNINGTON VT CLIMATE SUMMARY FOR DECEMBER 18 2018...
VALID TODAY AS OF 0400 PM LOCAL TIME.

CLIMATE NORMAL PERIOD 1981 TO 2010
CLIMATE RECORD PERIOD 9999 TO 9999


WEATHER ITEM   OBSERVED TIME   NORMAL DEPARTURE LAST
                VALUE   (LST)  VALUE  FROM      YEAR
                                      NORMAL
......................................................
TEMPERATURE (F)
 TODAY
  MAXIMUM         28   1204 AM  35     -7       37
  MINIMUM         18    755 AM  19     -1       14
  AVERAGE         23            27     -4       26

PRECIPITATION (IN)
  TODAY            T             0.09  -0.09     0.04
  MONTH TO DATE    1.18          1.68  -0.50     0.99
  SINCE DEC 1      1.18          1.68  -0.50     0.99
  SINCE JAN 1     42.47         39.59   2.88    40.55

DEGREE DAYS
 HEATING
  TODAY           42            38      4       39
  MONTH TO DATE  665           630     35      651
  SINCE DEC 1    665           630     35      651
  SINCE JUL 1   2170          2243    -73     1951

 COOLING
  TODAY            0             0      0        0
  MONTH TO DATE    0             0      0        0
  SINCE DEC 1      0             0      0        0
  SINCE JAN 1    637           313    324      395
......................................................


WIND (MPH)
  HIGHEST WIND SPEED    17   HIGHEST WIND DIRECTION     W (290)
  HIGHEST GUST SPEED    32   HIGHEST GUST DIRECTION    NW (320)
  AVERAGE WIND SPEED    11.7


SKY COVER
  AVERAGE SKY COVER 0.6



RELATIVE HUMIDITY (PERCENT)
 HIGHEST    62
 LOWEST     50
 AVERAGE    56

..........................................................


THE BENNINGTON VT CLIMATE NORMALS FOR TOMORROW
                         NORMAL
 MAXIMUM TEMPERATURE (F)   34
 MINIMUM TEMPERATURE (F)   18


SUNRISE AND SUNSET
DECEMBER 18 2018......SUNRISE   719 AM EST   SUNSET   420 PM EST
DECEMBER 19 2018......SUNRISE   719 AM EST   SUNSET   421 PM EST


-  INDICATES NEGATIVE NUMBERS.
R  INDICATES RECORD WAS SET OR TIED.
MM INDICATES DATA IS MISSING.
T  INDICATES TRACE AMOUNT.




$$
