000
CDUS43 KILX 140631
CLIDEC


CLIMATE REPORT
NATIONAL WEATHER SERVICE LINCOLN IL
129 AM CDT MON OCT 14 2019


...................................

...THE DECATUR IL AIRPORT CLIMATE SUMMARY FOR OCTOBER 13 2019...

CLIMATE NORMAL PERIOD 1981 TO 2010
CLIMATE RECORD PERIOD 9999 TO 9999


WEATHER ITEM   OBSERVED TIME   RECORD YEAR NORMAL DEPARTURE LAST
                VALUE   (LST)  VALUE       VALUE  FROM      YEAR
                                                  NORMAL
..................................................................
TEMPERATURE (F)
 YESTERDAY
  MAXIMUM         64    343 PM  MM      MM  67     -3       52
  MINIMUM         41   1159 PM  MM      MM  43     -2       34
  AVERAGE         53                        55     -2       43

PRECIPITATION (IN)
  YESTERDAY        0.00         MM      MM   0.10  -0.10     0.00
  MONTH TO DATE    0.34                      1.28  -0.94     1.06
  SINCE SEP 1      4.19                      4.17   0.02     5.60
  SINCE JAN 1     35.21                     30.48   4.73    31.91

DEGREE DAYS
 HEATING
  YESTERDAY       12                        10      2       22
  MONTH TO DATE   84                       112    -28       67
  SINCE SEP 1     88                       179    -91       99
  SINCE JUL 1     88                       185    -97      104

 COOLING
  YESTERDAY        0                         1     -1        0
  MONTH TO DATE   27                        14     13       72
  SINCE SEP 1    247                       125    122      292
  SINCE JAN 1   1225                      1043    182     1472
..................................................................


WIND (MPH)
  HIGHEST WIND SPEED    21   HIGHEST WIND DIRECTION    SW (230)
  HIGHEST GUST SPEED    30   HIGHEST GUST DIRECTION    SW (230)
  AVERAGE WIND SPEED    10.0


SKY COVER
  POSSIBLE SUNSHINE  MM
  AVERAGE SKY COVER 0.0


WEATHER CONDITIONS
 THE FOLLOWING WEATHER WAS RECORDED YESTERDAY.
  NO SIGNIFICANT WEATHER WAS OBSERVED.


RELATIVE HUMIDITY (PERCENT)
 HIGHEST    76           700 AM
 LOWEST     27           400 PM
 AVERAGE    52

..........................................................


THE DECATUR IL AIRPORT CLIMATE NORMALS FOR TODAY
                         NORMAL    RECORD    YEAR
 MAXIMUM TEMPERATURE (F)   67        MM        MM
 MINIMUM TEMPERATURE (F)   43        MM        MM


SUNRISE AND SUNSET
OCTOBER 14 2019.......SUNRISE   704 AM CDT   SUNSET   618 PM CDT
OCTOBER 15 2019.......SUNRISE   705 AM CDT   SUNSET   616 PM CDT


-  INDICATES NEGATIVE NUMBERS.
R  INDICATES RECORD WAS SET OR TIED.
MM INDICATES DATA IS MISSING.
T  INDICATES TRACE AMOUNT.




$$
