000
CDUS43 KILX 230633
CLIDEC


CLIMATE REPORT
NATIONAL WEATHER SERVICE LINCOLN IL
131 AM CDT MON APR 23 2018


...................................

...THE DECATUR IL AIRPORT CLIMATE SUMMARY FOR APRIL 22 2018...

CLIMATE NORMAL PERIOD 1981 TO 2010
CLIMATE RECORD PERIOD 9999 TO 9999


WEATHER ITEM   OBSERVED TIME   RECORD YEAR NORMAL DEPARTURE LAST
                VALUE   (LST)  VALUE       VALUE  FROM      YEAR
                                                  NORMAL
..................................................................
TEMPERATURE (F)
 YESTERDAY
  MAXIMUM         70    134 PM  MM      MM  66      4       62
  MINIMUM         43   1219 AM  MM      MM  44     -1       39
  AVERAGE         57                        55      2       51

PRECIPITATION (IN)
  YESTERDAY        0.00         MM      MM   0.13  -0.13     0.00
  MONTH TO DATE    1.64                      2.44  -0.80     2.00
  SINCE MAR 1      5.01                      5.08  -0.07     4.70
  SINCE JAN 1     10.14                      8.80   1.34     6.80

DEGREE DAYS
 HEATING
  YESTERDAY        8                        10     -2       14
  MONTH TO DATE  486                       309    177      186
  SINCE MAR 1   1293                      1036    257      841
  SINCE JUL 1   5445                      5293    152     4200

 COOLING
  YESTERDAY        0                         0      0        0
  MONTH TO DATE    3                         0      3       20
  SINCE MAR 1      3                         1      2       20
  SINCE JAN 1      3                         1      2       20
..................................................................


WIND (MPH)
  HIGHEST WIND SPEED    25   HIGHEST WIND DIRECTION    NE (60)
  HIGHEST GUST SPEED    33   HIGHEST GUST DIRECTION     E (70)
  AVERAGE WIND SPEED    15.8


SKY COVER
  POSSIBLE SUNSHINE  MM
  AVERAGE SKY COVER 0.3


WEATHER CONDITIONS
 THE FOLLOWING WEATHER WAS RECORDED YESTERDAY.
  NO SIGNIFICANT WEATHER WAS OBSERVED.


RELATIVE HUMIDITY (PERCENT)
 HIGHEST    62          1200 AM
 LOWEST     26           100 PM
 AVERAGE    44

..........................................................


THE DECATUR IL AIRPORT CLIMATE NORMALS FOR TODAY
                         NORMAL    RECORD    YEAR
 MAXIMUM TEMPERATURE (F)   67        MM        MM
 MINIMUM TEMPERATURE (F)   44        MM        MM


SUNRISE AND SUNSET
APRIL 23 2018.........SUNRISE   606 AM CDT   SUNSET   742 PM CDT
APRIL 24 2018.........SUNRISE   605 AM CDT   SUNSET   743 PM CDT


-  INDICATES NEGATIVE NUMBERS.
R  INDICATES RECORD WAS SET OR TIED.
MM INDICATES DATA IS MISSING.
T  INDICATES TRACE AMOUNT.




$$
