000
CDUS43 KILX 170653
CLIDEC


CLIMATE REPORT
NATIONAL WEATHER SERVICE LINCOLN IL
153 AM CDT TUE JUL 17 2018


...................................

...THE DECATUR IL AIRPORT CLIMATE SUMMARY FOR JULY 16 2018...

CLIMATE NORMAL PERIOD 1981 TO 2010
CLIMATE RECORD PERIOD 9999 TO 9999


WEATHER ITEM   OBSERVED TIME   RECORD YEAR NORMAL DEPARTURE LAST
                VALUE   (LST)  VALUE       VALUE  FROM      YEAR
                                                  NORMAL
..................................................................
TEMPERATURE (F)
 YESTERDAY
  MAXIMUM         91    118 PM  MM      MM  87      4       89
  MINIMUM         73   1156 PM  MM      MM  65      8       62
  AVERAGE         82                        76      6       76

PRECIPITATION (IN)
  YESTERDAY        T            MM      MM   0.15  -0.15     0.37
  MONTH TO DATE    2.74                      2.01   0.73     2.24
  SINCE JUN 1      8.27                      6.36   1.91     3.66
  SINCE JAN 1     20.61                     20.81  -0.20    22.59

DEGREE DAYS
 HEATING
  YESTERDAY        0                         0      0        0
  MONTH TO DATE    0                         0      0        0
  SINCE JUN 1      0                        17    -17        4
  SINCE JUL 1      0                         0      0        0

 COOLING
  YESTERDAY       17                        11      6       11
  MONTH TO DATE  189                       176     13      198
  SINCE JUN 1    519                       405    114      453
  SINCE JAN 1    746                       492    254      550
..................................................................


WIND (MPH)
  HIGHEST WIND SPEED    17   HIGHEST WIND DIRECTION    NW (310)
  HIGHEST GUST SPEED    24   HIGHEST GUST DIRECTION    NW (310)
  AVERAGE WIND SPEED     6.8


SKY COVER
  POSSIBLE SUNSHINE  MM
  AVERAGE SKY COVER 0.4


WEATHER CONDITIONS
 THE FOLLOWING WEATHER WAS RECORDED YESTERDAY.
  THUNDERSTORM
  LIGHT RAIN
  FOG


RELATIVE HUMIDITY (PERCENT)
 HIGHEST   100           100 AM
 LOWEST     59           200 PM
 AVERAGE    80

..........................................................


THE DECATUR IL AIRPORT CLIMATE NORMALS FOR TODAY
                         NORMAL    RECORD    YEAR
 MAXIMUM TEMPERATURE (F)   87        MM        MM
 MINIMUM TEMPERATURE (F)   65        MM        MM


SUNRISE AND SUNSET
JULY 17 2018..........SUNRISE   541 AM CDT   SUNSET   821 PM CDT
JULY 18 2018..........SUNRISE   542 AM CDT   SUNSET   821 PM CDT


-  INDICATES NEGATIVE NUMBERS.
R  INDICATES RECORD WAS SET OR TIED.
MM INDICATES DATA IS MISSING.
T  INDICATES TRACE AMOUNT.




$$
