000
CDUS43 KILX 172132
CLIDEC


CLIMATE REPORT
NATIONAL WEATHER SERVICE LINCOLN IL
431 PM CDT WED OCT 17 2018


...................................

...THE DECATUR IL AIRPORT CLIMATE SUMMARY FOR OCTOBER 17 2018...
VALID TODAY AS OF 0400 PM LOCAL TIME.

CLIMATE NORMAL PERIOD 1981 TO 2010
CLIMATE RECORD PERIOD 9999 TO 9999


WEATHER ITEM   OBSERVED TIME   RECORD YEAR NORMAL DEPARTURE LAST
                VALUE   (LST)  VALUE       VALUE  FROM      YEAR
                                                  NORMAL
..................................................................
TEMPERATURE (F)
 TODAY
  MAXIMUM         57    143 PM  MM      MM  65     -8       68
  MINIMUM         41    622 AM  MM      MM  43     -2       43
  AVERAGE         49                        54     -5       56

PRECIPITATION (IN)
  TODAY            0.00         MM      MM   0.10  -0.10     0.00
  MONTH TO DATE    1.11                      1.68  -0.57     3.34
  SINCE SEP 1      5.65                      4.57   1.08     4.22
  SINCE JAN 1     31.96                     30.88   1.08    30.39

DEGREE DAYS
 HEATING
  TODAY           16                        11      5        9
  MONTH TO DATE  143                       156    -13       51
  SINCE SEP 1    175                       223    -48       93
  SINCE JUL 1    180                       229    -49       94

 COOLING
  TODAY            0                         0      0        0
  MONTH TO DATE   72                        14     58       49
  SINCE SEP 1    292                       125    167      212
  SINCE JAN 1   1472                      1043    429     1118
..................................................................


WIND (MPH)
  HIGHEST WIND SPEED    22   HIGHEST WIND DIRECTION     W (290)
  HIGHEST GUST SPEED    33   HIGHEST GUST DIRECTION    NW (310)
  AVERAGE WIND SPEED    11.7


SKY COVER
  POSSIBLE SUNSHINE  MM
  AVERAGE SKY COVER 0.0


WEATHER CONDITIONS
 THE FOLLOWING WEATHER WAS RECORDED TODAY.
  NO SIGNIFICANT WEATHER WAS OBSERVED.


RELATIVE HUMIDITY (PERCENT)
 HIGHEST    79           600 AM
 LOWEST     35           200 PM
 AVERAGE    57

..........................................................


THE DECATUR IL AIRPORT CLIMATE NORMALS FOR TOMORROW
                         NORMAL    RECORD    YEAR
 MAXIMUM TEMPERATURE (F)   65        MM        MM
 MINIMUM TEMPERATURE (F)   42        MM        MM


SUNRISE AND SUNSET
OCTOBER 17 2018.......SUNRISE   708 AM CDT   SUNSET   613 PM CDT
OCTOBER 18 2018.......SUNRISE   709 AM CDT   SUNSET   612 PM CDT


-  INDICATES NEGATIVE NUMBERS.
R  INDICATES RECORD WAS SET OR TIED.
MM INDICATES DATA IS MISSING.
T  INDICATES TRACE AMOUNT.




$$
