000
CDUS43 KILX 260627
CLIDEC

CLIMATE REPORT
NATIONAL WEATHER SERVICE LINCOLN IL
127 AM CDT MON OCT 26 2020

...................................

...THE DECATUR IL AIRPORT CLIMATE SUMMARY FOR OCTOBER 25 2020...

CLIMATE NORMAL PERIOD 1981 TO 2010
CLIMATE RECORD PERIOD 9999 TO 9999


WEATHER ITEM   OBSERVED TIME   RECORD YEAR NORMAL DEPARTURE LAST
                VALUE   (LST)  VALUE       VALUE  FROM      YEAR
                                                  NORMAL
...................................................................
TEMPERATURE (F)
 YESTERDAY
  MAXIMUM         50    109 PM  MM      MM  62    -12       54
  MINIMUM         43   1159 PM  MM      MM  41      2       43
  AVERAGE         47                        52     -5       49

PRECIPITATION (IN)
  YESTERDAY        T            MM      MM   0.12  -0.12     0.00
  MONTH TO DATE    1.62                      2.59  -0.97     0.51
  SINCE SEP 1      3.35                      5.48  -2.13     4.36
  SINCE JAN 1     33.05                     31.79   1.26    35.38

DEGREE DAYS
 HEATING
  YESTERDAY       18                        14      4       16
  MONTH TO DATE  252                       257     -5      249
  SINCE SEP 1    311                       324    -13      253
  SINCE JUL 1    312                       330    -18      253

 COOLING
  YESTERDAY        0                         0      0        0
  MONTH TO DATE   15                        14      1       27
  SINCE SEP 1    122                       125     -3      247
  SINCE JAN 1   1111                      1043     68     1225
...................................................................


WIND (MPH)
  HIGHEST WIND SPEED    17   HIGHEST WIND DIRECTION    NE (60)
  HIGHEST GUST SPEED    22   HIGHEST GUST DIRECTION    NE (60)
  AVERAGE WIND SPEED    11.0


SKY COVER
  POSSIBLE SUNSHINE  MM
  AVERAGE SKY COVER 1.0


WEATHER CONDITIONS
THE FOLLOWING WEATHER WAS RECORDED YESTERDAY.
  FOG
  HAZE


RELATIVE HUMIDITY (PERCENT)
 HIGHEST   100           700 PM
 LOWEST     68           100 PM
 AVERAGE    84

..........................................................


THE DECATUR IL AIRPORT CLIMATE NORMALS FOR TODAY
                         NORMAL    RECORD    YEAR
 MAXIMUM TEMPERATURE (F)   62        MM        MM
 MINIMUM TEMPERATURE (F)   41        MM        MM


SUNRISE AND SUNSET
OCTOBER 26 2020.......SUNRISE   718 AM CDT   SUNSET   600 PM CDT
OCTOBER 27 2020.......SUNRISE   719 AM CDT   SUNSET   559 PM CDT


-  INDICATES NEGATIVE NUMBERS.
R  INDICATES RECORD WAS SET OR TIED.
MM INDICATES DATA IS MISSING.
T  INDICATES TRACE AMOUNT.




$$
