000
CDUS45 KBOU 220735
CLIDEN


CLIMATE REPORT
NATIONAL WEATHER SERVICE DENVER/BOULDER CO
133 AM MDT TUE MAY 22 2018


...................................

...THE DENVER CO CLIMATE SUMMARY FOR MAY 21 2018...

CLIMATE NORMAL PERIOD 1981 TO 2010
CLIMATE RECORD PERIOD 1872 TO 2018


WEATHER ITEM   OBSERVED TIME   RECORD YEAR NORMAL DEPARTURE LAST
                VALUE   (LST)  VALUE       VALUE  FROM      YEAR
                                                  NORMAL
..................................................................
TEMPERATURE (F)
 YESTERDAY
  MAXIMUM         79    441 PM  91    2006  73      6       67
  MINIMUM         42    436 AM  31    2001  44     -2       35
                                      1931
  AVERAGE         61                        59      2       51

PRECIPITATION (IN)
  YESTERDAY        0.00          1.44 1914   0.07  -0.07     0.27
  MONTH TO DATE    1.77                      1.40   0.37     2.99
  SINCE MAR 1      3.65                      4.03  -0.38     4.87
  SINCE JAN 1      4.50                      4.81  -0.31     5.64

SNOWFALL (IN)
  YESTERDAY        0.0
  MONTH TO DATE    0.0
  SINCE MAR 1      6.3
  SINCE JUL 1     25.7
  SNOW DEPTH       0

DEGREE DAYS
 HEATING
  YESTERDAY        4                         7     -3       14
  MONTH TO DATE  144                       210    -66      211
  SINCE MAR 1   1337                      1502   -165     1212
  SINCE JUL 1   5394                      5941   -547     5014

 COOLING
  YESTERDAY        0                         1     -1        0
  MONTH TO DATE   10                         6      4        6
  SINCE MAR 1     12                         7      5        6
  SINCE JAN 1     12                         7      5        6
..................................................................


WIND (MPH)
  HIGHEST WIND SPEED    31   HIGHEST WIND DIRECTION    SE (140)
  HIGHEST GUST SPEED    39   HIGHEST GUST DIRECTION    SE (140)
  AVERAGE WIND SPEED     8.5


SKY COVER
  POSSIBLE SUNSHINE  MM
  AVERAGE SKY COVER 0.6


WEATHER CONDITIONS
 THE FOLLOWING WEATHER WAS RECORDED YESTERDAY.
  THUNDERSTORM
  FOG
  FOG W/VISIBILITY <= 1/4 MILE
  HAZE


RELATIVE HUMIDITY (PERCENT)
 HIGHEST   100           500 AM
 LOWEST     19           400 PM
 AVERAGE    60

..........................................................


THE DENVER CO CLIMATE NORMALS FOR TODAY
                         NORMAL    RECORD    YEAR
 MAXIMUM TEMPERATURE (F)   74        93      2012
 MINIMUM TEMPERATURE (F)   45        32      1930
                                             1910


SUNRISE AND SUNSET
MAY 22 2018...........SUNRISE   538 AM MDT   SUNSET   813 PM MDT
MAY 23 2018...........SUNRISE   537 AM MDT   SUNSET   814 PM MDT


-  INDICATES NEGATIVE NUMBERS.
R  INDICATES RECORD WAS SET OR TIED.
MM INDICATES DATA IS MISSING.
T  INDICATES TRACE AMOUNT.




$$
