000
CDUS45 KBOU 282348
CLIDEN


CLIMATE REPORT
NATIONAL WEATHER SERVICE DENVER/BOULDER CO
447 PM MST FRI FEB 28 2020


...................................

...THE DENVER CO CLIMATE SUMMARY FOR FEBRUARY 28 2020...
VALID TODAY AS OF 0400 PM LOCAL TIME.

CLIMATE NORMAL PERIOD 1981 TO 2010
CLIMATE RECORD PERIOD 1872 TO 2020


WEATHER ITEM   OBSERVED TIME   RECORD YEAR NORMAL DEPARTURE LAST
                VALUE   (LST)  VALUE       VALUE  FROM      YEAR
                                                  NORMAL
..................................................................
TEMPERATURE (F)
 TODAY
  MAXIMUM         56    355 PM  77    2006  50      6       50
  MINIMUM         32    658 AM -18    1962  22     10       20
  AVERAGE         44                        36      8       35

PRECIPITATION (IN)
  TODAY            0.00          0.44 1958   0.02  -0.02      T
                                      1875
  MONTH TO DATE    0.88                      0.37   0.51     0.72
  SINCE DEC 1      1.32                      1.13   0.19     1.50
  SINCE JAN 1      1.02                      0.78   0.24     1.47

DEGREE DAYS
 HEATING
  TODAY           21                        29     -8       30
  MONTH TO DATE 1043                       909    134     1029
  SINCE DEC 1   2944                      3057   -113     3044
  SINCE JUL 1   4479                      4439     40     4417

 COOLING
  TODAY            0                         0      0        0
  MONTH TO DATE    0                         0      0        0
  SINCE DEC 1      0                         0      0        0
  SINCE JAN 1      0                         0      0        0
..................................................................


WIND (MPH)
  HIGHEST WIND SPEED    16   HIGHEST WIND DIRECTION     W (270)
  HIGHEST GUST SPEED    22   HIGHEST GUST DIRECTION     W (290)
  AVERAGE WIND SPEED     7.3


SKY COVER
  POSSIBLE SUNSHINE  MM
  AVERAGE SKY COVER 0.1


WEATHER CONDITIONS
 THE FOLLOWING WEATHER WAS RECORDED TODAY.
  NO SIGNIFICANT WEATHER WAS OBSERVED.


RELATIVE HUMIDITY (PERCENT)
 HIGHEST    43          1200 AM
 LOWEST     16          1200 PM
 AVERAGE    30

..........................................................


THE DENVER CO CLIMATE NORMALS FOR TOMORROW
                         NORMAL    RECORD    YEAR
 MAXIMUM TEMPERATURE (F)   50        70      1992
                                             1940
 MINIMUM TEMPERATURE (F)   22        -9      1960


SUNRISE AND SUNSET
FEBRUARY 28 2020......SUNRISE   634 AM MST   SUNSET   549 PM MST
FEBRUARY 29 2020......SUNRISE   632 AM MST   SUNSET   550 PM MST


-  INDICATES NEGATIVE NUMBERS.
R  INDICATES RECORD WAS SET OR TIED.
MM INDICATES DATA IS MISSING.
T  INDICATES TRACE AMOUNT.




$$
