000
CDUS45 KBOU 172335
CLIDEN


CLIMATE REPORT
NATIONAL WEATHER SERVICE DENVER/BOULDER CO
534 PM MDT FRI AUG 17 2018


...................................

...THE DENVER CO CLIMATE SUMMARY FOR AUGUST 17 2018...
VALID TODAY AS OF 0500 PM LOCAL TIME.

CLIMATE NORMAL PERIOD 1981 TO 2010
CLIMATE RECORD PERIOD 1872 TO 2018


WEATHER ITEM   OBSERVED TIME   RECORD YEAR NORMAL DEPARTURE LAST
                VALUE   (LST)  VALUE       VALUE  FROM      YEAR
                                                  NORMAL
..................................................................
TEMPERATURE (F)
 TODAY
  MAXIMUM         89    129 PM  97    2013  87      2       87
  MINIMUM         64   1231 AM  44    1960  58      6       55
  AVERAGE         77                        73      4       71

PRECIPITATION (IN)
  TODAY            0.00          1.45 2000   0.05  -0.05     0.00
  MONTH TO DATE    0.84                      1.10  -0.26     1.86
  SINCE JUN 1      2.30                      5.24  -2.94     2.66
  SINCE JAN 1      6.89                     10.77  -3.88     8.97

DEGREE DAYS
 HEATING
  TODAY            0                         0      0        0
  MONTH TO DATE    0                         0      0        8
  SINCE JUN 1      9                        68    -59       33
  SINCE JUL 1      0                         6     -6        8

 COOLING
  TODAY           12                         8      4        6
  MONTH TO DATE  152                       154     -2       81
  SINCE JUN 1    719                       576    143      608
  SINCE JAN 1    767                       598    169      614
..................................................................


WIND (MPH)
  HIGHEST WIND SPEED    30   HIGHEST WIND DIRECTION     S (170)
  HIGHEST GUST SPEED    39   HIGHEST GUST DIRECTION     S (170)
  AVERAGE WIND SPEED     9.7


SKY COVER
  POSSIBLE SUNSHINE  MM
  AVERAGE SKY COVER 0.7


WEATHER CONDITIONS
 THE FOLLOWING WEATHER WAS RECORDED TODAY.
  THUNDERSTORM


RELATIVE HUMIDITY (PERCENT)
 HIGHEST    63           500 AM
 LOWEST     31           100 PM
 AVERAGE    47

..........................................................


THE DENVER CO CLIMATE NORMALS FOR TOMORROW
                         NORMAL    RECORD    YEAR
 MAXIMUM TEMPERATURE (F)   87        98      2013
                                             2011
                                             1986
 MINIMUM TEMPERATURE (F)   58        47      2015
                                             1960


SUNRISE AND SUNSET
AUGUST 17 2018........SUNRISE   612 AM MDT   SUNSET   752 PM MDT
AUGUST 18 2018........SUNRISE   613 AM MDT   SUNSET   751 PM MDT


-  INDICATES NEGATIVE NUMBERS.
R  INDICATES RECORD WAS SET OR TIED.
MM INDICATES DATA IS MISSING.
T  INDICATES TRACE AMOUNT.




$$
