000
CDUS44 KSHV 260747
CLIDEQ


CLIMATE REPORT
NATIONAL WEATHER SERVICE SHREVEPORT, LA
246 AM CDT TUE MAY 26 2020


...................................

...THE DE QUEEN CLIMATE SUMMARY FOR MAY 25 2020...

CLIMATE NORMAL PERIOD 1981 TO 2010
CLIMATE RECORD PERIOD 1902 TO 2020


WEATHER ITEM   OBSERVED TIME   RECORD YEAR NORMAL DEPARTURE LAST
                VALUE   (LST)  VALUE       VALUE  FROM      YEAR
                                                  NORMAL
..................................................................
TEMPERATURE (F)
 YESTERDAY
  MAXIMUM         85    117 PM  93    1964  83      2       88
  MINIMUM         66    523 AM  47    2017  61      5       68
                                      1979
  AVERAGE         76                        72      4       78

PRECIPITATION (IN)
  YESTERDAY        1.24          2.96 1969   0.11   1.13     0.00
  MONTH TO DATE    6.91                      4.76   2.15     6.19
  SINCE DEC 1     31.76                     24.69   7.07    33.80
  SINCE JAN 1     30.98                     20.33  10.65    25.44

SNOWFALL (IN)
  YESTERDAY        0.0
  MONTH TO DATE    0.0
  SINCE MAR 1      0.0
  SINCE JUL 1      0.3
  SNOW DEPTH       0

DEGREE DAYS
 HEATING
  YESTERDAY        0                         0      0        0
  MONTH TO DATE   33                        21     12       10
  SINCE MAR 1    389                       551   -162      528
  SINCE JUL 1   2666                      3042   -376     2819

 COOLING
  YESTERDAY       11                         7      4       13
  MONTH TO DATE  133                       121     12      153
  SINCE MAR 1    200                       166     34      202
  SINCE JAN 1    200                       168     32      214
..................................................................


WIND (MPH)
  HIGHEST WIND SPEED    18   HIGHEST WIND DIRECTION     S (160)
  HIGHEST GUST SPEED    25   HIGHEST GUST DIRECTION    SE (150)
  AVERAGE WIND SPEED     5.9


SKY COVER
  POSSIBLE SUNSHINE  MM
  AVERAGE SKY COVER 0.9


WEATHER CONDITIONS
 THE FOLLOWING WEATHER WAS RECORDED YESTERDAY.
  THUNDERSTORM
  HEAVY RAIN
  RAIN
  LIGHT RAIN
  FOG


RELATIVE HUMIDITY (PERCENT)
 HIGHEST    93           100 AM
 LOWEST     65           200 PM
 AVERAGE    79

..........................................................


THE DE QUEEN CLIMATE NORMALS FOR TODAY
                         NORMAL    RECORD    YEAR
 MAXIMUM TEMPERATURE (F)   83        95      2018
 MINIMUM TEMPERATURE (F)   62        45      1988


SUNRISE AND SUNSET
MAY 26 2020...........SUNRISE   609 AM CDT   SUNSET   820 PM CDT
MAY 27 2020...........SUNRISE   609 AM CDT   SUNSET   821 PM CDT


-  INDICATES NEGATIVE NUMBERS.
R  INDICATES RECORD WAS SET OR TIED.
MM INDICATES DATA IS MISSING.
T  INDICATES TRACE AMOUNT.




$$
