898
CDUS44 KSHV 202150
CLIDEQ


CLIMATE REPORT
NATIONAL WEATHER SERVICE SHREVEPORT, LA
450 PM CDT SUN OCT 20 2019


...................................

...THE DE QUEEN CLIMATE SUMMARY FOR OCTOBER 20 2019...
VALID TODAY AS OF 0400 PM LOCAL TIME.

CLIMATE NORMAL PERIOD 1981 TO 2010
CLIMATE RECORD PERIOD 1902 TO 2019


WEATHER ITEM   OBSERVED TIME   RECORD YEAR NORMAL DEPARTURE LAST
                VALUE   (LST)  VALUE       VALUE  FROM      YEAR
                                                  NORMAL
..................................................................
TEMPERATURE (F)
 TODAY
  MAXIMUM         85    259 PM  90    1969  75     10       75
  MINIMUM         52    620 AM  27    2011  49      3       48
                                      1989
                                      1976
  AVERAGE         69                        62      7       62

PRECIPITATION (IN)
  TODAY            0.00          3.11 1993   0.15  -0.15      T
  MONTH TO DATE    0.81                      2.98  -2.17     6.02
  SINCE DEC 1     51.26                     42.54   8.72    50.29
  SINCE JAN 1     42.90                     38.18   4.72    45.04

SNOWFALL (IN)
  TODAY            0.0
  MONTH TO DATE    0.0
  SINCE SEP 1      0.0
  SINCE JUL 1      0.0
  SNOW DEPTH       0

DEGREE DAYS
 HEATING
  TODAY            0                         5     -5        3
  MONTH TO DATE   67                        58      9       62
  SINCE SEP 1     67                        67      0       62
  SINCE JUL 1     67                        67      0       62

 COOLING
  TODAY            4                         2      2        0
  MONTH TO DATE   96                        54     42      119
  SINCE SEP 1    595                       327    268      487
  SINCE JAN 1   2313                      1919    394     2422
..................................................................


WIND (MPH)
  HIGHEST WIND SPEED    10   HIGHEST WIND DIRECTION     S (170)
  HIGHEST GUST SPEED    15   HIGHEST GUST DIRECTION     S (160)
  AVERAGE WIND SPEED     1.2


SKY COVER
  POSSIBLE SUNSHINE  MM
  AVERAGE SKY COVER 0.7


WEATHER CONDITIONS
 THE FOLLOWING WEATHER WAS RECORDED TODAY.
  FOG
  FOG W/VISIBILITY <= 1/4 MILE


RELATIVE HUMIDITY (PERCENT)
 HIGHEST   100           700 AM
 LOWEST     44           300 PM
 AVERAGE    72

..........................................................


THE DE QUEEN CLIMATE NORMALS FOR TOMORROW
                         NORMAL    RECORD    YEAR
 MAXIMUM TEMPERATURE (F)   75        92      1939
 MINIMUM TEMPERATURE (F)   49        22      1989


SUNRISE AND SUNSET
OCTOBER 20 2019.......SUNRISE   727 AM CDT   SUNSET   638 PM CDT
OCTOBER 21 2019.......SUNRISE   727 AM CDT   SUNSET   637 PM CDT


-  INDICATES NEGATIVE NUMBERS.
R  INDICATES RECORD WAS SET OR TIED.
MM INDICATES DATA IS MISSING.
T  INDICATES TRACE AMOUNT.




$$
