677
CDUS44 KSHV 190738
CLIDEQ


CLIMATE REPORT
NATIONAL WEATHER SERVICE SHREVEPORT, LA
238 AM CDT TUE JUN 19 2018


...................................

...THE DE QUEEN CLIMATE SUMMARY FOR JUNE 18 2018...

CLIMATE NORMAL PERIOD 1981 TO 2010
CLIMATE RECORD PERIOD 1902 TO 2018


WEATHER ITEM   OBSERVED TIME   RECORD YEAR NORMAL DEPARTURE LAST
                VALUE   (LST)  VALUE       VALUE  FROM      YEAR
                                                  NORMAL
..................................................................
TEMPERATURE (F)
 YESTERDAY
  MAXIMUM         93    419 PM 100    1953  89      4       85
  MINIMUM         72    521 AM  54    1981  67      5       73
  AVERAGE         83                        78      5       79

PRECIPITATION (IN)
  YESTERDAY        T             2.84 1940   0.16  -0.16     0.11
  MONTH TO DATE    0.28                      2.69  -2.41     1.41
  SINCE DEC 1     30.36                     28.18   2.18    23.87
  SINCE JAN 1     25.11                     23.82   1.29    21.16

SNOWFALL (IN)
  YESTERDAY        0.0
  MONTH TO DATE    0.0
  SINCE JUN 1      0.0
  SINCE JUL 1      0.1
  SNOW DEPTH       0

DEGREE DAYS
 HEATING
  YESTERDAY        0                         0      0        0
  MONTH TO DATE    0                         0      0        0
  SINCE JUN 1      0                         0      0        0
  SINCE JUL 1   2877                      3042   -165     2101

 COOLING
  YESTERDAY       18                        13      5       14
  MONTH TO DATE  289                       202     87      222
  SINCE JUN 1    289                       202     87      222
  SINCE JAN 1    650                       419    231      502
..................................................................


WIND (MPH)
  HIGHEST WIND SPEED    14   HIGHEST WIND DIRECTION    SE (140)
  HIGHEST GUST SPEED    20   HIGHEST GUST DIRECTION     E (100)
  AVERAGE WIND SPEED     5.9


SKY COVER
  POSSIBLE SUNSHINE  MM
  AVERAGE SKY COVER 0.3


WEATHER CONDITIONS
 THE FOLLOWING WEATHER WAS RECORDED YESTERDAY.
  NO SIGNIFICANT WEATHER WAS OBSERVED.


RELATIVE HUMIDITY (PERCENT)
 HIGHEST   100           500 AM
 LOWEST     49           400 PM
 AVERAGE    75

..........................................................


THE DE QUEEN CLIMATE NORMALS FOR TODAY
                         NORMAL    RECORD    YEAR
 MAXIMUM TEMPERATURE (F)   90       101      1953
 MINIMUM TEMPERATURE (F)   68        57      1945


SUNRISE AND SUNSET
JUNE 19 2018..........SUNRISE   606 AM CDT   SUNSET   832 PM CDT
JUNE 20 2018..........SUNRISE   606 AM CDT   SUNSET   832 PM CDT


-  INDICATES NEGATIVE NUMBERS.
R  INDICATES RECORD WAS SET OR TIED.
MM INDICATES DATA IS MISSING.
T  INDICATES TRACE AMOUNT.




$$
