000
CDUS44 KSHV 102243
CLIDEQ


CLIMATE REPORT
NATIONAL WEATHER SERVICE SHREVEPORT, LA
443 PM CST MON DEC 10 2018


...................................

...THE DE QUEEN CLIMATE SUMMARY FOR DECEMBER 10 2018...
VALID TODAY AS OF 0400 PM LOCAL TIME.

CLIMATE NORMAL PERIOD 1981 TO 2010
CLIMATE RECORD PERIOD 1902 TO 2018


WEATHER ITEM   OBSERVED TIME   RECORD YEAR NORMAL DEPARTURE LAST
                VALUE   (LST)  VALUE       VALUE  FROM      YEAR
                                                  NORMAL
..................................................................
TEMPERATURE (F)
 TODAY
  MAXIMUM         53    338 PM  74    1970  56     -3       68
  MINIMUM         25    749 AM  12    1977  31     -6       21
  AVERAGE         39                        43     -4       45

PRECIPITATION (IN)
  TODAY            0.00          3.25 1971   0.12  -0.12     0.00
  MONTH TO DATE    2.48                      1.21   1.27     0.90
  SINCE DEC 1      2.48                      1.21   1.27     0.90
  SINCE JAN 1     53.92                     45.84   8.08    36.42

SNOWFALL (IN)
  TODAY            0.0
  MONTH TO DATE    0.0
  SINCE DEC 1      0.0
  SINCE JUL 1      T
  SNOW DEPTH       0

DEGREE DAYS
 HEATING
  TODAY           26                        22      4       20
  MONTH TO DATE  230                       205     25      170
  SINCE DEC 1    230                       205     25      170
  SINCE JUL 1    799                       731     68      633

 COOLING
  TODAY            0                         0      0        0
  MONTH TO DATE    0                         0      0        1
  SINCE DEC 1      0                         0      0        1
  SINCE JAN 1   2432                      1941    491     2089
..................................................................


WIND (MPH)
  HIGHEST WIND SPEED    10   HIGHEST WIND DIRECTION     W (250)
  HIGHEST GUST SPEED    19   HIGHEST GUST DIRECTION    SW (240)
  AVERAGE WIND SPEED     1.3


SKY COVER
  POSSIBLE SUNSHINE  MM
  AVERAGE SKY COVER 0.1


WEATHER CONDITIONS
 THE FOLLOWING WEATHER WAS RECORDED TODAY.
  FOG
  FOG W/VISIBILITY <= 1/4 MILE


RELATIVE HUMIDITY (PERCENT)
 HIGHEST   100          1200 AM
 LOWEST     32           100 PM
 AVERAGE    66

..........................................................


THE DE QUEEN CLIMATE NORMALS FOR TOMORROW
                         NORMAL    RECORD    YEAR
 MAXIMUM TEMPERATURE (F)   56        77      2007
 MINIMUM TEMPERATURE (F)   31        14      1995


SUNRISE AND SUNSET
DECEMBER 10 2018......SUNRISE   712 AM CST   SUNSET   509 PM CST
DECEMBER 11 2018......SUNRISE   713 AM CST   SUNSET   509 PM CST


-  INDICATES NEGATIVE NUMBERS.
R  INDICATES RECORD WAS SET OR TIED.
MM INDICATES DATA IS MISSING.
T  INDICATES TRACE AMOUNT.




$$
