000
CDUS44 KSHV 220742
CLIDEQ


CLIMATE REPORT
NATIONAL WEATHER SERVICE SHREVEPORT, LA
242 AM CDT THU OCT 22 2020


...................................

...THE DE QUEEN CLIMATE SUMMARY FOR OCTOBER 21 2020...

CLIMATE NORMAL PERIOD 1981 TO 2010
CLIMATE RECORD PERIOD 1902 TO 2020


WEATHER ITEM   OBSERVED TIME   RECORD YEAR NORMAL DEPARTURE LAST
                VALUE   (LST)  VALUE       VALUE  FROM      YEAR
                                                  NORMAL
..................................................................
TEMPERATURE (F)
 YESTERDAY
  MAXIMUM         86    352 PM  92    1939  75     11       72
  MINIMUM         61    657 AM  22    1989  49     12       45
  AVERAGE         74                        62     12       59

PRECIPITATION (IN)
  YESTERDAY        0.00          1.40 1984   0.15  -0.15     0.54
  MONTH TO DATE    0.07                      3.13  -3.06     2.51
  SINCE DEC 1     56.64                     42.69  13.95    52.96
  SINCE JAN 1     55.86                     38.33  17.53    44.60

SNOWFALL (IN)
  YESTERDAY        0.0
  MONTH TO DATE    0.0
  SINCE SEP 1      0.0
  SINCE JUL 1      0.0
  SNOW DEPTH       0

DEGREE DAYS
 HEATING
  YESTERDAY        0                         5     -5        6
  MONTH TO DATE   40                        63    -23       73
  SINCE SEP 1     46                        72    -26       73
  SINCE JUL 1     46                        72    -26       73

 COOLING
  YESTERDAY        9                         2      7        0
  MONTH TO DATE   68                        56     12       96
  SINCE SEP 1    353                       329     24      595
  SINCE JAN 1   2025                      1921    104     2313
..................................................................


WIND (MPH)
  HIGHEST WIND SPEED    12   HIGHEST WIND DIRECTION     S (190)
  HIGHEST GUST SPEED    15   HIGHEST GUST DIRECTION     S (170)
  AVERAGE WIND SPEED     2.8


SKY COVER
  POSSIBLE SUNSHINE  MM
  AVERAGE SKY COVER 0.2


WEATHER CONDITIONS
 THE FOLLOWING WEATHER WAS RECORDED YESTERDAY.
  FOG
  FOG W/VISIBILITY <= 1/4 MILE


RELATIVE HUMIDITY (PERCENT)
 HIGHEST   100          1200 AM
 LOWEST     55           200 PM
 AVERAGE    78

..........................................................


THE DE QUEEN CLIMATE NORMALS FOR TODAY
                         NORMAL    RECORD    YEAR
 MAXIMUM TEMPERATURE (F)   74        93      1939
 MINIMUM TEMPERATURE (F)   49        23      1989


SUNRISE AND SUNSET
OCTOBER 22 2020.......SUNRISE   729 AM CDT   SUNSET   635 PM CDT
OCTOBER 23 2020.......SUNRISE   730 AM CDT   SUNSET   633 PM CDT


-  INDICATES NEGATIVE NUMBERS.
R  INDICATES RECORD WAS SET OR TIED.
MM INDICATES DATA IS MISSING.
T  INDICATES TRACE AMOUNT.




$$
