000
CDUS46 KOTX 220850
CLIDEW

CLIMATE REPORT
NATIONAL WEATHER SERVICE SPOKANE WA
150 AM PDT THU OCT 22 2020

...................................

...THE DEER_PARK WA AIRPORT CLIMATE SUMMARY FOR OCTOBER 21 2020...

CLIMATE NORMAL PERIOD 1981 TO 2010
CLIMATE RECORD PERIOD 9999 TO 9999


WEATHER ITEM   OBSERVED TIME   RECORD YEAR NORMAL DEPARTURE LAST
                VALUE   (LST)  VALUE       VALUE  FROM      YEAR
                                                  NORMAL
...................................................................
TEMPERATURE (F)
 YESTERDAY
  MAXIMUM         48    246 PM  MM      MM  55     -7       46
  MINIMUM         22    236 AM  MM      MM  29     -7       34
  AVERAGE         35                        42     -7       40

PRECIPITATION (IN)
  YESTERDAY        T            MM      MM   0.06  -0.06     0.52
  MONTH TO DATE    1.64                      0.98   0.66     1.94
  SINCE OCT 1      1.64                      0.98   0.66     1.94
  SINCE JAN 1     16.48                     15.42   1.06    15.23

SNOWFALL (IN)
  YESTERDAY       MM

DEGREE DAYS
 HEATING
  YESTERDAY       30                        23      7       25
  MONTH TO DATE  307                       403    -96      493
  SINCE SEP 1    496                       678   -182      781
  SINCE JUL 1    620                       822   -202      849

 COOLING
  YESTERDAY        0                         0      0        0
  MONTH TO DATE    0                         0      0        0
  SINCE SEP 1     17                        12      5        4
  SINCE JAN 1    219                       187     32      159
...................................................................


WIND (MPH)
  HIGHEST WIND SPEED    10   HIGHEST WIND DIRECTION    NE (60)
  HIGHEST GUST SPEED    11   HIGHEST GUST DIRECTION    NW (320)
  AVERAGE WIND SPEED     2.5


SKY COVER
  POSSIBLE SUNSHINE  MM
  AVERAGE SKY COVER 0.4


WEATHER CONDITIONS
THE FOLLOWING WEATHER WAS RECORDED YESTERDAY.
  FOG


RELATIVE HUMIDITY (PERCENT)
 HIGHEST    92           400 AM
 LOWEST     48           300 PM
 AVERAGE    70

..........................................................


THE DEER_PARK WA AIRPORT CLIMATE NORMALS FOR TODAY
                         NORMAL    RECORD    YEAR
 MAXIMUM TEMPERATURE (F)   54        MM        MM
 MINIMUM TEMPERATURE (F)   29        MM        MM


SUNRISE AND SUNSET
OCTOBER 22 2020.......SUNRISE   720 AM PDT   SUNSET   547 PM PDT
OCTOBER 23 2020.......SUNRISE   722 AM PDT   SUNSET   545 PM PDT


-  INDICATES NEGATIVE NUMBERS.
R  INDICATES RECORD WAS SET OR TIED.
MM INDICATES DATA IS MISSING.
T  INDICATES TRACE AMOUNT.




$$
