000
CDUS46 KOTX 260910
CLIDEW


CLIMATE REPORT
NATIONAL WEATHER SERVICE SPOKANE, WA
210 AM PDT TUE MAY 26 2020


...................................

...THE DEER_PARK WA AIRPORT CLIMATE SUMMARY FOR MAY 25 2020...

CLIMATE NORMAL PERIOD 1981 TO 2010
CLIMATE RECORD PERIOD 9999 TO 9999


WEATHER ITEM   OBSERVED TIME   RECORD YEAR NORMAL DEPARTURE LAST
                VALUE   (LST)  VALUE       VALUE  FROM      YEAR
                                                  NORMAL
..................................................................
TEMPERATURE (F)
 YESTERDAY
  MAXIMUM         62   1229 PM  MM      MM  68     -6       65
  MINIMUM         38    355 AM  MM      MM  41     -3       48
  AVERAGE         50                        54     -4       57

PRECIPITATION (IN)
  YESTERDAY        0.16         MM      MM   0.06   0.10     0.06
  MONTH TO DATE    3.17                      1.42   1.75     2.35
  SINCE OCT 1     15.96                     17.14  -1.18    17.65
  SINCE JAN 1     10.12                      9.32   0.80     8.80

SNOWFALL (IN)
  YESTERDAY       MM

DEGREE DAYS
 HEATING
  YESTERDAY       15                        11      4        8
  MONTH TO DATE  327                       344    -17      247
  SINCE MAR 1   1816                      1790     26     1831
  SINCE JUL 1   6906                      7155   -249     7258

 COOLING
  YESTERDAY        0                         0      0        0
  MONTH TO DATE    0                         0      0        0
  SINCE MAR 1      0                         0      0        0
  SINCE JAN 1      0                         0      0        0
..................................................................


WIND (MPH)
  HIGHEST WIND SPEED     8   HIGHEST WIND DIRECTION     S (170)
  HIGHEST GUST SPEED    12   HIGHEST GUST DIRECTION     S (190)
  AVERAGE WIND SPEED     3.0


SKY COVER
  POSSIBLE SUNSHINE  MM
  AVERAGE SKY COVER 0.7


WEATHER CONDITIONS
 THE FOLLOWING WEATHER WAS RECORDED YESTERDAY.
  RAIN
  LIGHT RAIN
  FOG


RELATIVE HUMIDITY (PERCENT)
 HIGHEST    93          1000 PM
 LOWEST     55          1000 AM
 AVERAGE    74

..........................................................


THE DEER_PARK WA AIRPORT CLIMATE NORMALS FOR TODAY
                         NORMAL    RECORD    YEAR
 MAXIMUM TEMPERATURE (F)   68        MM        MM
 MINIMUM TEMPERATURE (F)   41        MM        MM


SUNRISE AND SUNSET
MAY 26 2020...........SUNRISE   459 AM PDT   SUNSET   836 PM PDT
MAY 27 2020...........SUNRISE   458 AM PDT   SUNSET   837 PM PDT


-  INDICATES NEGATIVE NUMBERS.
R  INDICATES RECORD WAS SET OR TIED.
MM INDICATES DATA IS MISSING.
T  INDICATES TRACE AMOUNT.




$$
