000
CDUS46 KOTX 230856
CLIDEW


CLIMATE REPORT
NATIONAL WEATHER SERVICE SPOKANE, WA
156 AM PDT SUN SEP 23 2018


...................................

...THE DEER_PARK WA AIRPORT CLIMATE SUMMARY FOR SEPTEMBER 22 2018...

CLIMATE NORMAL PERIOD 1981 TO 2010
CLIMATE RECORD PERIOD 9999 TO 9999


WEATHER ITEM   OBSERVED TIME   RECORD YEAR NORMAL DEPARTURE LAST
                VALUE   (LST)  VALUE       VALUE  FROM      YEAR
                                                  NORMAL
..................................................................
TEMPERATURE (F)
 YESTERDAY
  MAXIMUM         70    131 PM  MM      MM  71     -1       62
  MINIMUM         45   1027 PM  MM      MM  37      8       32
  AVERAGE         58                        54      4       47

PRECIPITATION (IN)
  YESTERDAY        0.00         MM      MM   0.04  -0.04     0.00
  MONTH TO DATE    0.33                      0.71  -0.38     0.92
  SINCE OCT 1     23.06                     21.97   1.09    29.33
  SINCE JAN 1     13.93                     14.15  -0.22    17.89

SNOWFALL (IN)
  YESTERDAY       MM

DEGREE DAYS
 HEATING
  YESTERDAY        7                        11     -4       18
  MONTH TO DATE  194                       170     24      167
  SINCE SEP 1    194                       170     24      167
  SINCE JUL 1    296                       314    -18      204

 COOLING
  YESTERDAY        0                         0      0        0
  MONTH TO DATE    0                        10    -10       36
  SINCE SEP 1      0                        10    -10       36
  SINCE JAN 1    234                       185     49      305
..................................................................


WIND (MPH)
  HIGHEST WIND SPEED    22   HIGHEST WIND DIRECTION     S (200)
  HIGHEST GUST SPEED    27   HIGHEST GUST DIRECTION     S (190)
  AVERAGE WIND SPEED     9.8


SKY COVER
  POSSIBLE SUNSHINE  MM
  AVERAGE SKY COVER 0.3


WEATHER CONDITIONS
 THE FOLLOWING WEATHER WAS RECORDED YESTERDAY.
  NO SIGNIFICANT WEATHER WAS OBSERVED.


RELATIVE HUMIDITY (PERCENT)
 HIGHEST    68           200 AM
 LOWEST     32           200 PM
 AVERAGE    50

..........................................................


THE DEER_PARK WA AIRPORT CLIMATE NORMALS FOR TODAY
                         NORMAL    RECORD    YEAR
 MAXIMUM TEMPERATURE (F)   70        MM        MM
 MINIMUM TEMPERATURE (F)   37        MM        MM


SUNRISE AND SUNSET
SEPTEMBER 23 2018.....SUNRISE   638 AM PDT   SUNSET   645 PM PDT
SEPTEMBER 24 2018.....SUNRISE   639 AM PDT   SUNSET   643 PM PDT


-  INDICATES NEGATIVE NUMBERS.
R  INDICATES RECORD WAS SET OR TIED.
MM INDICATES DATA IS MISSING.
T  INDICATES TRACE AMOUNT.




$$
