000
CDUS44 KFWD 130724
CLIDFW


CLIMATE REPORT
NATIONAL WEATHER SERVICE FORT WORTH TX
224 AM CDT SUN OCT 13 2019


...................................

...THE DALLAS FORT WORTH CLIMATE SUMMARY FOR OCTOBER 12 2019...

CLIMATE NORMAL PERIOD 1981 TO 2010
CLIMATE RECORD PERIOD 1898 TO 2019


WEATHER ITEM   OBSERVED TIME   RECORD YEAR NORMAL DEPARTURE LAST
                VALUE   (LST)  VALUE       VALUE  FROM      YEAR
                                                  NORMAL
..................................................................
TEMPERATURE (F)
 YESTERDAY
  MAXIMUM         66    402 PM  97    1979  80    -14       67
  MINIMUM         42    652 AM  35    1977  58    -16       60
  AVERAGE         54                        69    -15       64

PRECIPITATION (IN)
  YESTERDAY        0.00          3.53 1969   0.14  -0.14     0.57
  MONTH TO DATE    0.73                      1.36  -0.63     3.83
  SINCE SEP 1      0.73                      3.91  -3.18    16.52
  SINCE JAN 1     27.86                     28.02  -0.16    38.73

SNOWFALL (IN)
  YESTERDAY        0.0           0.0    MM   0.0    0.0      0.0
  MONTH TO DATE    0.0                       0.0    0.0      0.0
  SINCE SEP 1      0.0                       0.0    0.0      0.0
  SINCE JUL 1      0.0                       0.0    0.0      0.0
  SNOW DEPTH       0

DEGREE DAYS
 HEATING
  YESTERDAY       11                         1     10        1
  MONTH TO DATE   23                        12     11        3
  SINCE SEP 1     23                        18      5        3
  SINCE JUL 1     23                        18      5        3

 COOLING
  YESTERDAY        0                         5     -5        0
  MONTH TO DATE  138                        78     60      122
  SINCE SEP 1    761                       473    288      523
  SINCE JAN 1   2963                      2655    308     3122
..................................................................


WIND (MPH)
  HIGHEST WIND SPEED     9   HIGHEST WIND DIRECTION     E (70)
  HIGHEST GUST SPEED    13   HIGHEST GUST DIRECTION     E (80)
  AVERAGE WIND SPEED     3.2


SKY COVER
  POSSIBLE SUNSHINE  MM
  AVERAGE SKY COVER 0.1


WEATHER CONDITIONS
 THE FOLLOWING WEATHER WAS RECORDED YESTERDAY.
  NO SIGNIFICANT WEATHER WAS OBSERVED.


RELATIVE HUMIDITY (PERCENT)
 HIGHEST    62           700 AM
 LOWEST     17           100 PM
 AVERAGE    40

..........................................................


THE DALLAS FORT WORTH CLIMATE NORMALS FOR TODAY
                         NORMAL    RECORD    YEAR
 MAXIMUM TEMPERATURE (F)   79        97      1910
 MINIMUM TEMPERATURE (F)   58        38      1977


SUNRISE AND SUNSET
OCTOBER 13 2019.......SUNRISE   731 AM CDT   SUNSET   658 PM CDT
OCTOBER 14 2019.......SUNRISE   731 AM CDT   SUNSET   656 PM CDT


-  INDICATES NEGATIVE NUMBERS.
R  INDICATES RECORD WAS SET OR TIED.
MM INDICATES DATA IS MISSING.
T  INDICATES TRACE AMOUNT.




$$
