000
CDUS44 KFWD 160650
CLIDFW


CLIMATE REPORT
NATIONAL WEATHER SERVICE FORT WORTH TX
149 AM CDT TUE OCT 16 2018


...................................

...THE DALLAS FORT WORTH CLIMATE SUMMARY FOR OCTOBER 15 2018...

CLIMATE NORMAL PERIOD 1981 TO 2010
CLIMATE RECORD PERIOD 1898 TO 2018


WEATHER ITEM   OBSERVED TIME   RECORD YEAR NORMAL DEPARTURE LAST
                VALUE   (LST)  VALUE       VALUE  FROM      YEAR
                                                  NORMAL
..................................................................
TEMPERATURE (F)
 YESTERDAY
  MAXIMUM         49   1223 AM  95    2015  79    -30       80
  MINIMUM         41R  1049 AM  42    1914  57    -16       56
  AVERAGE         45                        68    -23       68

PRECIPITATION (IN)
  YESTERDAY        2.93R         1.93 2007   0.15   2.78     0.13
  MONTH TO DATE    9.02                      1.79   7.23     0.55
  SINCE SEP 1     21.71                      4.34  17.37     1.02
  SINCE JAN 1     43.92                     28.45  15.47    29.68

SNOWFALL (IN)
  YESTERDAY        0.0           0.0         0.0    0.0      0.0
  MONTH TO DATE    0.0                       0.0    0.0      0.0
  SINCE SEP 1      0.0                       0.0    0.0      0.0
  SINCE JUL 1      0.0                       0.0    0.0      0.0
  SNOW DEPTH       0

DEGREE DAYS
 HEATING
  YESTERDAY       20                         2     18        0
  MONTH TO DATE   25                        17      8        3
  SINCE SEP 1     25                        23      2        3
  SINCE JUL 1     25                        23      2        3

 COOLING
  YESTERDAY        0                         5     -5        3
  MONTH TO DATE  122                        93     29      175
  SINCE SEP 1    523                       488     35      651
  SINCE JAN 1   3122                      2670    452     3152
..................................................................


WIND (MPH)
  HIGHEST WIND SPEED    28   HIGHEST WIND DIRECTION     N (350)
  HIGHEST GUST SPEED    34   HIGHEST GUST DIRECTION     N (350)
  AVERAGE WIND SPEED    18.0


SKY COVER
  POSSIBLE SUNSHINE  MM
  AVERAGE SKY COVER 0.9


WEATHER CONDITIONS
 THE FOLLOWING WEATHER WAS RECORDED YESTERDAY.
  THUNDERSTORM
  HEAVY RAIN
  RAIN
  LIGHT RAIN
  FOG


RELATIVE HUMIDITY (PERCENT)
 HIGHEST    96           400 AM
 LOWEST     86          1000 PM
 AVERAGE    91

..........................................................


THE DALLAS FORT WORTH CLIMATE NORMALS FOR TODAY
                         NORMAL    RECORD    YEAR
 MAXIMUM TEMPERATURE (F)   78        93      1972
 MINIMUM TEMPERATURE (F)   57        39      1966


SUNRISE AND SUNSET
OCTOBER 16 2018.......SUNRISE   733 AM CDT   SUNSET   654 PM CDT
OCTOBER 17 2018.......SUNRISE   734 AM CDT   SUNSET   653 PM CDT


-  INDICATES NEGATIVE NUMBERS.
R  INDICATES RECORD WAS SET OR TIED.
MM INDICATES DATA IS MISSING.
T  INDICATES TRACE AMOUNT.




$$
