470
CDUS44 KFWD 172125
CLIDFW


CLIMATE REPORT
NATIONAL WEATHER SERVICE FORT WORTH TX
425 PM CDT FRI AUG 17 2018


...................................

...THE DALLAS FORT WORTH CLIMATE SUMMARY FOR AUGUST 17 2018...
VALID AS OF 0400 PM LOCAL TIME.

CLIMATE NORMAL PERIOD 1981 TO 2010
CLIMATE RECORD PERIOD 1898 TO 2018


WEATHER ITEM   OBSERVED TIME   RECORD YEAR NORMAL DEPARTURE LAST
                VALUE   (LST)  VALUE       VALUE  FROM      YEAR
                                                  NORMAL
..................................................................
TEMPERATURE (F)
 TODAY
  MAXIMUM         99    309 PM 107    1951  97      2       93
  MINIMUM         80    604 AM  63    1992  75      5       73
  AVERAGE         90

PRECIPITATION (IN)
  TODAY            0.00          3.48 1915   0.05  -0.05     0.17
  MONTH TO DATE    2.90                      0.91   1.99     3.38
  SINCE JUN 1      4.42                      6.86  -2.44    15.94
  SINCE JAN 1     22.12                     23.11  -0.99    27.80

..................................................................


WIND (MPH)
  HIGHEST WIND SPEED    17   HIGHEST WIND DIRECTION     S (200)
  HIGHEST GUST SPEED    22   HIGHEST GUST DIRECTION     S (200)
  AVERAGE WIND SPEED    10.9




..........................................................


THE DALLAS FORT WORTH CLIMATE NORMALS FOR TOMORROW
                         NORMAL    RECORD    YEAR
 MAXIMUM TEMPERATURE (F)   96       112      1909
 MINIMUM TEMPERATURE (F)   75        65      1992


SUNRISE AND SUNSET
AUGUST 17 2018........SUNRISE   653 AM CDT   SUNSET   811 PM CDT
AUGUST 18 2018........SUNRISE   653 AM CDT   SUNSET   810 PM CDT


-  INDICATES NEGATIVE NUMBERS.
R  INDICATES RECORD WAS SET OR TIED.
MM INDICATES DATA IS MISSING.
T  INDICATES TRACE AMOUNT.




$$
