000
CDUS44 KFWD 210642
CLIDFW

CLIMATE REPORT
NATIONAL WEATHER SERVICE FORT WORTH TX
140 AM CDT WED OCT 21 2020

...................................

...THE DALLAS FORT WORTH CLIMATE SUMMARY FOR OCTOBER 20 2020...

CLIMATE NORMAL PERIOD 1981 TO 2010
CLIMATE RECORD PERIOD 1898 TO 2020


WEATHER ITEM   OBSERVED TIME   RECORD YEAR NORMAL DEPARTURE LAST
                VALUE   (LST)  VALUE       VALUE  FROM      YEAR
                                                  NORMAL
..................................................................
TEMPERATURE (F)
 YESTERDAY
  MAXIMUM         88    214 PM  95    1934  77     11       88
  MINIMUM         61    351 AM  33    1989  56      5       55
  AVERAGE         75                        66      9       72

PRECIPITATION (IN)
  YESTERDAY        0.00          2.13 1984   0.16  -0.16     0.91
  MONTH TO DATE    T                         2.58  -2.58     1.70
  SINCE SEP 1      3.87                      5.13  -1.26     1.70
  SINCE JAN 1     37.88                     29.24   8.64    28.83

SNOWFALL (IN)
  YESTERDAY        0.0           0.0    MM   0.0    0.0      0.0
  MONTH TO DATE    0.0                       0.0    0.0      0.0
  SINCE SEP 1      0.0                       0.0    0.0      0.0
  SINCE JUL 1      0.0                       0.0    0.0      0.0
  SNOW DEPTH       0

DEGREE DAYS
 HEATING
  YESTERDAY        0                         2     -2        0
  MONTH TO DATE   12                        27    -15       33
  SINCE SEP 1     15                        33    -18       33
  SINCE JUL 1     15                        33    -18       33

 COOLING
  YESTERDAY       10                         4      6        7
  MONTH TO DATE  122                       113      9      171
  SINCE SEP 1    423                       508    -85      794
  SINCE JAN 1   2734                      2690     44     2996
..................................................................


WIND (MPH)
  HIGHEST WIND SPEED    24   HIGHEST WIND DIRECTION     S (190)
  HIGHEST GUST SPEED    29   HIGHEST GUST DIRECTION     S (180)
  AVERAGE WIND SPEED     9.4


SKY COVER
  POSSIBLE SUNSHINE  MM
  AVERAGE SKY COVER 0.6


WEATHER CONDITIONS
 THE FOLLOWING WEATHER WAS RECORDED YESTERDAY.
  NO SIGNIFICANT WEATHER WAS OBSERVED.


RELATIVE HUMIDITY (PERCENT)
 HIGHEST    78          1200 AM
 LOWEST     51           300 PM
 AVERAGE    65

..........................................................


THE DALLAS FORT WORTH CLIMATE NORMALS FOR TODAY
                         NORMAL    RECORD    YEAR
 MAXIMUM TEMPERATURE (F)   77        94      1979
                                             1939
 MINIMUM TEMPERATURE (F)   55        36      1917
                                             1898


SUNRISE AND SUNSET
OCTOBER 21 2020.......SUNRISE   737 AM CDT   SUNSET   647 PM CDT
OCTOBER 22 2020.......SUNRISE   738 AM CDT   SUNSET   646 PM CDT


-  INDICATES NEGATIVE NUMBERS.
R  INDICATES RECORD WAS SET OR TIED.
MM INDICATES DATA IS MISSING.
T  INDICATES TRACE AMOUNT.

$$
