947
CDUS44 KFWD 240654
CLIDFW


CLIMATE REPORT
NATIONAL WEATHER SERVICE FORT WORTH TX
1252 AM CST THU JAN 24 2019


...................................

...THE DALLAS FORT WORTH CLIMATE SUMMARY FOR JANUARY 23 2019...

CLIMATE NORMAL PERIOD 1981 TO 2010
CLIMATE RECORD PERIOD 1898 TO 2019


WEATHER ITEM   OBSERVED TIME   RECORD YEAR NORMAL DEPARTURE LAST
                VALUE   (LST)  VALUE       VALUE  FROM      YEAR
                                                  NORMAL
..................................................................
TEMPERATURE (F)
 YESTERDAY
  MAXIMUM         48    441 PM  88    1943  57     -9       61
  MINIMUM         27    757 AM   9    1966  36     -9       34
  AVERAGE         38                        46     -8       48

PRECIPITATION (IN)
  YESTERDAY        0.00          1.47 1938   0.08  -0.08     0.00
  MONTH TO DATE    1.58                      1.51   0.07     0.77
  SINCE DEC 1      6.13                      4.06   2.07     5.33
  SINCE JAN 1      1.58                      1.51   0.07     0.77

SNOWFALL (IN)
  YESTERDAY        0.0           1.0  1926   0.0    0.0      0.0
  MONTH TO DATE    T                         0.1   -0.1       T
  SINCE DEC 1      T                         0.4   -0.4       T
  SINCE JUL 1      T                         0.4   -0.4       T
  SNOW DEPTH       0

DEGREE DAYS
 HEATING
  YESTERDAY       27                        19      8       17
  MONTH TO DATE  420                       448    -28      495
  SINCE DEC 1    927                      1006    -79      971
  SINCE JUL 1   1399                      1360     39     1174

 COOLING
  YESTERDAY        0                         0      0        0
  MONTH TO DATE    0                         0      0        3
  SINCE DEC 1      0                         4     -4       15
  SINCE JAN 1      0                         0      0        3
..................................................................


WIND (MPH)
  HIGHEST WIND SPEED    29   HIGHEST WIND DIRECTION    NW (320)
  HIGHEST GUST SPEED    35   HIGHEST GUST DIRECTION    NW (320)
  AVERAGE WIND SPEED    16.1


SKY COVER
  POSSIBLE SUNSHINE  MM
  AVERAGE SKY COVER 0.3


WEATHER CONDITIONS
 THE FOLLOWING WEATHER WAS RECORDED YESTERDAY.
  NO SIGNIFICANT WEATHER WAS OBSERVED.


RELATIVE HUMIDITY (PERCENT)
 HIGHEST    68           800 AM
 LOWEST     31           400 PM
 AVERAGE    50

..........................................................


THE DALLAS FORT WORTH CLIMATE NORMALS FOR TODAY
                         NORMAL    RECORD    YEAR
 MAXIMUM TEMPERATURE (F)   57        82      1943
 MINIMUM TEMPERATURE (F)   36         9      1963


SUNRISE AND SUNSET
JANUARY 24 2019.......SUNRISE   728 AM CST   SUNSET   553 PM CST
JANUARY 25 2019.......SUNRISE   727 AM CST   SUNSET   554 PM CST


-  INDICATES NEGATIVE NUMBERS.
R  INDICATES RECORD WAS SET OR TIED.
MM INDICATES DATA IS MISSING.
T  INDICATES TRACE AMOUNT.




$$
