000
CDUS44 KFWD 250645
CLIDFW


CLIMATE REPORT
NATIONAL WEATHER SERVICE FORT WORTH TX
1244 AM CST TUE FEB 25 2020


...................................

...THE DALLAS FORT WORTH CLIMATE SUMMARY FOR FEBRUARY 24 2020...

CLIMATE NORMAL PERIOD 1981 TO 2010
CLIMATE RECORD PERIOD 1898 TO 2020


WEATHER ITEM   OBSERVED TIME   RECORD YEAR NORMAL DEPARTURE LAST
                VALUE   (LST)  VALUE       VALUE  FROM      YEAR
                                                  NORMAL
..................................................................
TEMPERATURE (F)
 YESTERDAY
  MAXIMUM         66    359 PM  93    1918  62      4       59
  MINIMUM         47   1159 PM  15    1910  42      5       36
  AVERAGE         57                        52      5       48

PRECIPITATION (IN)
  YESTERDAY        0.00          1.75 1970   0.10  -0.10     0.00
  MONTH TO DATE    3.88                      2.23   1.65     1.28
  SINCE DEC 1     10.05                      6.91   3.14     7.41
  SINCE JAN 1      8.88                      4.36   4.52     2.86

SNOWFALL (IN)
  YESTERDAY        0.0           2.0  2003   0.0    0.0      0.0
  MONTH TO DATE    T                         0.8   -0.8      0.0
  SINCE DEC 1      0.2                       1.3   -1.1       T
  SINCE JUL 1      0.2                       1.3   -1.1       T
  SNOW DEPTH       0

DEGREE DAYS
 HEATING
  YESTERDAY        8                        13     -5       17
  MONTH TO DATE  370                       377     -7      352
  SINCE DEC 1   1283                      1528   -245     1447
  SINCE JUL 1   1777                      1882   -105     1919

 COOLING
  YESTERDAY        0                         0      0        0
  MONTH TO DATE    3                         0      3       17
  SINCE DEC 1      8                         6      2       17
  SINCE JAN 1      8                         2      6       17
..................................................................


WIND (MPH)
  HIGHEST WIND SPEED    30   HIGHEST WIND DIRECTION     W (290)
  HIGHEST GUST SPEED    36   HIGHEST GUST DIRECTION     W (270)
  AVERAGE WIND SPEED    16.2


SKY COVER
  POSSIBLE SUNSHINE  MM
  AVERAGE SKY COVER 0.3


WEATHER CONDITIONS
 THE FOLLOWING WEATHER WAS RECORDED YESTERDAY.
  NO SIGNIFICANT WEATHER WAS OBSERVED.


RELATIVE HUMIDITY (PERCENT)
 HIGHEST    97           100 AM
 LOWEST     40           100 PM
 AVERAGE    69

..........................................................


THE DALLAS FORT WORTH CLIMATE NORMALS FOR TODAY
                         NORMAL    RECORD    YEAR
 MAXIMUM TEMPERATURE (F)   63        96      1904
 MINIMUM TEMPERATURE (F)   42        15      1960


SUNRISE AND SUNSET
FEBRUARY 25 2020......SUNRISE   701 AM CST   SUNSET   622 PM CST
FEBRUARY 26 2020......SUNRISE   700 AM CST   SUNSET   623 PM CST


-  INDICATES NEGATIVE NUMBERS.
R  INDICATES RECORD WAS SET OR TIED.
MM INDICATES DATA IS MISSING.
T  INDICATES TRACE AMOUNT.




$$
