817
CDUS44 KFWD 140711
CLIDFW


CLIMATE REPORT
NATIONAL WEATHER SERVICE FORT WORTH TX
210 AM CDT MON OCT 14 2019


...................................

...THE DALLAS FORT WORTH CLIMATE SUMMARY FOR OCTOBER 13 2019...

CLIMATE NORMAL PERIOD 1981 TO 2010
CLIMATE RECORD PERIOD 1898 TO 2019


WEATHER ITEM   OBSERVED TIME   RECORD YEAR NORMAL DEPARTURE LAST
                VALUE   (LST)  VALUE       VALUE  FROM      YEAR
                                                  NORMAL
..................................................................
TEMPERATURE (F)
 YESTERDAY
  MAXIMUM         79    309 PM  97    1910  79      0       66
  MINIMUM         54    111 AM  38    1977  58     -4       60
  AVERAGE         67                        68     -1       63

PRECIPITATION (IN)
  YESTERDAY        0.00          2.20 2018   0.14  -0.14     2.20
  MONTH TO DATE    0.73                      1.50  -0.77     6.03
  SINCE SEP 1      0.73                      4.05  -3.32    18.72
  SINCE JAN 1     27.86                     28.16  -0.30    40.93

SNOWFALL (IN)
  YESTERDAY        0.0           0.0    MM   0.0    0.0      0.0
  MONTH TO DATE    0.0                       0.0    0.0      0.0
  SINCE SEP 1      0.0                       0.0    0.0      0.0
  SINCE JUL 1      0.0                       0.0    0.0      0.0
  SNOW DEPTH       0

DEGREE DAYS
 HEATING
  YESTERDAY        0                         1     -1        2
  MONTH TO DATE   23                        13     10        5
  SINCE SEP 1     23                        19      4        5
  SINCE JUL 1     23                        19      4        5

 COOLING
  YESTERDAY        2                         5     -3        0
  MONTH TO DATE  140                        83     57      122
  SINCE SEP 1    763                       478    285      523
  SINCE JAN 1   2965                      2660    305     3122
..................................................................


WIND (MPH)
  HIGHEST WIND SPEED    15   HIGHEST WIND DIRECTION     S (160)
  HIGHEST GUST SPEED    21   HIGHEST GUST DIRECTION     S (170)
  AVERAGE WIND SPEED     7.5


SKY COVER
  POSSIBLE SUNSHINE  MM
  AVERAGE SKY COVER 0.6


WEATHER CONDITIONS
 THE FOLLOWING WEATHER WAS RECORDED YESTERDAY.
  NO SIGNIFICANT WEATHER WAS OBSERVED.


RELATIVE HUMIDITY (PERCENT)
 HIGHEST    65          1000 PM
 LOWEST     27           100 PM
 AVERAGE    46

..........................................................


THE DALLAS FORT WORTH CLIMATE NORMALS FOR TODAY
                         NORMAL    RECORD    YEAR
 MAXIMUM TEMPERATURE (F)   79        99      1910
 MINIMUM TEMPERATURE (F)   57        40      1977


SUNRISE AND SUNSET
OCTOBER 14 2019.......SUNRISE   731 AM CDT   SUNSET   656 PM CDT
OCTOBER 15 2019.......SUNRISE   732 AM CDT   SUNSET   655 PM CDT


-  INDICATES NEGATIVE NUMBERS.
R  INDICATES RECORD WAS SET OR TIED.
MM INDICATES DATA IS MISSING.
T  INDICATES TRACE AMOUNT.




$$
