000
CDUS43 KDDC 151429
CLIDGC


CLIMATE REPORT
NATIONAL WEATHER SERVICE DODGE CITY KS
829 AM CST SAT DEC 15 2018


...................................

...THE DODGE CITY KS CLIMATE SUMMARY FOR DECEMBER 15 2018...
VALID AS OF 0800 AM LOCAL TIME.

CLIMATE NORMAL PERIOD 1981 TO 2010
CLIMATE RECORD PERIOD 1875 TO 2018


WEATHER ITEM   OBSERVED TIME   RECORD YEAR NORMAL DEPARTURE LAST
                VALUE   (LST)  VALUE       VALUE  FROM      YEAR
                                                  NORMAL
..................................................................
TEMPERATURE (F)
 TODAY
  MAXIMUM         30   1252 AM  69    1946  44    -14       56
  MINIMUM         18    722 AM  -8    1989  21     -3       17
  AVERAGE         24                        32     -8       37

PRECIPITATION (IN)
  TODAY            0.00          1.43 1984   0.03  -0.03     0.00
  MONTH TO DATE    T                         0.39  -0.39     0.00
  SINCE DEC 1      T                         0.39  -0.39     0.00
  SINCE JAN 1     26.77                     21.15   5.62    25.57

SNOWFALL (IN)
  TODAY            0.0           2.0  1965   0.1   -0.1      0.0
  MONTH TO DATE    T                         2.0   -2.0      0.0
  SINCE DEC 1      T                         2.0   -2.0      0.0
  SINCE JUL 1      4.8                       4.2    0.6      0.0
  SNOW DEPTH       0

..................................................................


WIND (MPH)
  HIGHEST WIND SPEED    10   HIGHEST WIND DIRECTION    SW (210)
  HIGHEST GUST SPEED    12   HIGHEST GUST DIRECTION    SW (210)
  AVERAGE WIND SPEED     7.5



WEATHER CONDITIONS
 THE FOLLOWING WEATHER WAS RECORDED TODAY.
  NO SIGNIFICANT WEATHER WAS OBSERVED.


RELATIVE HUMIDITY (PERCENT)
 HIGHEST    73           700 AM
 LOWEST     47          1200 AM

..........................................................


THE DODGE CITY KS CLIMATE NORMALS FOR TOMORROW
                         NORMAL    RECORD    YEAR
 MAXIMUM TEMPERATURE (F)   44        70      1962
 MINIMUM TEMPERATURE (F)   21        -1      1989


SUNRISE AND SUNSET
DECEMBER 15 2018......SUNRISE   748 AM CST   SUNSET   522 PM CST
DECEMBER 16 2018......SUNRISE   749 AM CST   SUNSET   522 PM CST


-  INDICATES NEGATIVE NUMBERS.
R  INDICATES RECORD WAS SET OR TIED.
MM INDICATES DATA IS MISSING.
T  INDICATES TRACE AMOUNT.




$$
