000
CDUS43 KDDC 230705
CLIDGC


CLIMATE REPORT
NATIONAL WEATHER SERVICE DODGE CITY KS
205 AM CDT SUN SEP 23 2018


...................................

...THE DODGE CITY KS CLIMATE SUMMARY FOR SEPTEMBER 22 2018...

CLIMATE NORMAL PERIOD 1981 TO 2010
CLIMATE RECORD PERIOD 1875 TO 2018


WEATHER ITEM   OBSERVED TIME   RECORD YEAR NORMAL DEPARTURE LAST
                VALUE   (LST)  VALUE       VALUE  FROM      YEAR
                                                  NORMAL
..................................................................
TEMPERATURE (F)
 YESTERDAY
  MAXIMUM         76    408 PM  97    2017  80     -4       97
  MINIMUM         45    650 AM  29    1995  53     -8       72
  AVERAGE         61                        66     -5       85

PRECIPITATION (IN)
  YESTERDAY        0.00          2.36 2004   0.04  -0.04     0.00
  MONTH TO DATE    1.87                      1.30   0.57     0.08
  SINCE SEP 1      1.87                      1.30   0.57     0.08
  SINCE JAN 1     19.81                     17.89   1.92    23.73

SNOWFALL (IN)
  YESTERDAY        0.0           0.0  2002   0.0    0.0      0.0
                                      2001
  MONTH TO DATE    0.0                       0.0    0.0      0.0
  SINCE SEP 1      0.0                       0.0    0.0      0.0
  SINCE JUL 1      0.0                       0.0    0.0      0.0
  SNOW DEPTH       0

DEGREE DAYS
 HEATING
  YESTERDAY        4                         3      1        0
  MONTH TO DATE    7                        29    -22        7
  SINCE SEP 1      7                        29    -22        7
  SINCE JUL 1      7                        33    -26        7

 COOLING
  YESTERDAY        0                         4     -4       20
  MONTH TO DATE  185                       159     26      222
  SINCE SEP 1    185                       159     26      222
  SINCE JAN 1   1727                      1405    322     1454
..................................................................


WIND (MPH)
  HIGHEST WIND SPEED    13   HIGHEST WIND DIRECTION    SE (150)
  HIGHEST GUST SPEED    17   HIGHEST GUST DIRECTION    SE (150)
  AVERAGE WIND SPEED     6.4


SKY COVER
  POSSIBLE SUNSHINE  MM
  AVERAGE SKY COVER 0.0


WEATHER CONDITIONS
 THE FOLLOWING WEATHER WAS RECORDED YESTERDAY.
  NO SIGNIFICANT WEATHER WAS OBSERVED.


RELATIVE HUMIDITY (PERCENT)
 HIGHEST    92           300 AM
 LOWEST     33           300 PM
 AVERAGE    63

..........................................................


THE DODGE CITY KS CLIMATE NORMALS FOR TODAY
                         NORMAL    RECORD    YEAR
 MAXIMUM TEMPERATURE (F)   79       100      1984
 MINIMUM TEMPERATURE (F)   53        34      1989


SUNRISE AND SUNSET
SEPTEMBER 23 2018.....SUNRISE   729 AM CDT   SUNSET   735 PM CDT
SEPTEMBER 24 2018.....SUNRISE   729 AM CDT   SUNSET   734 PM CDT


-  INDICATES NEGATIVE NUMBERS.
R  INDICATES RECORD WAS SET OR TIED.
MM INDICATES DATA IS MISSING.
T  INDICATES TRACE AMOUNT.




$$
