118
CDUS43 KDDC 222336
CLIDGC


CLIMATE REPORT
NATIONAL WEATHER SERVICE DODGE CITY KS
635 PM CDT FRI JUN 22 2018


...................................

...THE DODGE CITY KS CLIMATE SUMMARY FOR JUNE 22 2018...
VALID TODAY AS OF 0500 PM LOCAL TIME.

CLIMATE NORMAL PERIOD 1981 TO 2010
CLIMATE RECORD PERIOD 1875 TO 2018


WEATHER ITEM   OBSERVED TIME   RECORD YEAR NORMAL DEPARTURE LAST
                VALUE   (LST)  VALUE       VALUE  FROM      YEAR
                                                  NORMAL
..................................................................
TEMPERATURE (F)
 TODAY
  MAXIMUM         89    337 PM 102    1988  89      0       95
  MINIMUM         60    452 AM  50    1990  63     -3       62
                                      1902
  AVERAGE         75                        76     -1       79

PRECIPITATION (IN)
  TODAY            0.00          1.77 2014   0.11  -0.11     0.25
  MONTH TO DATE    0.86                      2.44  -1.58     2.72
  SINCE JUN 1      0.86                      2.44  -1.58     2.72
  SINCE JAN 1      5.34                      9.96  -4.62    20.15

SNOWFALL (IN)
  TODAY            0.0          90.0  2001   0.0    0.0      0.0
  MONTH TO DATE    0.0                       0.0    0.0      0.0
  SINCE JUN 1      0.0                       0.0    0.0      0.0
  SINCE JUL 1      3.6                      21.1  -17.5      7.5
  SNOW DEPTH       0

DEGREE DAYS
 HEATING
  TODAY            0                         0      0        0
  MONTH TO DATE    0                        10    -10        0
  SINCE JUN 1      0                        10    -10        0
  SINCE JUL 1   4676                      4964   -288     4170

 COOLING
  TODAY           10                        11     -1       14
  MONTH TO DATE  330                       181    149      247
  SINCE JUN 1    330                       181    149      247
  SINCE JAN 1    594                       290    304      349
..................................................................


WIND (MPH)
  HIGHEST WIND SPEED    16   HIGHEST WIND DIRECTION     S (170)
  HIGHEST GUST SPEED    26   HIGHEST GUST DIRECTION     S (170)
  AVERAGE WIND SPEED     7.4


SKY COVER
  POSSIBLE SUNSHINE  MM
  AVERAGE SKY COVER 0.1


WEATHER CONDITIONS
 THE FOLLOWING WEATHER WAS RECORDED TODAY.
  NO SIGNIFICANT WEATHER WAS OBSERVED.


RELATIVE HUMIDITY (PERCENT)
 HIGHEST    78           300 AM
 LOWEST     32           200 PM
 AVERAGE    55

..........................................................


THE DODGE CITY KS CLIMATE NORMALS FOR TOMORROW
                         NORMAL    RECORD    YEAR
 MAXIMUM TEMPERATURE (F)   89       106      1934
                                             1893
 MINIMUM TEMPERATURE (F)   63        49      1989
                                             1926


SUNRISE AND SUNSET
JUNE 22 2018..........SUNRISE   618 AM CDT   SUNSET   905 PM CDT
JUNE 23 2018..........SUNRISE   619 AM CDT   SUNSET   905 PM CDT


-  INDICATES NEGATIVE NUMBERS.
R  INDICATES RECORD WAS SET OR TIED.
MM INDICATES DATA IS MISSING.
T  INDICATES TRACE AMOUNT.




$$
