714
CDUS43 KDDC 182326
CLIDGC


CLIMATE REPORT
NATIONAL WEATHER SERVICE DODGE CITY KS
625 PM CDT FRI OCT 18 2019


...................................

...THE DODGE CITY KS CLIMATE SUMMARY FOR OCTOBER 18 2019...
VALID TODAY AS OF 0500 PM LOCAL TIME.

CLIMATE NORMAL PERIOD 1981 TO 2010
CLIMATE RECORD PERIOD 1875 TO 2019


WEATHER ITEM   OBSERVED TIME   RECORD YEAR NORMAL DEPARTURE LAST
                VALUE   (LST)  VALUE       VALUE  FROM      YEAR
                                                  NORMAL
..................................................................
TEMPERATURE (F)
 TODAY
  MAXIMUM         87    304 PM  90    2003  69     18       63
  MINIMUM         54    715 AM  24    1989  43     11       46
  AVERAGE         71                        56     15       55

PRECIPITATION (IN)
  TODAY            0.00          1.29 1965   0.06  -0.06      T
  MONTH TO DATE    1.15                      1.05   0.10     6.11
  SINCE SEP 1      1.36                      2.72  -1.36     7.98
  SINCE JAN 1     21.09                     19.31   1.78    25.92

SNOWFALL (IN)
  TODAY            0.0           2.7  2013   0.0    0.0      0.0
  MONTH TO DATE    T                         0.1   -0.1      0.5
  SINCE SEP 1      T                         0.1   -0.1      0.5
  SINCE JUL 1      T                         0.1   -0.1      0.5
  SNOW DEPTH       0

DEGREE DAYS
 HEATING
  TODAY            0                        10    -10       10
  MONTH TO DATE  140                       132      8      238
  SINCE SEP 1    140                       193    -53      285
  SINCE JUL 1    140                       197    -57      285

 COOLING
  TODAY            6                         1      5        0
  MONTH TO DATE   15                        26    -11       21
  SINCE SEP 1    411                       213    198      215
  SINCE JAN 1   1690                      1459    231     1757
..................................................................


WIND (MPH)
  HIGHEST WIND SPEED    32   HIGHEST WIND DIRECTION     S (170)
  HIGHEST GUST SPEED    43   HIGHEST GUST DIRECTION     S (160)
  AVERAGE WIND SPEED    21.0


SKY COVER
  POSSIBLE SUNSHINE  MM
  AVERAGE SKY COVER 0.0


WEATHER CONDITIONS
 THE FOLLOWING WEATHER WAS RECORDED TODAY.
  HAZE


RELATIVE HUMIDITY (PERCENT)
 HIGHEST    59           700 AM
 LOWEST     27           300 PM
 AVERAGE    43

..........................................................


THE DODGE CITY KS CLIMATE NORMALS FOR TOMORROW
                         NORMAL    RECORD    YEAR
 MAXIMUM TEMPERATURE (F)   69        93      2003
 MINIMUM TEMPERATURE (F)   42        21      1917


SUNRISE AND SUNSET
OCTOBER 18 2019.......SUNRISE   751 AM CDT   SUNSET   659 PM CDT
OCTOBER 19 2019.......SUNRISE   752 AM CDT   SUNSET   657 PM CDT


-  INDICATES NEGATIVE NUMBERS.
R  INDICATES RECORD WAS SET OR TIED.
MM INDICATES DATA IS MISSING.
T  INDICATES TRACE AMOUNT.




$$
