000
CDUS43 KDDC 121430
CLIDGC


CLIMATE REPORT
NATIONAL WEATHER SERVICE DODGE CITY KS
928 AM CDT WED AUG 12 2020


...................................

...THE DODGE CITY KS CLIMATE SUMMARY FOR AUGUST 12 2020...
VALID AS OF 0900 AM LOCAL TIME.

CLIMATE NORMAL PERIOD 1981 TO 2010
CLIMATE RECORD PERIOD 1875 TO 2020


WEATHER ITEM   OBSERVED TIME   RECORD YEAR NORMAL DEPARTURE LAST
                VALUE   (LST)  VALUE       VALUE  FROM      YEAR
                                                  NORMAL
..................................................................
TEMPERATURE (F)
 TODAY
  MAXIMUM         73    756 AM 109    1936  92    -19       97
  MINIMUM         64    452 AM  54    1967  66     -2       69
  AVERAGE         69                        79    -10       83

PRECIPITATION (IN)
  TODAY            0.40          2.29 2013   0.09   0.31     0.04
  MONTH TO DATE    0.78                      1.15  -0.37     1.26
  SINCE JUN 1     12.00                      7.47   4.53     6.36
  SINCE JAN 1     17.72                     14.99   2.73    18.16

SNOWFALL (IN)
  TODAY            0.0           0.0  2002   0.0    0.0      0.0
                                      2001
  MONTH TO DATE    0.0                       0.0    0.0      0.0
  SINCE JUN 1      0.0                       0.0    0.0      0.0
  SINCE JUL 1      0.0                       0.0    0.0      0.0
  SNOW DEPTH       0

..................................................................


WIND (MPH)
  HIGHEST WIND SPEED    20   HIGHEST WIND DIRECTION    NE (50)
  HIGHEST GUST SPEED    29   HIGHEST GUST DIRECTION    SE (150)
  AVERAGE WIND SPEED    10.5



WEATHER CONDITIONS
 THE FOLLOWING WEATHER WAS RECORDED TODAY.
  THUNDERSTORM
  HEAVY RAIN
  RAIN
  LIGHT RAIN
  FOG


RELATIVE HUMIDITY (PERCENT)
 HIGHEST   100           200 AM
 LOWEST     84           800 AM

..........................................................


THE DODGE CITY KS CLIMATE NORMALS FOR TOMORROW
                         NORMAL    RECORD    YEAR
 MAXIMUM TEMPERATURE (F)   91       109      1936
 MINIMUM TEMPERATURE (F)   66        49      2004


SUNRISE AND SUNSET
AUGUST 12 2020........SUNRISE   653 AM CDT   SUNSET   836 PM CDT
AUGUST 13 2020........SUNRISE   654 AM CDT   SUNSET   834 PM CDT


-  INDICATES NEGATIVE NUMBERS.
R  INDICATES RECORD WAS SET OR TIED.
MM INDICATES DATA IS MISSING.
T  INDICATES TRACE AMOUNT.




$$
