000
CDUS42 KTAE 040632
CLIDHN


CLIMATE REPORT
NATIONAL WEATHER SERVICE TALLAHASSEE FL
232 AM EDT THU JUN 4 2020


...................................

...THE DOTHAN CLIMATE SUMMARY FOR JUNE 3 2020...

CLIMATE NORMAL PERIOD 1981 TO 2010
CLIMATE RECORD PERIOD 1965 TO 2020


WEATHER ITEM   OBSERVED TIME   NORMAL DEPARTURE LAST
                VALUE   (LST)  VALUE  FROM      YEAR
                                      NORMAL
......................................................
TEMPERATURE (F)
 YESTERDAY
  MAXIMUM         88    325 PM  89     -1       99
  MINIMUM         70    421 AM  67      3       72
  AVERAGE         79            78      1       86

PRECIPITATION (IN)
  YESTERDAY        0.01          0.18  -0.17     0.00
  MONTH TO DATE    0.32          0.52  -0.20     0.00
  SINCE JUN 1      0.32          0.52  -0.20     0.00
  SINCE JAN 1     23.45         22.88   0.57    14.22

SNOWFALL (IN)
  YESTERDAY        0.0

DEGREE DAYS
 HEATING
  YESTERDAY        0                    0
  MONTH TO DATE    0                    0
  SINCE JUN 1      0                    0
  SINCE JUL 1   1226                 -620

 COOLING
  YESTERDAY       14                    1
  MONTH TO DATE   39                    0
  SINCE JUN 1     39                    0
  SINCE JAN 1    715                  263
......................................................


WIND (MPH)
  HIGHEST WIND SPEED    18   HIGHEST WIND DIRECTION     S (160)
  HIGHEST GUST SPEED    21   HIGHEST GUST DIRECTION    SE (150)
  AVERAGE WIND SPEED     4.2




..........................................................


THE DOTHAN CLIMATE NORMALS FOR TODAY
                         NORMAL
 MAXIMUM TEMPERATURE (F)   89
 MINIMUM TEMPERATURE (F)   68


SUNRISE AND SUNSET
JUNE  4 2020..........SUNRISE   537 AM CDT   SUNSET   743 PM CDT
JUNE  5 2020..........SUNRISE   537 AM CDT   SUNSET   744 PM CDT


-  INDICATES NEGATIVE NUMBERS.
R  INDICATES RECORD WAS SET OR TIED.
MM INDICATES DATA IS MISSING.
T  INDICATES TRACE AMOUNT.




$$
