000
CDUS42 KTAE 172135
CLIDHN


CLIMATE REPORT
NATIONAL WEATHER SERVICE TALLAHASSEE FL
535 PM EDT THU OCT 17 2019


...................................

...THE DOTHAN CLIMATE SUMMARY FOR OCTOBER 17 2019...
VALID TODAY AS OF 0500 PM LOCAL TIME.

CLIMATE NORMAL PERIOD 1981 TO 2010
CLIMATE RECORD PERIOD 1965 TO 2019


WEATHER ITEM   OBSERVED TIME   NORMAL DEPARTURE LAST
                VALUE   (LST)  VALUE  FROM      YEAR
                                      NORMAL
......................................................
TEMPERATURE (F)
 TODAY
  MAXIMUM         74    159 PM  79     -5       90
  MINIMUM         51    716 AM  55     -4       67
  AVERAGE         63            67     -4       79

PRECIPITATION (IN)
  TODAY            0.00          0.11  -0.11     0.00
  MONTH TO DATE    1.33          1.82  -0.49     6.27
  SINCE SEP 1      1.39          5.41  -4.02    14.26
  SINCE JAN 1     26.69         43.80 -17.11    57.48

SNOWFALL (IN)
  TODAY            0.0

DEGREE DAYS
 HEATING
  TODAY            2                    0
  MONTH TO DATE    2                  -11
  SINCE SEP 1      2                  -13
  SINCE JUL 1      2                  -13

 COOLING
  TODAY            0                   -4
  MONTH TO DATE  229                  136
  SINCE SEP 1    777                  336
  SINCE JAN 1   3140                  819
......................................................


WIND (MPH)
  HIGHEST WIND SPEED    12   HIGHEST WIND DIRECTION     N (340)
  HIGHEST GUST SPEED    16   HIGHEST GUST DIRECTION     N (350)
  AVERAGE WIND SPEED     6.0




RELATIVE HUMIDITY (PERCENT)
 HIGHEST    93
 LOWEST     38
 AVERAGE    66

..........................................................


THE DOTHAN CLIMATE NORMALS FOR TOMORROW
                         NORMAL
 MAXIMUM TEMPERATURE (F)   79
 MINIMUM TEMPERATURE (F)   55


SUNRISE AND SUNSET
OCTOBER 17 2019.......SUNRISE   646 AM CDT   SUNSET   608 PM CDT
OCTOBER 18 2019.......SUNRISE   647 AM CDT   SUNSET   607 PM CDT


-  INDICATES NEGATIVE NUMBERS.
R  INDICATES RECORD WAS SET OR TIED.
MM INDICATES DATA IS MISSING.
T  INDICATES TRACE AMOUNT.




$$
