000
CDUS42 KTAE 310637
CLIDHN

CLIMATE REPORT
NATIONAL WEATHER SERVICE TALLAHASSEE FL
237 AM EDT SAT OCT 31 2020

...................................

...THE DOTHAN CLIMATE SUMMARY FOR OCTOBER 30 2020...

CLIMATE NORMAL PERIOD 1981 TO 2010
CLIMATE RECORD PERIOD 1965 TO 2020


WEATHER ITEM   OBSERVED TIME   NORMAL DEPARTURE LAST
                VALUE   (LST)  VALUE  FROM      YEAR
                                      NORMAL
.......................................................
TEMPERATURE (F)
 YESTERDAY
  MAXIMUM         69    417 PM  76     -7       77
  MINIMUM         48    458 AM  51     -3       72
  AVERAGE         59            63     -4       75

PRECIPITATION (IN)
  YESTERDAY        0.00          0.12  -0.12     0.45
  MONTH TO DATE    1.31          3.29  -1.98     4.52
  SINCE SEP 1      8.92          6.88   2.04     4.58
  SINCE JAN 1     48.40         45.27   3.13    29.88

SNOWFALL (IN)
  YESTERDAY        0.0

DEGREE DAYS
 HEATING
  YESTERDAY        6                    2
  MONTH TO DATE   11                  -41
  SINCE SEP 1     13                  -41
  SINCE JUL 1     13                  -41

 COOLING
  YESTERDAY        0                   -2
  MONTH TO DATE  240                  107
  SINCE SEP 1    612                  131
  SINCE JAN 1   2930                  569
.......................................................


WIND (MPH)
  HIGHEST WIND SPEED    21   HIGHEST WIND DIRECTION     N (350)
  HIGHEST GUST SPEED    28   HIGHEST GUST DIRECTION    NW (330)
  AVERAGE WIND SPEED    11.0

..........................................................


THE DOTHAN CLIMATE NORMALS FOR TODAY
                         NORMAL




SUNRISE AND SUNSET
OCTOBER 31 2020.......SUNRISE   657 AM CDT   SUNSET   553 PM CDT
NOVEMBER  1 2020......SUNRISE   558 AM CST   SUNSET   452 PM CST


-  INDICATES NEGATIVE NUMBERS.
R  INDICATES RECORD WAS SET OR TIED.
MM INDICATES DATA IS MISSING.
T  INDICATES TRACE AMOUNT.




$$
