000
CDUS44 KTAE 190635
CLIDHN


CLIMATE REPORT
NATIONAL WEATHER SERVICE TALLAHASSEE FL
235 AM EDT WED SEP 19 2018


...................................

...THE DOTHAN CLIMATE SUMMARY FOR SEPTEMBER 18 2018...

CLIMATE NORMAL PERIOD 1981 TO 2010
CLIMATE RECORD PERIOD 1965 TO 2018


WEATHER ITEM   OBSERVED TIME   NORMAL DEPARTURE LAST
                VALUE   (LST)  VALUE  FROM      YEAR
                                      NORMAL
......................................................
TEMPERATURE (F)
 YESTERDAY
  MAXIMUM         96    233 PM  87      9       92
  MINIMUM         73   1159 PM  65      8       70
  AVERAGE         85            76      9       81

PRECIPITATION (IN)
  YESTERDAY        0.02          0.10  -0.08     0.00
  MONTH TO DATE    4.46          2.50   1.96     2.78
  SINCE SEP 1      4.46          2.50   1.96     2.78
  SINCE JAN 1     47.68         40.89   6.79    44.03

SNOWFALL (IN)
  YESTERDAY        0.0

DEGREE DAYS
 HEATING
  YESTERDAY        0             0      0        0
  MONTH TO DATE    0             0      0        4
  SINCE SEP 1      0             0      0        4
  SINCE JUL 1      0             0      0        4

 COOLING
  YESTERDAY       20            11      9       16
  MONTH TO DATE  308           236     72      188
  SINCE SEP 1    308           236     72      188
  SINCE JAN 1   2475          2116    359     2246
......................................................


WIND (MPH)
  HIGHEST WIND SPEED    17   HIGHEST WIND DIRECTION     W (270)
  HIGHEST GUST SPEED    22   HIGHEST GUST DIRECTION     W (270)
  AVERAGE WIND SPEED     5.0








-  INDICATES NEGATIVE NUMBERS.
R  INDICATES RECORD WAS SET OR TIED.
MM INDICATES DATA IS MISSING.
T  INDICATES TRACE AMOUNT.




$$
