642
CDUS44 KAMA 202230
CLIDHT


CLIMATE REPORT
NATIONAL WEATHER SERVICE AMARILLO TX
430 PM CST SUN JAN 20 2019


...................................

...THE DALHART CLIMATE SUMMARY FOR JANUARY 20 2019...
VALID TODAY AS OF 0400 PM LOCAL TIME.

CLIMATE NORMAL PERIOD 1981 TO 2010
CLIMATE RECORD PERIOD 1948 TO 2019


WEATHER ITEM   OBSERVED TIME   RECORD YEAR NORMAL DEPARTURE LAST
                VALUE   (LST)  VALUE       VALUE  FROM      YEAR
                                                  NORMAL
..................................................................
TEMPERATURE (F)
 TODAY
  MAXIMUM         63    347 PM  78    1986  50     13       74
  MINIMUM         23    701 AM  -6    1960  19      4       30
  AVERAGE         43                        35      8       52

PRECIPITATION (IN)
  TODAY            0.00          0.66 2007   0.02  -0.02     0.00
  MONTH TO DATE    0.08                      0.30  -0.22      T
  SINCE DEC 1      1.02                      0.84   0.18      T
  SINCE JAN 1      0.08                      0.30  -0.22      T

SNOWFALL (IN)
  TODAY           MM             8.0  2007   0.1   MM        0.0
  MONTH TO DATE    T                         2.5   -2.5      0.0
  SINCE DEC 1      T                         6.8   -6.8       T
  SINCE JUL 1      4.0                       8.7   -4.7      2.3
  SNOW DEPTH      MM

DEGREE DAYS
 HEATING
  TODAY           22                        30     -8       13
  MONTH TO DATE  526                       611    -85      608
  SINCE DEC 1   1439                      1559   -120     1467
  SINCE JUL 1   2496                      2554    -58     2142

 COOLING
  TODAY            0                         0      0        0
  MONTH TO DATE    0                         0      0        0
  SINCE DEC 1      0                         0      0        0
  SINCE JAN 1      0                         0      0        0
..................................................................


WIND (MPH)
  RESULTANT WIND SPEED   6   RESULTANT WIND DIRECTION  SW (230)
  HIGHEST WIND SPEED    12   HIGHEST WIND DIRECTION     W (280)
  HIGHEST GUST SPEED    16   HIGHEST GUST DIRECTION     W (270)
  AVERAGE WIND SPEED     7.6


SKY COVER
  AVERAGE SKY COVER 0.0


WEATHER CONDITIONS
 THE FOLLOWING WEATHER WAS RECORDED TODAY.
  NO SIGNIFICANT WEATHER WAS OBSERVED.


RELATIVE HUMIDITY (PERCENT)
 HIGHEST    88           800 AM
 LOWEST     20           400 PM
 AVERAGE    54

..........................................................


THE DALHART CLIMATE NORMALS FOR TOMORROW
                         NORMAL    RECORD    YEAR
 MAXIMUM TEMPERATURE (F)   51        80      1950
 MINIMUM TEMPERATURE (F)   20        -4      1984


SUNRISE AND SUNSET
JANUARY 20 2019.......SUNRISE   758 AM CST   SUNSET   604 PM CST
JANUARY 21 2019.......SUNRISE   758 AM CST   SUNSET   605 PM CST


-  INDICATES NEGATIVE NUMBERS.
R  INDICATES RECORD WAS SET OR TIED.
MM INDICATES DATA IS MISSING.
T  INDICATES TRACE AMOUNT.




$$
