000
CDUS44 KAMA 280731
CLIDHT

CLIMATE REPORT
NATIONAL WEATHER SERVICE AMARILLO
131 AM CST FRI FEB 28 2020

...................................

...THE DALHART CLIMATE SUMMARY FOR FEBRUARY 27 2020...

CLIMATE NORMAL PERIOD: 1981 TO 2010
CLIMATE RECORD PERIOD: 1948 TO 2020


WEATHER ITEM   OBSERVED TIME   RECORD YEAR NORMAL DEPARTURE LAST
                VALUE   (LST)  VALUE       VALUE  FROM      YEAR
                                                  NORMAL
...................................................................
TEMPERATURE (F)
 YESTERDAY
  MAXIMUM         58   3:37 PM  79    2006  56      2       35
                                      2016
  MINIMUM         18   5:39 AM   4    1962  25     -7       17
  AVERAGE         38                        41     -3       26

PRECIPITATION (IN)
  YESTERDAY        0.00          1.22 1966   0.01  -0.01      T
  MONTH TO DATE    0.13                      0.38  -0.25     0.07
  SINCE DEC 1      1.47                      1.44   0.03     1.09
  SINCE JAN 1      0.78                      0.90  -0.12     0.15

SNOWFALL (IN)
  YESTERDAY        0.0           5.0  1966   0.1   -0.1      0.0
  MONTH TO DATE    2.5                       2.9   -0.4      1.0
  SINCE DEC 1      5.5                      11.5   -6.0      1.0
  SINCE JUL 1     10.5                      13.4   -2.9      5.0
  SNOW DEPTH       0

DEGREE DAYS
 HEATING
  YESTERDAY       27                        24      3       39
  MONTH TO DATE  764                       736     28      704
  SINCE DEC 1   2344                      2623   -279     2469
  SINCE JUL 1   3445                      3618   -173     3526

 COOLING
  YESTERDAY        0                         0      0        0
  MONTH TO DATE    0                         0      0        0
  SINCE DEC 1      0                         0      0        0
  SINCE JAN 1      0                         0      0        0
...................................................................


WIND (MPH)
  RESULTANT WIND SPEED   7   RESULTANT WIND DIRECTION   N (350)
  HIGHEST WIND SPEED    26   HIGHEST WIND DIRECTION     N (350)
  HIGHEST GUST SPEED    34   HIGHEST GUST DIRECTION     N (10)
  AVERAGE WIND SPEED    11.0


SKY COVER
  AVERAGE SKY COVER 0.0


WEATHER CONDITIONS
THE FOLLOWING WEATHER WAS RECORDED YESTERDAY.
  NO SIGNIFICANT WEATHER WAS OBSERVED.


RELATIVE HUMIDITY (PERCENT)
 HIGHEST    68           4:00 AM
 LOWEST     17           1:00 PM
 AVERAGE    43

..........................................................


THE DALHART CLIMATE NORMALS FOR TODAY
                         NORMAL    RECORD    YEAR
 MAXIMUM TEMPERATURE (F)   56        85      2006
 MINIMUM TEMPERATURE (F)   26         1      1962


SUNRISE AND SUNSET
FEBRUARY 28 2020......SUNRISE   7:22 AM CST   SUNSET   6:44 PM CST
FEBRUARY 29 2020......SUNRISE   7:21 AM CST   SUNSET   6:45 PM CST


-  INDICATES NEGATIVE NUMBERS.
R  INDICATES RECORD WAS SET OR TIED.
MM INDICATES DATA IS MISSING.
T  INDICATES TRACE AMOUNT.




$$
