000
CDUS44 KAMA 211414
CLIDHT

CLIMATE REPORT
NATIONAL WEATHER SERVICE AMARILLO
914 AM CDT WED OCT 21 2020

...................................

...THE DALHART CLIMATE SUMMARY FOR OCTOBER 21 2020...
VALID AS OF 0900 AM LOCAL TIME.

CLIMATE NORMAL PERIOD: 1981 TO 2010
CLIMATE RECORD PERIOD: 1948 TO 2020


WEATHER ITEM   OBSERVED TIME   RECORD YEAR NORMAL DEPARTURE LAST
                VALUE   (LST)  VALUE       VALUE  FROM      YEAR
                                                  NORMAL
...................................................................
TEMPERATURE (F)
 TODAY
  MINIMUM         51        MM  24    2019  39     12       24

PRECIPITATION (IN)
  TODAY            0.00          1.38 2015   0.05  -0.05     0.00
  MONTH TO DATE    0.00                      1.01  -1.01     1.08
  SINCE SEP 1      1.19                      2.66  -1.47     3.12
  SINCE JAN 1      8.81                     16.01  -7.20    12.93

SNOWFALL (IN)
  TODAY            0.0           4.0  1996   0.1   -0.1      0.0
  MONTH TO DATE    0.0                       0.3   -0.3      0.0
  SINCE SEP 1      0.0                       0.3   -0.3      0.0
  SINCE JUL 1      0.0                       0.3   -0.3      0.0
  SNOW DEPTH       0

...................................................................


WIND (MPH)
  RESULTANT WIND SPEED  10   RESULTANT WIND DIRECTION  NE (60)
  HIGHEST WIND SPEED    18   HIGHEST WIND DIRECTION     E (100)
  HIGHEST GUST SPEED    25   HIGHEST GUST DIRECTION     E (100)
  AVERAGE WIND SPEED    12.8


SKY COVER
  AVERAGE SKY COVER 0.9


WEATHER CONDITIONS
THE FOLLOWING WEATHER WAS RECORDED TODAY.
  FOG


RELATIVE HUMIDITY (PERCENT)
 HIGHEST    97           2:00 AM
 LOWEST     89          12:00 AM
 AVERAGE    93

..........................................................


THE DALHART CLIMATE NORMALS FOR TOMORROW
                         NORMAL    RECORD    YEAR
 MAXIMUM TEMPERATURE (F)   69        90      2016
 MINIMUM TEMPERATURE (F)   38        24      1949


SUNRISE AND SUNSET
OCTOBER 21 2020.......SUNRISE   8:03 AM CDT   SUNSET   7:06 PM CDT
OCTOBER 22 2020.......SUNRISE   8:04 AM CDT   SUNSET   7:05 PM CDT


-  INDICATES NEGATIVE NUMBERS.
R  INDICATES RECORD WAS SET OR TIED.
MM INDICATES DATA IS MISSING.
T  INDICATES TRACE AMOUNT.




$$
