000
CDUS44 KAMA 190643
CLIDHT


CLIMATE REPORT
NATIONAL WEATHER SERVICE AMARILLO TX
142 AM CDT FRI OCT 19 2018


...................................

...THE DALHART CLIMATE SUMMARY FOR OCTOBER 18 2018...

CLIMATE NORMAL PERIOD 1981 TO 2010
CLIMATE RECORD PERIOD 1948 TO 2018


WEATHER ITEM   OBSERVED TIME   RECORD YEAR NORMAL DEPARTURE LAST
                VALUE   (LST)  VALUE       VALUE  FROM      YEAR
                                                  NORMAL
..................................................................
TEMPERATURE (F)
 YESTERDAY
  MAXIMUM         49    308 AM  87    2003  70    -21       86
  MINIMUM         45    907 AM  25    1989  40      5       39
  AVERAGE         47                        55     -8       63

PRECIPITATION (IN)
  YESTERDAY        0.41          1.61 1960   0.05   0.36     0.00
  MONTH TO DATE    3.62                      0.86   2.76     4.03
  SINCE SEP 1      3.88                      2.51   1.37     7.04
  SINCE JAN 1     10.66                     15.86  -5.20    24.28

SNOWFALL (IN)
  YESTERDAY       MM             T    1976   0.1   MM        0.0
  MONTH TO DATE    T                         0.2   -0.2      0.0
  SINCE SEP 1      T                         0.2   -0.2      0.0
  SINCE JUL 1      T                         0.2   -0.2      0.0
  SNOW DEPTH       0

DEGREE DAYS
 HEATING
  YESTERDAY       18                        10      8        2
  MONTH TO DATE  197                       136     61       83
  SINCE SEP 1    227                       196     31      121
  SINCE JUL 1    227                       199     28      121

 COOLING
  YESTERDAY        0                         0      0        0
  MONTH TO DATE   43                         8     35       34
  SINCE SEP 1    240                       140    100      192
  SINCE JAN 1   1598                      1136    462     1340
..................................................................


WIND (MPH)
  RESULTANT WIND SPEED   8   RESULTANT WIND DIRECTION   S (180)
  HIGHEST WIND SPEED    17   HIGHEST WIND DIRECTION     S (170)
  HIGHEST GUST SPEED    20   HIGHEST GUST DIRECTION     S (190)
  AVERAGE WIND SPEED     9.4


SKY COVER
  AVERAGE SKY COVER 1.0


WEATHER CONDITIONS
 THE FOLLOWING WEATHER WAS RECORDED YESTERDAY.
  HEAVY RAIN
  RAIN
  LIGHT RAIN
  FOG


RELATIVE HUMIDITY (PERCENT)
 HIGHEST    93           200 PM
 LOWEST     77           300 AM
 AVERAGE    85

..........................................................


THE DALHART CLIMATE NORMALS FOR TODAY
                         NORMAL    RECORD    YEAR
 MAXIMUM TEMPERATURE (F)   70        90      2009
 MINIMUM TEMPERATURE (F)   39        22      1989


SUNRISE AND SUNSET
OCTOBER 19 2018.......SUNRISE   801 AM CDT   SUNSET   709 PM CDT
OCTOBER 20 2018.......SUNRISE   801 AM CDT   SUNSET   708 PM CDT


-  INDICATES NEGATIVE NUMBERS.
R  INDICATES RECORD WAS SET OR TIED.
MM INDICATES DATA IS MISSING.
T  INDICATES TRACE AMOUNT.




$$
