000
CDUS44 KAMA 201514
CLIDHT


CLIMATE REPORT
NATIONAL WEATHER SERVICE AMARILLO TX
913 AM CST TUE FEB 20 2018


...................................

...THE DALHART CLIMATE SUMMARY FOR FEBRUARY 20 2018...
VALID AS OF 0900 AM LOCAL TIME.

CLIMATE NORMAL PERIOD 1981 TO 2010
CLIMATE RECORD PERIOD 1948 TO 2018


WEATHER ITEM   OBSERVED TIME   RECORD YEAR NORMAL DEPARTURE LAST
                VALUE   (LST)  VALUE       VALUE  FROM      YEAR
                                                  NORMAL
..................................................................
TEMPERATURE (F)
 TODAY
  MINIMUM         17    759 AM   0    1955  24     -7       29

PRECIPITATION (IN)
  TODAY            0.00          0.82 1990   0.01  -0.01     0.00
  MONTH TO DATE    T                         0.28  -0.28     0.05
  SINCE DEC 1      0.01                      1.34  -1.33     1.28
  SINCE JAN 1      0.01                      0.80  -0.79     1.08

SNOWFALL (IN)
  TODAY            0.0           4.1  1987   0.0    0.0      0.0
  MONTH TO DATE    T                         2.3   -2.3       T
  SINCE DEC 1      T                        10.9  -10.9      1.3
  SINCE JUL 1      2.3                      12.8  -10.5      1.3
  SNOW DEPTH       0

..................................................................


WIND (MPH)
  RESULTANT WIND SPEED   7   RESULTANT WIND DIRECTION   N (20)
  HIGHEST WIND SPEED    32   HIGHEST WIND DIRECTION     N (20)
  HIGHEST GUST SPEED    37   HIGHEST GUST DIRECTION     N (20)
  AVERAGE WIND SPEED    18.2


SKY COVER
  AVERAGE SKY COVER 0.4


WEATHER CONDITIONS
 THE FOLLOWING WEATHER WAS RECORDED TODAY.
  NO SIGNIFICANT WEATHER WAS OBSERVED.


RELATIVE HUMIDITY (PERCENT)
 HIGHEST    92           700 AM
 LOWEST     50          1200 AM
 AVERAGE    71

..........................................................


THE DALHART CLIMATE NORMALS FOR TOMORROW
                         NORMAL    RECORD    YEAR
 MAXIMUM TEMPERATURE (F)   54        81      2017
 MINIMUM TEMPERATURE (F)   24         1      1955


SUNRISE AND SUNSET
FEBRUARY 20 2018......SUNRISE   732 AM CST   SUNSET   637 PM CST
FEBRUARY 21 2018......SUNRISE   730 AM CST   SUNSET   638 PM CST


-  INDICATES NEGATIVE NUMBERS.
R  INDICATES RECORD WAS SET OR TIED.
MM INDICATES DATA IS MISSING.
T  INDICATES TRACE AMOUNT.




$$
