000
CDUS44 KAMA 162145
CLIDHT


CLIMATE REPORT
NATIONAL WEATHER SERVICE AMARILLO
445 PM CDT WED OCT 16 2019

...................................

...THE DALHART CLIMATE SUMMARY FOR OCTOBER 16 2019...
VALID TODAY AS OF 0400 PM LOCAL TIME.

CLIMATE NORMAL PERIOD: 1981 TO 2010
CLIMATE RECORD PERIOD: 1948 TO 2019


WEATHER ITEM   OBSERVED TIME   RECORD YEAR NORMAL DEPARTURE LAST
                VALUE   (LST)  VALUE       VALUE  FROM      YEAR
                                                  NORMAL
...................................................................
TEMPERATURE (F)
 TODAY
  MAXIMUM         75   2:46 PM  96    2016  71      4       62
  MINIMUM         33   7:01 AM  27    2001  40     -7       31
  AVERAGE         54                        56     -2       47

PRECIPITATION (IN)
  TODAY            0.00          0.91 1984   0.05  -0.05     0.00
  MONTH TO DATE    1.08                      0.76   0.32     3.18
  SINCE SEP 1      3.12                      2.41   0.71     3.44
  SINCE JAN 1     12.93                     15.76  -2.83    10.22

SNOWFALL (IN)
  TODAY           MM             T    1999   0.0   MM        0.0
                                      2013
  MONTH TO DATE    0.0                       0.1   -0.1       T
  SINCE SEP 1      0.0                       0.1   -0.1       T
  SINCE JUL 1      0.0                       0.1   -0.1       T
  SNOW DEPTH      MM

DEGREE DAYS
 HEATING
  TODAY           11                         9      2       18
  MONTH TO DATE  130                       116     14      166
  SINCE SEP 1    130                       176    -46      196
  SINCE JUL 1    130                       179    -49      196

 COOLING
  TODAY            0                         0      0        0
  MONTH TO DATE   10                         8      2       43
  SINCE SEP 1    320                       140    180      240
  SINCE JAN 1   1494                      1136    358     1598
...................................................................


WIND (MPH)
  RESULTANT WIND SPEED  10   RESULTANT WIND DIRECTION  SW (240)
  HIGHEST WIND SPEED    28   HIGHEST WIND DIRECTION    SW (210)
  HIGHEST GUST SPEED    34   HIGHEST GUST DIRECTION    SW (210)
  AVERAGE WIND SPEED    12.4


SKY COVER
  AVERAGE SKY COVER 0.0


WEATHER CONDITIONS
THE FOLLOWING WEATHER WAS RECORDED TODAY.
  NO SIGNIFICANT WEATHER WAS OBSERVED.


RELATIVE HUMIDITY (PERCENT)
 HIGHEST    72           7:00 AM
 LOWEST     16           1:00 PM
 AVERAGE    44

..........................................................


THE DALHART CLIMATE NORMALS FOR TOMORROW
                         NORMAL    RECORD    YEAR
 MAXIMUM TEMPERATURE (F)   71        95      2016
 MINIMUM TEMPERATURE (F)   40        30      1992


SUNRISE AND SUNSET
OCTOBER 16 2019.......SUNRISE   7:58 AM CDT   SUNSET   7:13 PM CDT
OCTOBER 17 2019.......SUNRISE   7:59 AM CDT   SUNSET   7:12 PM CDT


-  INDICATES NEGATIVE NUMBERS.
R  INDICATES RECORD WAS SET OR TIED.
MM INDICATES DATA IS MISSING.
T  INDICATES TRACE AMOUNT.




$$
