000
CDUS43 KBIS 180744
CLIDIK


CLIMATE REPORT
NATIONAL WEATHER SERVICE BISMARCK ND
244 AM CDT WED JUL 18 2018


...................................

...THE DICKINSON ND CLIMATE SUMMARY FOR JULY 17 2018...

CLIMATE NORMAL PERIOD 1981 TO 2010
CLIMATE RECORD PERIOD 1893 TO 2018


WEATHER ITEM   OBSERVED TIME   RECORD YEAR NORMAL DEPARTURE LAST
                VALUE   (LST)  VALUE       VALUE  FROM      YEAR
                                                  NORMAL
..................................................................
TEMPERATURE (F)
 YESTERDAY
  MAXIMUM         87    300 PM 105    1934  84      3       91
                                      1919
  MINIMUM         51    352 AM  40    1922  55     -4       64
  AVERAGE         69                        70     -1       78

PRECIPITATION (IN)
  YESTERDAY        0.00          1.14 1957   0.07  -0.07     0.00
  MONTH TO DATE    2.24                      1.51   0.73     0.29
  SINCE JUN 1      7.18                      4.71   2.47     0.92
  SINCE JAN 1     11.37                      9.82   1.55     3.28

DEGREE DAYS
 HEATING
  YESTERDAY        0                         1     -1        0
  MONTH TO DATE    4                        23    -19        0
  SINCE JUN 1     53                       160   -107       92
  SINCE JUL 1      4                        23    -19        0

 COOLING
  YESTERDAY        4                         6     -2       13
  MONTH TO DATE   99                        78     21      176
  SINCE JUN 1    173                       132     41      226
  SINCE JAN 1    214                       142     72      236
..................................................................


WIND (MPH)
  HIGHEST WIND SPEED    13   HIGHEST WIND DIRECTION     E (70)
  HIGHEST GUST SPEED    16   HIGHEST GUST DIRECTION     E (80)
  AVERAGE WIND SPEED     6.6


SKY COVER
  POSSIBLE SUNSHINE  MM
  AVERAGE SKY COVER 0.0


WEATHER CONDITIONS
 THE FOLLOWING WEATHER WAS RECORDED YESTERDAY.
  NO SIGNIFICANT WEATHER WAS OBSERVED.


RELATIVE HUMIDITY (PERCENT)
 HIGHEST   100           300 AM
 LOWEST     34           300 PM
 AVERAGE    67

..........................................................


THE DICKINSON ND CLIMATE NORMALS FOR TODAY
                         NORMAL    RECORD    YEAR
 MAXIMUM TEMPERATURE (F)   84       105      1936
                                             1934
 MINIMUM TEMPERATURE (F)   55        40      1912


SUNRISE AND SUNSET
JULY 18 2018..........SUNRISE   515 AM MDT   SUNSET   839 PM MDT
JULY 19 2018..........SUNRISE   516 AM MDT   SUNSET   838 PM MDT


-  INDICATES NEGATIVE NUMBERS.
R  INDICATES RECORD WAS SET OR TIED.
MM INDICATES DATA IS MISSING.
T  INDICATES TRACE AMOUNT.




$$
