557
CDUS43 KBIS 130800
CLIDIK


CLIMATE REPORT
NATIONAL WEATHER SERVICE BISMARCK ND
259 AM CDT SUN OCT 13 2019


...................................

...THE DICKINSON ND CLIMATE SUMMARY FOR OCTOBER 12 2019...

CLIMATE NORMAL PERIOD 1981 TO 2010
CLIMATE RECORD PERIOD 1893 TO 2019


WEATHER ITEM   OBSERVED TIME   RECORD YEAR NORMAL DEPARTURE LAST
                VALUE   (LST)  VALUE       VALUE  FROM      YEAR
                                                  NORMAL
..................................................................
TEMPERATURE (F)
 YESTERDAY
  MAXIMUM         43    123 PM  88    1956  59    -16       59
  MINIMUM         28    623 AM   5    1917  33     -5       32
  AVERAGE         36                        46    -10       46

PRECIPITATION (IN)
  YESTERDAY        0.00          1.38 1924   0.04  -0.04      T
  MONTH TO DATE    1.27                      0.54   0.73     0.59
  SINCE SEP 1      6.89                      2.01   4.88     2.13
  SINCE JAN 1     17.16                     14.30   2.86    14.43

DEGREE DAYS
 HEATING
  YESTERDAY       29                        19     10       19
  MONTH TO DATE  291                       206     85      332
  SINCE SEP 1    511                       474     37      657
  SINCE JUL 1    585                       560     25      739

 COOLING
  YESTERDAY        0                         0      0        0
  MONTH TO DATE    0                         0      0        0
  SINCE SEP 1     40                        32      8       22
  SINCE JAN 1    331                       418    -87      431
..................................................................


WIND (MPH)
  HIGHEST WIND SPEED    37   HIGHEST WIND DIRECTION    NW (300)
  HIGHEST GUST SPEED    48   HIGHEST GUST DIRECTION    NW (300)
  AVERAGE WIND SPEED    22.5


SKY COVER
  POSSIBLE SUNSHINE  MM
  AVERAGE SKY COVER 0.6


WEATHER CONDITIONS
 THE FOLLOWING WEATHER WAS RECORDED YESTERDAY.
  NO SIGNIFICANT WEATHER WAS OBSERVED.


RELATIVE HUMIDITY (PERCENT)
 HIGHEST    69           100 AM
 LOWEST     45           100 PM
 AVERAGE    57

..........................................................


THE DICKINSON ND CLIMATE NORMALS FOR TODAY
                         NORMAL    RECORD    YEAR
 MAXIMUM TEMPERATURE (F)   58        87      1958
 MINIMUM TEMPERATURE (F)   32        15      1909


SUNRISE AND SUNSET
OCTOBER 13 2019.......SUNRISE   706 AM MDT   SUNSET   608 PM MDT
OCTOBER 14 2019.......SUNRISE   707 AM MDT   SUNSET   606 PM MDT


-  INDICATES NEGATIVE NUMBERS.
R  INDICATES RECORD WAS SET OR TIED.
MM INDICATES DATA IS MISSING.
T  INDICATES TRACE AMOUNT.




$$
