000
CDUS43 KBIS 240028
CLIDIK


CLIMATE REPORT
NATIONAL WEATHER SERVICE BISMARCK ND
628 PM CST WED JAN 23 2019


...................................

...THE DICKINSON ND CLIMATE SUMMARY FOR JANUARY 23 2019...
VALID TODAY AS OF 0500 PM LOCAL TIME.

CLIMATE NORMAL PERIOD 1981 TO 2010
CLIMATE RECORD PERIOD 1893 TO 2019


WEATHER ITEM   OBSERVED TIME   RECORD YEAR NORMAL DEPARTURE LAST
                VALUE   (LST)  VALUE       VALUE  FROM      YEAR
                                                  NORMAL
..................................................................
TEMPERATURE (F)
 TODAY
  MAXIMUM         31   1255 PM  63    1981  27      4       35
  MINIMUM         20    816 AM -37    1935   7     13       20
  AVERAGE         26                        17      9       28

PRECIPITATION (IN)
  TODAY            T             0.33 1949   0.00   0.00     0.00
  MONTH TO DATE    T                         0.23  -0.23     0.03
  SINCE DEC 1      0.10                      0.47  -0.37     0.16
  SINCE JAN 1      T                         0.23  -0.23     0.03

DEGREE DAYS
 HEATING
  TODAY           39                        48     -9       37
  MONTH TO DATE 1010                      1125   -115     1139
  SINCE DEC 1   2241                      2585   -344     2609
  SINCE JUL 1   4516                      4662   -146     4562

 COOLING
  TODAY            0                         0      0        0
  MONTH TO DATE    0                         0      0        0
  SINCE DEC 1      0                         0      0        0
  SINCE JAN 1      0                         0      0        0
..................................................................


WIND (MPH)
  RESULTANT WIND SPEED  16   RESULTANT WIND DIRECTION   W (280)
  HIGHEST WIND SPEED    24   HIGHEST WIND DIRECTION    NW (320)
  HIGHEST GUST SPEED    33   HIGHEST GUST DIRECTION    NW (330)
  AVERAGE WIND SPEED    17.0


SKY COVER
  POSSIBLE SUNSHINE  MM
  AVERAGE SKY COVER 0.6


WEATHER CONDITIONS
 THE FOLLOWING WEATHER WAS RECORDED TODAY.
  LIGHT SNOW


RELATIVE HUMIDITY (PERCENT)
 HIGHEST    81           300 PM
 LOWEST     68           200 AM
 AVERAGE    75

..........................................................


THE DICKINSON ND CLIMATE NORMALS FOR TOMORROW
                         NORMAL    RECORD    YEAR
 MAXIMUM TEMPERATURE (F)   27        58      2005
                                             1968
                                             1920
 MINIMUM TEMPERATURE (F)    7       -34      1935
                                             1920


SUNRISE AND SUNSET
JANUARY 23 2019.......SUNRISE   726 AM MST   SUNSET   441 PM MST
JANUARY 24 2019.......SUNRISE   725 AM MST   SUNSET   442 PM MST


-  INDICATES NEGATIVE NUMBERS.
R  INDICATES RECORD WAS SET OR TIED.
MM INDICATES DATA IS MISSING.
T  INDICATES TRACE AMOUNT.




$$
