250
CDUS43 KBIS 110729
CLIDIK


CLIMATE REPORT
NATIONAL WEATHER SERVICE BISMARCK ND
127 AM CST WED DEC 11 2019


...................................

...THE DICKINSON ND CLIMATE SUMMARY FOR DECEMBER 10 2019...

CLIMATE NORMAL PERIOD 1981 TO 2010
CLIMATE RECORD PERIOD 1893 TO 2019


WEATHER ITEM   OBSERVED TIME   RECORD YEAR NORMAL DEPARTURE LAST
                VALUE   (LST)  VALUE       VALUE  FROM      YEAR
                                                  NORMAL
..................................................................
TEMPERATURE (F)
 YESTERDAY
  MAXIMUM         14    706 PM  57    1956  29    -15       42
  MINIMUM        -13    733 AM -26    1937   9    -22       21
  AVERAGE          1                        19    -18       32

PRECIPITATION (IN)
  YESTERDAY        T             0.20 1909   0.01  -0.01     0.00
  MONTH TO DATE    T                         0.08  -0.08     0.06
  SINCE DEC 1      T                         0.08  -0.08     0.06
  SINCE JAN 1     17.25                     15.61   1.64    15.58

DEGREE DAYS
 HEATING
  YESTERDAY       64                        46     18       33
  MONTH TO DATE  420                       447    -27      406
  SINCE DEC 1    420                       447    -27      406
  SINCE JUL 1   2660                      2524    136     2681

 COOLING
  YESTERDAY        0                         0      0        0
  MONTH TO DATE    0                         0      0        0
  SINCE DEC 1      0                         0      0        0
  SINCE JAN 1    331                       419    -88      431
..................................................................


WIND (MPH)
  HIGHEST WIND SPEED    15   HIGHEST WIND DIRECTION     W (260)
  HIGHEST GUST SPEED    19   HIGHEST GUST DIRECTION    NW (310)
  AVERAGE WIND SPEED     8.5


SKY COVER
  POSSIBLE SUNSHINE  MM
  AVERAGE SKY COVER 0.5


WEATHER CONDITIONS
 THE FOLLOWING WEATHER WAS RECORDED YESTERDAY.
  LIGHT SNOW
  FOG
  HAZE


RELATIVE HUMIDITY (PERCENT)
 HIGHEST    88           500 PM
 LOWEST     72          1200 AM
 AVERAGE    80

..........................................................


THE DICKINSON ND CLIMATE NORMALS FOR TODAY
                         NORMAL    RECORD    YEAR
 MAXIMUM TEMPERATURE (F)   29        59      1939
 MINIMUM TEMPERATURE (F)    8       -24      1937


SUNRISE AND SUNSET
DECEMBER 11 2019......SUNRISE   726 AM MST   SUNSET   403 PM MST
DECEMBER 12 2019......SUNRISE   727 AM MST   SUNSET   403 PM MST


-  INDICATES NEGATIVE NUMBERS.
R  INDICATES RECORD WAS SET OR TIED.
MM INDICATES DATA IS MISSING.
T  INDICATES TRACE AMOUNT.




$$
