000
CDUS43 KBIS 190805
CLIDIK


CLIMATE REPORT
NATIONAL WEATHER SERVICE BISMARCK ND
205 AM CST MON FEB 19 2018


...................................

...THE DICKINSON ND CLIMATE SUMMARY FOR FEBRUARY 18 2018...

CLIMATE NORMAL PERIOD 1981 TO 2010
CLIMATE RECORD PERIOD 1893 TO 2018


WEATHER ITEM   OBSERVED TIME   RECORD YEAR NORMAL DEPARTURE LAST
                VALUE   (LST)  VALUE       VALUE  FROM      YEAR
                                                  NORMAL
..................................................................
TEMPERATURE (F)
 YESTERDAY
  MAXIMUM         14    333 AM  61    1983  32    -18       48
  MINIMUM          4   1159 PM -40    1910  11     -7       26
  AVERAGE          9                        21    -12       37

PRECIPITATION (IN)
  YESTERDAY        T             0.37 1952   0.01  -0.01     0.00
  MONTH TO DATE    0.13                      0.17  -0.04     0.03
  SINCE DEC 1      0.29                      0.71  -0.42     0.26
  SINCE JAN 1      0.16                      0.47  -0.31     0.10

DEGREE DAYS
 HEATING
  YESTERDAY       56                        44     12       28
  MONTH TO DATE 1084                       823    261      810
  SINCE DEC 1   4037                      3793    244     4082
  SINCE JUL 1   5990                      5870    120     5749

 COOLING
  YESTERDAY        0                         0      0        0
  MONTH TO DATE    0                         0      0        0
  SINCE DEC 1      0                         0      0        0
  SINCE JAN 1      0                         0      0        0
..................................................................


WIND (MPH)
  HIGHEST WIND SPEED    25   HIGHEST WIND DIRECTION    NE (30)
  HIGHEST GUST SPEED    30   HIGHEST GUST DIRECTION    NE (30)
  AVERAGE WIND SPEED    14.8


SKY COVER
  POSSIBLE SUNSHINE  MM
  AVERAGE SKY COVER 1.0


WEATHER CONDITIONS
 THE FOLLOWING WEATHER WAS RECORDED YESTERDAY.
  SNOW
  LIGHT SNOW
  FOG
  HAZE


RELATIVE HUMIDITY (PERCENT)
 HIGHEST    88          1200 AM
 LOWEST     73           100 PM
 AVERAGE    81

..........................................................


THE DICKINSON ND CLIMATE NORMALS FOR TODAY
                         NORMAL    RECORD    YEAR
 MAXIMUM TEMPERATURE (F)   32        62      1995
 MINIMUM TEMPERATURE (F)   11       -40      1929


SUNRISE AND SUNSET
FEBRUARY 19 2018......SUNRISE   648 AM MST   SUNSET   522 PM MST
FEBRUARY 20 2018......SUNRISE   647 AM MST   SUNSET   524 PM MST


-  INDICATES NEGATIVE NUMBERS.
R  INDICATES RECORD WAS SET OR TIED.
MM INDICATES DATA IS MISSING.
T  INDICATES TRACE AMOUNT.




$$
