000
CDUS43 KBIS 260752
CLIDIK


CLIMATE REPORT
NATIONAL WEATHER SERVICE BISMARCK ND
251 AM CDT MON OCT 26 2020


...................................

...THE DICKINSON ND CLIMATE SUMMARY FOR OCTOBER 25 2020...

CLIMATE NORMAL PERIOD 1981 TO 2010
CLIMATE RECORD PERIOD 1893 TO 2020


WEATHER ITEM   OBSERVED TIME   RECORD YEAR NORMAL DEPARTURE LAST
                VALUE   (LST)  VALUE       VALUE  FROM      YEAR
                                                  NORMAL
..................................................................
TEMPERATURE (F)
 YESTERDAY
  MAXIMUM         19    320 PM  78    1955  52    -33       64
  MINIMUM          0    620 AM  -1    1919  28    -28       31
  AVERAGE         10                        40    -30       48

PRECIPITATION (IN)
  YESTERDAY        T             0.49 1913   0.04  -0.04     0.00
  MONTH TO DATE    0.31                      1.05  -0.74     1.27
  SINCE SEP 1      1.26                      2.52  -1.26     6.89
  SINCE JAN 1      7.74                     14.81  -7.07    17.16

DEGREE DAYS
 HEATING
  YESTERDAY       55                        25     30       17
  MONTH TO DATE  651                       496    155      606
  SINCE SEP 1    860                       764     96      826
  SINCE JUL 1    876                       850     26      900

 COOLING
  YESTERDAY        0                         0      0        0
  MONTH TO DATE    0                         0      0        0
  SINCE SEP 1     15                        32    -17       40
  SINCE JAN 1    488                       418     70      331
..................................................................


WIND (MPH)
  HIGHEST WIND SPEED    23   HIGHEST WIND DIRECTION    NW (300)
  HIGHEST GUST SPEED    27   HIGHEST GUST DIRECTION    NW (300)
  AVERAGE WIND SPEED    11.0


SKY COVER
  POSSIBLE SUNSHINE  MM
  AVERAGE SKY COVER 0.9


WEATHER CONDITIONS
 THE FOLLOWING WEATHER WAS RECORDED YESTERDAY.
  LIGHT SNOW
  FOG


RELATIVE HUMIDITY (PERCENT)
 HIGHEST    88           500 AM
 LOWEST     67          1100 AM
 AVERAGE    78

..........................................................


THE DICKINSON ND CLIMATE NORMALS FOR TODAY
                         NORMAL    RECORD    YEAR
 MAXIMUM TEMPERATURE (F)   52        76      1983
                                             1922
 MINIMUM TEMPERATURE (F)   28       -11      1919


SUNRISE AND SUNSET
OCTOBER 26 2020.......SUNRISE   726 AM MDT   SUNSET   544 PM MDT
OCTOBER 27 2020.......SUNRISE   727 AM MDT   SUNSET   542 PM MDT


-  INDICATES NEGATIVE NUMBERS.
R  INDICATES RECORD WAS SET OR TIED.
MM INDICATES DATA IS MISSING.
T  INDICATES TRACE AMOUNT.




$$
