000
CDUS43 KBIS 152236
CLIDIK


CLIMATE REPORT
NATIONAL WEATHER SERVICE BISMARCK ND
535 PM CDT MON OCT 15 2018


...................................

...THE DICKINSON ND CLIMATE SUMMARY FOR OCTOBER 15 2018...
VALID TODAY AS OF 0500 PM LOCAL TIME.

CLIMATE NORMAL PERIOD 1981 TO 2010
CLIMATE RECORD PERIOD 1893 TO 2018


WEATHER ITEM   OBSERVED TIME   RECORD YEAR NORMAL DEPARTURE LAST
                VALUE   (LST)  VALUE       VALUE  FROM      YEAR
                                                  NORMAL
..................................................................
TEMPERATURE (F)
 TODAY
  MAXIMUM         59    300 PM  83    1961  57      2       58
  MINIMUM         19    400 AM  16    1913  32    -13       33
  AVERAGE         39                        44     -5       46

PRECIPITATION (IN)
  TODAY            0.00          0.99 1980   0.05  -0.05     0.00
  MONTH TO DATE    0.59                      0.67  -0.08     0.06
  SINCE SEP 1      2.13                      2.14  -0.01     2.89
  SINCE JAN 1     14.43                     14.43   0.00    10.13

DEGREE DAYS
 HEATING
  TODAY           26                        21      5       19
  MONTH TO DATE  423                       267    156      304
  SINCE SEP 1    748                       535    213      549
  SINCE JUL 1    830                       621    209      600

 COOLING
  TODAY            0                         0      0        0
  MONTH TO DATE    0                         0      0        0
  SINCE SEP 1     22                        32    -10       41
  SINCE JAN 1    431                       418     13      487
..................................................................


WIND (MPH)
  RESULTANT WIND SPEED  17   RESULTANT WIND DIRECTION   W (260)
  HIGHEST WIND SPEED    29   HIGHEST WIND DIRECTION     W (280)
  HIGHEST GUST SPEED    40   HIGHEST GUST DIRECTION     W (280)
  AVERAGE WIND SPEED    17.8


SKY COVER
  POSSIBLE SUNSHINE  MM
  AVERAGE SKY COVER  MM


WEATHER CONDITIONS
 THE FOLLOWING WEATHER WAS RECORDED TODAY.
  NO SIGNIFICANT WEATHER WAS OBSERVED.


RELATIVE HUMIDITY (PERCENT)
 HIGHEST    MM
 LOWEST     MM
 AVERAGE    MM

..........................................................


THE DICKINSON ND CLIMATE NORMALS FOR TOMORROW
                         NORMAL    RECORD    YEAR
 MAXIMUM TEMPERATURE (F)   57        84      1991
 MINIMUM TEMPERATURE (F)   31        12      1992
                                             1948


SUNRISE AND SUNSET
OCTOBER 15 2018.......SUNRISE   709 AM MDT   SUNSET   604 PM MDT
OCTOBER 16 2018.......SUNRISE   710 AM MDT   SUNSET   602 PM MDT


-  INDICATES NEGATIVE NUMBERS.
R  INDICATES RECORD WAS SET OR TIED.
MM INDICATES DATA IS MISSING.
T  INDICATES TRACE AMOUNT.




$$
