000
CDUS43 KDLH 260622
CLIDLH

CLIMATE REPORT
NATIONAL WEATHER SERVICE DULUTH MN
122 AM CDT MON OCT 26 2020

...................................

...THE DULUTH CLIMATE SUMMARY FOR OCTOBER 25 2020...

CLIMATE NORMAL PERIOD: 1981 TO 2010
CLIMATE RECORD PERIOD: 1870 TO 2020


WEATHER ITEM   OBSERVED TIME   RECORD YEAR NORMAL DEPARTURE LAST
                VALUE   (LST)  VALUE       VALUE  FROM      YEAR
                                                  NORMAL
...................................................................
TEMPERATURE (F)
 YESTERDAY
  MAXIMUM         27   4:54 PM  72    1989  47    -20       53
  MINIMUM         21   7:24 AM   8    1887  32    -11       30
  AVERAGE         24                        40    -16       42

PRECIPITATION (IN)
  YESTERDAY        T             1.35 1875   0.08  -0.08     0.00
  MONTH TO DATE    2.75                      2.39   0.36     4.42
  SINCE SEP 1      3.60                      6.50  -2.90    10.18
  SINCE JAN 1     17.79                     27.20  -9.41    29.35

SNOWFALL (IN)
  YESTERDAY        T             1.7  2001   0.1   -0.1      0.0
  MONTH TO DATE   12.0                       1.4   10.6      0.9
  SINCE SEP 1     12.0                       1.5   10.5      0.9
  SINCE JUL 1     12.0                       1.5   10.5      0.9
  SNOW DEPTH       4

DEGREE DAYS
 HEATING
  YESTERDAY       41                        25     16       23
  MONTH TO DATE  613                       516     97      444
  SINCE SEP 1    918                       814    104      616
  SINCE JUL 1    964                       963      1      664

 COOLING
  YESTERDAY        0                         0      0        0
  MONTH TO DATE    1                         0      1        0
  SINCE SEP 1      2                        14    -12       20
  SINCE JAN 1    357                       204    153      342
...................................................................


WIND (MPH)
  HIGHEST WIND SPEED    10   HIGHEST WIND DIRECTION    NW (320)
  HIGHEST GUST SPEED    14   HIGHEST GUST DIRECTION    NW (330)
  AVERAGE WIND SPEED     6.2


SKY COVER
  AVERAGE SKY COVER 0.8


WEATHER CONDITIONS
THE FOLLOWING WEATHER WAS RECORDED YESTERDAY.
  LIGHT SNOW


RELATIVE HUMIDITY (PERCENT)
 HIGHEST    81           7:00 AM
 LOWEST     60           4:00 PM
 AVERAGE    71

..........................................................


THE DULUTH CLIMATE NORMALS FOR TODAY
                         NORMAL    RECORD    YEAR
 MAXIMUM TEMPERATURE (F)   47        75      1989
 MINIMUM TEMPERATURE (F)   32        10      1936


SUNRISE AND SUNSET
OCTOBER 26 2020.......SUNRISE   7:43 AM CDT   SUNSET   6:01 PM CDT
OCTOBER 27 2020.......SUNRISE   7:45 AM CDT   SUNSET   6:00 PM CDT


-  INDICATES NEGATIVE NUMBERS.
R  INDICATES RECORD WAS SET OR TIED.
MM INDICATES DATA IS MISSING.
T  INDICATES TRACE AMOUNT.




$$
