000
CDUS43 KDLH 212301
CLIDLH


CLIMATE REPORT
NATIONAL WEATHER SERVICE DULUTH MN
459 PM CST MON JAN 21 2019


...................................

...THE DULUTH CLIMATE SUMMARY FOR JANUARY 21 2019...
VALID TODAY AS OF 0400 PM LOCAL TIME.

CLIMATE NORMAL PERIOD 1981 TO 2010
CLIMATE RECORD PERIOD 1870 TO 2019


WEATHER ITEM   OBSERVED TIME   RECORD YEAR NORMAL DEPARTURE LAST
                VALUE   (LST)  VALUE       VALUE  FROM      YEAR
                                                  NORMAL
..................................................................
TEMPERATURE (F)
 TODAY
  MAXIMUM         12    359 PM  45    1900  19     -7       36
  MINIMUM         -5    755 AM -33    1883   1     -6       23
  AVERAGE          4                        10     -6       30

PRECIPITATION (IN)
  TODAY            0.00          0.41 2005   0.03  -0.03     0.02
  MONTH TO DATE    0.36                      0.70  -0.34     0.45
  SINCE DEC 1      2.13                      1.91   0.22     1.28
  SINCE JAN 1      0.36                      0.70  -0.34     0.45

SNOWFALL (IN)
  TODAY            0.0           7.6  2005   0.6   -0.6      0.5
  MONTH TO DATE    1.9                      14.0  -12.1      6.7
  SINCE JUL 1     35.4                      47.8  -12.4     41.7
  SNOW DEPTH      12

DEGREE DAYS
 HEATING
  TODAY           61                        55      6       35
  MONTH TO DATE 1067                      1152    -85     1171
  SINCE DEC 1   2405                      2708   -303     2854
  SINCE JUL 1   4650                      4921   -271     5000

 COOLING
  TODAY            0                         0      0        0
  MONTH TO DATE    0                         0      0        0
  SINCE DEC 1      0                         0      0        0
  SINCE JAN 1      0                         0      0        0
..................................................................


WIND (MPH)
  HIGHEST WIND SPEED    16   HIGHEST WIND DIRECTION     S (180)
  HIGHEST GUST SPEED    20   HIGHEST GUST DIRECTION     S (170)
  AVERAGE WIND SPEED     9.7


SKY COVER
  AVERAGE SKY COVER 0.4


WEATHER CONDITIONS
 THE FOLLOWING WEATHER WAS RECORDED TODAY.
  NO SIGNIFICANT WEATHER WAS OBSERVED.


RELATIVE HUMIDITY (PERCENT)
 HIGHEST    79          1200 AM
 LOWEST     46           400 PM
 AVERAGE    63

..........................................................


THE DULUTH CLIMATE NORMALS FOR TOMORROW
                         NORMAL    RECORD    YEAR
 MAXIMUM TEMPERATURE (F)   19        55      1942
 MINIMUM TEMPERATURE (F)    1       -35      1883


SUNRISE AND SUNSET
JANUARY 21 2019.......SUNRISE   745 AM CST   SUNSET   455 PM CST
JANUARY 22 2019.......SUNRISE   744 AM CST   SUNSET   457 PM CST


-  INDICATES NEGATIVE NUMBERS.
R  INDICATES RECORD WAS SET OR TIED.
MM INDICATES DATA IS MISSING.
T  INDICATES TRACE AMOUNT.




$$
