000
CDUS43 KDLH 150640
CLIDLH


CLIMATE REPORT
NATIONAL WEATHER SERVICE DULUTH MN
139 AM CDT MON OCT 15 2018


...................................

...THE DULUTH MN CLIMATE SUMMARY FOR OCTOBER 14 2018...

CLIMATE NORMAL PERIOD 1981 TO 2010
CLIMATE RECORD PERIOD 1870 TO 2018


WEATHER ITEM   OBSERVED TIME   RECORD YEAR NORMAL DEPARTURE LAST
                VALUE   (LST)  VALUE       VALUE  FROM      YEAR
                                                  NORMAL
..................................................................
TEMPERATURE (F)
 YESTERDAY
  MAXIMUM         37    246 PM  80    1947  53    -16       53
  MINIMUM         32   1159 PM  21    1978  36     -4       29
  AVERAGE         35                        44     -9       41

PRECIPITATION (IN)
  YESTERDAY        T             1.57 1966   0.10  -0.10     0.08
  MONTH TO DATE    3.57                      1.46   2.11     2.30
  SINCE SEP 1      7.08                      5.57   1.51     5.85
  SINCE JAN 1     25.26                     26.27  -1.01    33.54

SNOWFALL (IN)
  YESTERDAY        T             0.5  1959   0.1   -0.1      0.0
  MONTH TO DATE    1.1                       0.5    0.6      0.0
  SINCE SEP 1      1.1                       0.6    0.5       T
  SINCE JUL 1      1.1                       0.6    0.5       T
  SNOW DEPTH       0

DEGREE DAYS
 HEATING
  YESTERDAY       30                        21      9       24
  MONTH TO DATE  330                       259     71      230
  SINCE SEP 1    549                       557     -8      442
  SINCE JUL 1    590                       706   -116      612

 COOLING
  YESTERDAY        0                         0      0        0
  MONTH TO DATE    0                         0      0        0
  SINCE SEP 1     49                        14     35       26
  SINCE JAN 1    394                       204    190      126
..................................................................


WIND (MPH)
  HIGHEST WIND SPEED    14   HIGHEST WIND DIRECTION    NW (300)
  HIGHEST GUST SPEED    18   HIGHEST GUST DIRECTION     N (340)
  AVERAGE WIND SPEED     8.0


SKY COVER
  AVERAGE SKY COVER 1.0


WEATHER CONDITIONS
 THE FOLLOWING WEATHER WAS RECORDED YESTERDAY.
  LIGHT SNOW
  HAZE


RELATIVE HUMIDITY (PERCENT)
 HIGHEST    70           200 PM
 LOWEST     56           900 AM
 AVERAGE    63

..........................................................


THE DULUTH MN CLIMATE NORMALS FOR TODAY
                         NORMAL    RECORD    YEAR
 MAXIMUM TEMPERATURE (F)   52        82      1929
 MINIMUM TEMPERATURE (F)   35        21      1952


SUNRISE AND SUNSET
OCTOBER 15 2018.......SUNRISE   727 AM CDT   SUNSET   622 PM CDT
OCTOBER 16 2018.......SUNRISE   728 AM CDT   SUNSET   620 PM CDT


-  INDICATES NEGATIVE NUMBERS.
R  INDICATES RECORD WAS SET OR TIED.
MM INDICATES DATA IS MISSING.
T  INDICATES TRACE AMOUNT.




$$
