416
CDUS43 KDLH 242241
CLIDLH


CLIMATE REPORT
NATIONAL WEATHER SERVICE DULUTH MN
540 PM CDT TUE APR 24 2018


...................................

...THE DULUTH CLIMATE SUMMARY FOR APRIL 24 2018...
VALID TODAY AS OF 0500 PM LOCAL TIME.

CLIMATE NORMAL PERIOD 1981 TO 2010
CLIMATE RECORD PERIOD 1870 TO 2018


WEATHER ITEM   OBSERVED TIME   RECORD YEAR NORMAL DEPARTURE LAST
                VALUE   (LST)  VALUE       VALUE  FROM      YEAR
                                                  NORMAL
..................................................................
TEMPERATURE (F)
 TODAY
  MAXIMUM         56    357 PM  82    1990  54      2       41
  MINIMUM         34    516 AM  19    1956  34      0       31
  AVERAGE         45                        44      1       36

PRECIPITATION (IN)
  TODAY            T             1.99 1889   0.09  -0.09      T
  MONTH TO DATE    1.03                      1.84  -0.81     2.18
  SINCE MAR 1      1.47                      3.33  -1.86     3.23
  SINCE JAN 1      3.83                      5.10  -1.27     6.19

SNOWFALL (IN)
  TODAY            0.0           4.3  2014   0.2   -0.2      0.0
  MONTH TO DATE   18.3                       6.2   12.1      1.2
  SINCE JUL 1     91.7                      85.0    6.7     65.5
  SNOW DEPTH       T

DEGREE DAYS
 HEATING
  TODAY           20                        21     -1       29
  MONTH TO DATE  832                       643    189      512
  SINCE MAR 1   2029                      1853    176     1705
  SINCE JUL 1   9050                      8720    330     7395

 COOLING
  TODAY            0                         0      0        0
  MONTH TO DATE    0                         0      0        0
  SINCE MAR 1      0                         0      0        0
  SINCE JAN 1      0                         0      0        0
..................................................................


WIND (MPH)
  HIGHEST WIND SPEED    18   HIGHEST WIND DIRECTION     N (340)
  HIGHEST GUST SPEED    29   HIGHEST GUST DIRECTION     N (350)
  AVERAGE WIND SPEED     8.4


SKY COVER
  AVERAGE SKY COVER 0.4


WEATHER CONDITIONS
 THE FOLLOWING WEATHER WAS RECORDED TODAY.
  NO SIGNIFICANT WEATHER WAS OBSERVED.


RELATIVE HUMIDITY (PERCENT)
 HIGHEST    64           500 AM
 LOWEST     32           400 PM
 AVERAGE    48

..........................................................


THE DULUTH CLIMATE NORMALS FOR TOMORROW
                         NORMAL    RECORD    YEAR
 MAXIMUM TEMPERATURE (F)   54        81      1990
 MINIMUM TEMPERATURE (F)   34        12      1972


SUNRISE AND SUNSET
APRIL 24 2018.........SUNRISE   605 AM CDT   SUNSET   809 PM CDT
APRIL 25 2018.........SUNRISE   603 AM CDT   SUNSET   811 PM CDT


-  INDICATES NEGATIVE NUMBERS.
R  INDICATES RECORD WAS SET OR TIED.
MM INDICATES DATA IS MISSING.
T  INDICATES TRACE AMOUNT.




$$
