000
CDUS43 KDLH 182229
CLIDLH


CLIMATE REPORT
NATIONAL WEATHER SERVICE DULUTH MN
527 PM CDT FRI OCT 18 2019


...................................

...THE DULUTH CLIMATE SUMMARY FOR OCTOBER 18 2019...
VALID TODAY AS OF 0500 PM LOCAL TIME.

CLIMATE NORMAL PERIOD 1981 TO 2010
CLIMATE RECORD PERIOD 1870 TO 2019


WEATHER ITEM   OBSERVED TIME   RECORD YEAR NORMAL DEPARTURE LAST
                VALUE   (LST)  VALUE       VALUE  FROM      YEAR
                                                  NORMAL
..................................................................
TEMPERATURE (F)
 TODAY
  MAXIMUM         61    250 PM  79    1945  51     10       66
  MINIMUM         40    141 AM  16    1972  34      6       30
  AVERAGE         51                        42      9       48

PRECIPITATION (IN)
  TODAY            0.00          2.66 2007   0.09  -0.09     0.00
  MONTH TO DATE    3.05                      1.82   1.23     3.58
  SINCE SEP 1      8.81                      5.93   2.88     7.09
  SINCE JAN 1     27.98                     26.63   1.35    25.27

SNOWFALL (IN)
  TODAY            0.0           1.6  2002   0.0    0.0      0.0
  MONTH TO DATE    0.9                       0.7    0.2      1.4
  SINCE JUL 1      0.9                       0.8    0.1      1.4
  SNOW DEPTH       0

DEGREE DAYS
 HEATING
  TODAY           14                        23     -9       17
  MONTH TO DATE  310                       347    -37      431
  SINCE SEP 1    482                       645   -163      650
  SINCE JUL 1    530                       794   -264      691

 COOLING
  TODAY            0                         0      0        0
  MONTH TO DATE    0                         0      0        0
  SINCE SEP 1     20                        14      6       49
  SINCE JAN 1    342                       204    138      394
..................................................................


WIND (MPH)
  HIGHEST WIND SPEED    22   HIGHEST WIND DIRECTION    SE (130)
  HIGHEST GUST SPEED    32   HIGHEST GUST DIRECTION    SE (130)
  AVERAGE WIND SPEED    13.9


SKY COVER
  AVERAGE SKY COVER 0.3


WEATHER CONDITIONS
 THE FOLLOWING WEATHER WAS RECORDED TODAY.
  NO SIGNIFICANT WEATHER WAS OBSERVED.


RELATIVE HUMIDITY (PERCENT)
 HIGHEST    85          1200 AM
 LOWEST     51           100 PM
 AVERAGE    68

..........................................................


THE DULUTH CLIMATE NORMALS FOR TOMORROW
                         NORMAL    RECORD    YEAR
 MAXIMUM TEMPERATURE (F)   50        78      1884
 MINIMUM TEMPERATURE (F)   34        12      1972


SUNRISE AND SUNSET
OCTOBER 18 2019.......SUNRISE   731 AM CDT   SUNSET   617 PM CDT
OCTOBER 19 2019.......SUNRISE   732 AM CDT   SUNSET   615 PM CDT


-  INDICATES NEGATIVE NUMBERS.
R  INDICATES RECORD WAS SET OR TIED.
MM INDICATES DATA IS MISSING.
T  INDICATES TRACE AMOUNT.




$$
