000
CDUS45 KTFX 110732
CLIDLN

CLIMATE REPORT
NATIONAL WEATHER SERVICE GREAT FALLS MT
132 AM MDT TUE AUG 11 2020

...................................

...THE DILLON AIRPORT MT CLIMATE SUMMARY FOR AUGUST 10 2020...

CLIMATE NORMAL PERIOD 1981 TO 2010
CLIMATE RECORD PERIOD 1929 TO 2020


WEATHER ITEM   OBSERVED TIME   RECORD YEAR NORMAL DEPARTURE LAST
                VALUE   (LST)  VALUE       VALUE  FROM      YEAR
                                                  NORMAL
...................................................................
TEMPERATURE (F)
 YESTERDAY
  MAXIMUM         85    438 PM  96    1991  82      3       82
                                      2018
  MINIMUM         45    639 AM  35    1939  49     -4       50
  AVERAGE         65                        66     -1       66

PRECIPITATION (IN)
  YESTERDAY        0.00          0.43 1963   0.03  -0.03     0.01
  MONTH TO DATE    T                         0.32  -0.32     0.08
  SINCE OCT 1      4.75                      8.97  -4.22     7.30
  SINCE JAN 1      3.53                      7.57  -4.04     6.31

SNOWFALL (IN)
  YESTERDAY       MM
  SNOW DEPTH       0

DEGREE DAYS
 HEATING
  YESTERDAY        0                         2     -2        0
  MONTH TO DATE    6                        14     -8        2
  SINCE JUN 1    319                       292     27      308
  SINCE JUL 1     66                        69     -3       62

 COOLING
  YESTERDAY        0                         2     -2        1
  MONTH TO DATE   35                        23     12       32
  SINCE JUN 1     84                       116    -32       91
  SINCE JAN 1     88                       117    -29       91
...................................................................


WIND (MPH)
  HIGHEST WIND SPEED    13   HIGHEST WIND DIRECTION     N (20)
  HIGHEST GUST SPEED    15   HIGHEST GUST DIRECTION     N (20)
  AVERAGE WIND SPEED     5.0


SKY COVER
  AVERAGE SKY COVER 0.0


WEATHER CONDITIONS
THE FOLLOWING WEATHER WAS RECORDED YESTERDAY.
  NO SIGNIFICANT WEATHER WAS OBSERVED.


RELATIVE HUMIDITY (PERCENT)
 HIGHEST    71           600 AM
 LOWEST     15           400 PM
 AVERAGE    43

..........................................................


THE DILLON AIRPORT MT CLIMATE NORMALS FOR TODAY
                         NORMAL    RECORD    YEAR
 MAXIMUM TEMPERATURE (F)   82        97      2003
 MINIMUM TEMPERATURE (F)   49        37      1977


SUNRISE AND SUNSET
AUGUST 11 2020........SUNRISE   627 AM MDT   SUNSET   842 PM MDT
AUGUST 12 2020........SUNRISE   629 AM MDT   SUNSET   841 PM MDT


-  INDICATES NEGATIVE NUMBERS.
R  INDICATES RECORD WAS SET OR TIED.
MM INDICATES DATA IS MISSING.
T  INDICATES TRACE AMOUNT.




$$
