010
CDUS45 KTFX 150731
CLIDLN

CLIMATE REPORT
NATIONAL WEATHER SERVICE GREAT FALLS MT
131 AM MDT TUE JUN 15 2021

...................................

...THE DILLON AIRPORT MT CLIMATE SUMMARY FOR JUNE 14 2021...

CLIMATE NORMAL PERIOD 1991 TO 2020
CLIMATE RECORD PERIOD 1929 TO 2021


WEATHER ITEM   OBSERVED TIME   RECORD YEAR NORMAL DEPARTURE LAST
                VALUE   (LST)  VALUE       VALUE  FROM      YEAR
                                                  NORMAL
...................................................................
TEMPERATURE (F)
 YESTERDAY
  MAXIMUM         95R   222 PM  90    1974  70     25       59
  MINIMUM         49    345 AM  28    1945  42      7       36
  AVERAGE         72                        56     16       48

PRECIPITATION (IN)
  YESTERDAY        0.00          0.54 1973   0.07  -0.07     0.11
  MONTH TO DATE    0.01                      1.07  -1.06     0.78
  SINCE OCT 1      1.67                      6.32  -4.65     3.06
  SINCE JAN 1      1.41                      4.97  -3.56     1.84

SNOWFALL (IN)
  YESTERDAY       MM
  SNOW DEPTH       0

DEGREE DAYS
 HEATING
  YESTERDAY        0                         9     -9       17
  MONTH TO DATE   53                       150    -97      110
  SINCE JUN 1     53                       150    -97      110
  SINCE JUL 1   8119                      8431   -312     8493

 COOLING
  YESTERDAY        7                         0      7        0
  MONTH TO DATE   27                         0     27        2
  SINCE JUN 1     27                         0     27        2
  SINCE JAN 1     27                         0     27        6
...................................................................


WIND (MPH)
  HIGHEST WIND SPEED    29   HIGHEST WIND DIRECTION    SE (150)
  HIGHEST GUST SPEED    42   HIGHEST GUST DIRECTION    SE (150)
  AVERAGE WIND SPEED    11.5


SKY COVER
  AVERAGE SKY COVER 0.0


WEATHER CONDITIONS
THE FOLLOWING WEATHER WAS RECORDED YESTERDAY.
  NO SIGNIFICANT WEATHER WAS OBSERVED.


RELATIVE HUMIDITY (PERCENT)
 HIGHEST    62           700 AM
 LOWEST      7           500 PM
 AVERAGE    35

..........................................................


THE DILLON AIRPORT MT CLIMATE NORMALS FOR TODAY
                         NORMAL    RECORD    YEAR
 MAXIMUM TEMPERATURE (F)   70        86      1988
 MINIMUM TEMPERATURE (F)   42        30      1991


SUNRISE AND SUNSET
JUNE 15 2021..........SUNRISE   542 AM MDT   SUNSET   920 PM MDT
JUNE 16 2021..........SUNRISE   542 AM MDT   SUNSET   920 PM MDT


-  INDICATES NEGATIVE NUMBERS.
R  INDICATES RECORD WAS SET OR TIED.
MM INDICATES DATA IS MISSING.
T  INDICATES TRACE AMOUNT.




$$
