000
CDUS45 KTFX 161123
CLIDLN


CLIMATE REPORT
NATIONAL WEATHER SERVICE GREAT FALLS MT
423 AM MST WED JAN 16 2019


...................................

...THE DILLON AIRPORT MT CLIMATE SUMMARY FOR JANUARY 15 2019...

CLIMATE NORMAL PERIOD 1981 TO 2010
CLIMATE RECORD PERIOD 1929 TO 2019


WEATHER ITEM   OBSERVED TIME   RECORD YEAR NORMAL DEPARTURE LAST
                VALUE   (LST)  VALUE       VALUE  FROM      YEAR
                                                  NORMAL
..................................................................
TEMPERATURE (F)
 YESTERDAY
  MAXIMUM         28    443 PM  54    1974  32     -4       32
  MINIMUM         10    906 AM -24    1930  13     -3       20
  AVERAGE         19                        23     -4       26

PRECIPITATION (IN)
  YESTERDAY        0.00          0.22 1952   0.01  -0.01     0.00
  MONTH TO DATE    T                         0.14  -0.14     0.03
  SINCE OCT 1      0.99                      1.54  -0.55     1.16
  SINCE JAN 1      T                         0.14  -0.14     0.03

SNOWFALL (IN)
  YESTERDAY       MM
  SNOW DEPTH       0

DEGREE DAYS
 HEATING
  YESTERDAY       46                                4       39
  MONTH TO DATE  640                               -2      548
  SINCE DEC 1   1993                              -19     1901
  SINCE JUL 1   4220                               57     3944

 COOLING
  YESTERDAY        0                                0        0
  MONTH TO DATE    0                                0        0
  SINCE DEC 1      0                                0        0
  SINCE JAN 1      0                                0        0
..................................................................


WIND (MPH)
  HIGHEST WIND SPEED    15   HIGHEST WIND DIRECTION     S (200)
  HIGHEST GUST SPEED    17   HIGHEST GUST DIRECTION    SW (210)
  AVERAGE WIND SPEED     6.9


SKY COVER
  AVERAGE SKY COVER 0.2


WEATHER CONDITIONS
 THE FOLLOWING WEATHER WAS RECORDED YESTERDAY.
  NO SIGNIFICANT WEATHER WAS OBSERVED.


RELATIVE HUMIDITY (PERCENT)
 HIGHEST    92
 LOWEST     42
 AVERAGE    67

..........................................................


THE DILLON AIRPORT MT CLIMATE NORMALS FOR TODAY
                         NORMAL    RECORD    YEAR
 MAXIMUM TEMPERATURE (F)   33        52      1974
 MINIMUM TEMPERATURE (F)   13       -24      1957


SUNRISE AND SUNSET
JANUARY 16 2019.......SUNRISE   805 AM MST   SUNSET   515 PM MST
JANUARY 17 2019.......SUNRISE   804 AM MST   SUNSET   516 PM MST


-  INDICATES NEGATIVE NUMBERS.
R  INDICATES RECORD WAS SET OR TIED.
MM INDICATES DATA IS MISSING.
T  INDICATES TRACE AMOUNT.




$$
