000
CDUS45 KTFX 172240
CLIDLN


CLIMATE REPORT
NATIONAL WEATHER SERVICE GREAT FALLS MT
440 PM MDT WED OCT 17 2018


...................................

...THE DILLON AIRPORT MT CLIMATE SUMMARY FOR OCTOBER 17 2018...
VALID TODAY AS OF 0400 PM LOCAL TIME.

CLIMATE NORMAL PERIOD 1981 TO 2010
CLIMATE RECORD PERIOD 1929 TO 2018


WEATHER ITEM   OBSERVED TIME   RECORD YEAR NORMAL DEPARTURE LAST
                VALUE   (LST)  VALUE       VALUE  FROM      YEAR
                                                  NORMAL
..................................................................
TEMPERATURE (F)
 TODAY
  MAXIMUM         58    259 PM  77    2003  56      2       69
  MINIMUM         26    715 AM  16    1984  30     -4       34
  AVERAGE         42                        43     -1       52

PRECIPITATION (IN)
  TODAY            T             0.16 1945   0.02  -0.02     0.00
  MONTH TO DATE    0.51                      0.46   0.05     0.15
  SINCE OCT 1      0.51                      0.46   0.05     0.15
  SINCE JAN 1      9.33                      9.63  -0.30     8.81

DEGREE DAYS
 HEATING
  TODAY           23                        22      1       13
  MONTH TO DATE  431                       323    108      398
  SINCE SEP 1    782                       636    146      763
  SINCE JUL 1    931                       772    159      777

 COOLING
  TODAY            0                         0      0        0
  MONTH TO DATE    0                         0      0        0
  SINCE SEP 1      3                         8     -5       28
  SINCE JAN 1    135                       156    -21      290
..................................................................


WIND (MPH)
  HIGHEST WIND SPEED    12   HIGHEST WIND DIRECTION    SW (210)
  HIGHEST GUST SPEED    14   HIGHEST GUST DIRECTION    SW (210)
  AVERAGE WIND SPEED     6.0


SKY COVER
  AVERAGE SKY COVER 0.0


WEATHER CONDITIONS
 THE FOLLOWING WEATHER WAS RECORDED TODAY.
  LIGHT SNOW


RELATIVE HUMIDITY (PERCENT)
 HIGHEST    92
 LOWEST     36
 AVERAGE    64

..........................................................


THE DILLON AIRPORT MT CLIMATE NORMALS FOR TOMORROW
                         NORMAL    RECORD    YEAR
 MAXIMUM TEMPERATURE (F)   56        79      2003
 MINIMUM TEMPERATURE (F)   30        12      1949


SUNRISE AND SUNSET
OCTOBER 17 2018.......SUNRISE   749 AM MDT   SUNSET   641 PM MDT
OCTOBER 18 2018.......SUNRISE   750 AM MDT   SUNSET   640 PM MDT


-  INDICATES NEGATIVE NUMBERS.
R  INDICATES RECORD WAS SET OR TIED.
MM INDICATES DATA IS MISSING.
T  INDICATES TRACE AMOUNT.




$$
