000
CDUS45 KTFX 240902
CLIDLN


CLIMATE REPORT
NATIONAL WEATHER SERVICE GREAT FALLS MT
301 AM MDT TUE APR 24 2018


...................................

...THE DILLON AIRPORT MT CLIMATE SUMMARY FOR APRIL 23 2018...

CLIMATE NORMAL PERIOD 1981 TO 2010
CLIMATE RECORD PERIOD 1929 TO 2018


WEATHER ITEM   OBSERVED TIME   RECORD YEAR NORMAL DEPARTURE LAST
                VALUE   (LST)  VALUE       VALUE  FROM      YEAR
                                                  NORMAL
..................................................................
TEMPERATURE (F)
 YESTERDAY
  MAXIMUM         44    415 PM  78    1949  57    -13       58
  MINIMUM         32    831 AM  13    2013  30      2       38
  AVERAGE         38                        44     -6       48

PRECIPITATION (IN)
  YESTERDAY        0.10          0.58 1979   0.04   0.06     0.04
  MONTH TO DATE    1.42                      0.77   0.65     1.39
  SINCE OCT 1      4.09                      3.25   0.84     4.79
  SINCE JAN 1      2.96                      1.85   1.11     2.25

SNOWFALL (IN)
  YESTERDAY       MM
  SNOW DEPTH       0

DEGREE DAYS
 HEATING
  YESTERDAY       27                                6       17
  MONTH TO DATE  609                               47      527
  SINCE MAR 1   1724                              212     1263
  SINCE JUL 1   7701                              272     7218

 COOLING
  YESTERDAY        0                                0        0
  MONTH TO DATE    0                                0        0
  SINCE MAR 1      0                                0        0
  SINCE JAN 1      0                                0        0
..................................................................


WIND (MPH)
  HIGHEST WIND SPEED    30   HIGHEST WIND DIRECTION    NE (30)
  HIGHEST GUST SPEED    35   HIGHEST GUST DIRECTION    NE (40)
  AVERAGE WIND SPEED    15.2


SKY COVER
  AVERAGE SKY COVER 0.9


WEATHER CONDITIONS
 THE FOLLOWING WEATHER WAS RECORDED YESTERDAY.
  LIGHT RAIN
  LIGHT SNOW
  FOG


RELATIVE HUMIDITY (PERCENT)
 HIGHEST   100
 LOWEST     57
 AVERAGE    79

..........................................................


THE DILLON AIRPORT MT CLIMATE NORMALS FOR TODAY
                         NORMAL    RECORD    YEAR
 MAXIMUM TEMPERATURE (F)   57        77      2012
                                             1946
 MINIMUM TEMPERATURE (F)   31        18      1960


SUNRISE AND SUNSET
APRIL 24 2018.........SUNRISE   630 AM MDT   SUNSET   828 PM MDT
APRIL 25 2018.........SUNRISE   628 AM MDT   SUNSET   829 PM MDT


-  INDICATES NEGATIVE NUMBERS.
R  INDICATES RECORD WAS SET OR TIED.
MM INDICATES DATA IS MISSING.
T  INDICATES TRACE AMOUNT.




$$
