000
CDUS41 KLWX 240532
CLIDMH


CLIMATE REPORT
NATIONAL WEATHER SERVICE BALTIMORE MD/WASHINGTON DC
131 AM EDT THU MAY 24 2018


...................................

...THE BALTIMORE INNER HARBOR MD CLIMATE SUMMARY FOR MAY 23 2018...

CLIMATE NORMAL PERIOD 1981 TO 2010
CLIMATE RECORD PERIOD 1999 TO 2018


WEATHER ITEM   OBSERVED TIME   RECORD YEAR NORMAL DEPARTURE LAST
                VALUE   (LST)  VALUE       VALUE  FROM      YEAR
                                                  NORMAL
..................................................................
TEMPERATURE (F)
 YESTERDAY
  MAXIMUM         83    235 PM  MM      MM  77      6       67
  MINIMUM         68    431 AM  MM      MM  59      9       62
  AVERAGE         76                        68      8       65

PRECIPITATION (IN)
  YESTERDAY        0.00         MM      MM   0.14  -0.14     0.00
  MONTH TO DATE    5.44                      2.47   2.97     3.22
  SINCE MAR 1     12.82                      9.55   3.27     9.98
  SINCE JAN 1     18.56                     15.07   3.49    13.87

DEGREE DAYS
 HEATING
  YESTERDAY        0                         2     -2        0
  MONTH TO DATE   12                        72    -60       71
  SINCE MAR 1    998                       929     69      787
  SINCE JUL 1   3790                      4017   -227     3241

 COOLING
  YESTERDAY       11                         5      6        0
  MONTH TO DATE  146                        68     78       70
  SINCE MAR 1    170                        93     77      152
  SINCE JAN 1    172                        93     79      152
..................................................................


WIND (MPH)
  HIGHEST WIND SPEED    MM   HIGHEST WIND DIRECTION    MM
  HIGHEST GUST SPEED    MM   HIGHEST GUST DIRECTION    MM
  AVERAGE WIND SPEED    MM


SKY COVER
  POSSIBLE SUNSHINE  MM



RELATIVE HUMIDITY (PERCENT)
 HIGHEST    90          1200 AM
 LOWEST     43          1200 PM
 AVERAGE    67

..........................................................


THE BALTIMORE INNER HARBOR MD CLIMATE NORMALS FOR TODAY
                         NORMAL
 MAXIMUM TEMPERATURE (F)   78
 MINIMUM TEMPERATURE (F)   60


SUNRISE AND SUNSET
MAY 24 2018...........SUNRISE   546 AM EDT   SUNSET   821 PM EDT
MAY 25 2018...........SUNRISE   545 AM EDT   SUNSET   822 PM EDT


-  INDICATES NEGATIVE NUMBERS.
R  INDICATES RECORD WAS SET OR TIED.
MM INDICATES DATA IS MISSING.
T  INDICATES TRACE AMOUNT.




$$
