302
CDUS41 KLWX 160524
CLIDMH


CLIMATE REPORT
NATIONAL WEATHER SERVICE BALTIMORE MD/WASHINGTON DC
124 AM EDT TUE JUL 16 2019


...................................

...THE BALTIMORE INNER HARBOR MD CLIMATE SUMMARY FOR JULY 15 2019...

CLIMATE NORMAL PERIOD 1981 TO 2010
CLIMATE RECORD PERIOD 1999 TO 2019


WEATHER ITEM   OBSERVED TIME   NORMAL DEPARTURE LAST
                VALUE   (LST)  VALUE  FROM      YEAR
                                      NORMAL
......................................................
TEMPERATURE (F)
 YESTERDAY
  MAXIMUM         91    238 PM  89      2       88
  MINIMUM         74    519 AM  73      1       75
  AVERAGE         83            81      2       82

PRECIPITATION (IN)
  YESTERDAY        0.00          0.17  -0.17     0.13
  MONTH TO DATE    2.18          2.22  -0.04     0.19
  SINCE JUN 1      4.92          5.49  -0.57     3.39
  SINCE JAN 1     24.25         21.58   2.67    25.78

DEGREE DAYS
 HEATING
  YESTERDAY        0             0      0        0
  MONTH TO DATE    0             0      0        0
  SINCE JUN 1      0             5     -5        1
  SINCE JUL 1      0             0      0        0

 COOLING
  YESTERDAY       18            16      2       17
  MONTH TO DATE  264           237     27      281
  SINCE JUN 1    634           574     60      646
  SINCE JAN 1    859           713    146      915
......................................................


WIND (MPH)
  HIGHEST WIND SPEED    MM   HIGHEST WIND DIRECTION    MM
  HIGHEST GUST SPEED    MM   HIGHEST GUST DIRECTION    MM
  AVERAGE WIND SPEED    MM


SKY COVER
  POSSIBLE SUNSHINE  MM



RELATIVE HUMIDITY (PERCENT)
 HIGHEST    62          1000 PM
 LOWEST     40          1100 AM
 AVERAGE    51

..........................................................


THE BALTIMORE INNER HARBOR MD CLIMATE NORMALS FOR TODAY
                         NORMAL
 MAXIMUM TEMPERATURE (F)   89
 MINIMUM TEMPERATURE (F)   73


SUNRISE AND SUNSET
JULY 16 2019..........SUNRISE   553 AM EDT   SUNSET   832 PM EDT
JULY 17 2019..........SUNRISE   554 AM EDT   SUNSET   831 PM EDT


-  INDICATES NEGATIVE NUMBERS.
R  INDICATES RECORD WAS SET OR TIED.
MM INDICATES DATA IS MISSING.
T  INDICATES TRACE AMOUNT.




$$
