000
CDUS41 KLWX 222259
CLIDMH


CLIMATE REPORT
NATIONAL WEATHER SERVICE BALTIMORE MD/WASHINGTON DC
558 PM EST FRI FEB 22 2019


...................................

...THE BALTIMORE INNER HARBOR MD CLIMATE SUMMARY FOR FEBRUARY 22 2019...
VALID TODAY AS OF 0500 PM LOCAL TIME.

CLIMATE NORMAL PERIOD 1981 TO 2010
CLIMATE RECORD PERIOD 1999 TO 2019


WEATHER ITEM   OBSERVED TIME   RECORD YEAR NORMAL DEPARTURE LAST
                VALUE   (LST)  VALUE       VALUE  FROM      YEAR
                                                  NORMAL
..................................................................
TEMPERATURE (F)
 TODAY
  MAXIMUM         50    251 AM  MM      MM  47      3       68
  MINIMUM         45   1103 AM  MM      MM  33     12       43
  AVERAGE         48                        40      8       56

PRECIPITATION (IN)
  TODAY            0.00         MM      MM   0.08  -0.08     0.08
  MONTH TO DATE    2.93                      2.08   0.85     4.22
  SINCE DEC 1     12.07                      8.41   3.66     5.94
  SINCE JAN 1      5.97                      5.00   0.97     5.16

DEGREE DAYS
 HEATING
  TODAY           17                        25     -8        9
  MONTH TO DATE  552                       595    -43      473
  SINCE DEC 1   1994                      2292   -298     2174
  SINCE JUL 1   2762                      2943   -181     2702

 COOLING
  TODAY            0                         0      0        0
  MONTH TO DATE    0                         0      0        2
  SINCE DEC 1      0                         0      0        2
  SINCE JAN 1      0                         0      0        2
..................................................................


WIND (MPH)
  HIGHEST WIND SPEED    MM   HIGHEST WIND DIRECTION    MM
  HIGHEST GUST SPEED    MM   HIGHEST GUST DIRECTION    MM
  AVERAGE WIND SPEED    MM


SKY COVER
  POSSIBLE SUNSHINE  MM



RELATIVE HUMIDITY (PERCENT)
 HIGHEST    49          1000 AM
 LOWEST     32          1200 AM
 AVERAGE    41

..........................................................


THE BALTIMORE INNER HARBOR MD CLIMATE NORMALS FOR TOMORROW
                         NORMAL    RECORD    YEAR
 MAXIMUM TEMPERATURE (F)   47        MM        MM
 MINIMUM TEMPERATURE (F)   33        MM        MM


SUNRISE AND SUNSET
FEBRUARY 22 2019......SUNRISE   649 AM EST   SUNSET   551 PM EST
FEBRUARY 23 2019......SUNRISE   648 AM EST   SUNSET   552 PM EST


-  INDICATES NEGATIVE NUMBERS.
R  INDICATES RECORD WAS SET OR TIED.
MM INDICATES DATA IS MISSING.
T  INDICATES TRACE AMOUNT.




$$
