000
CDUS41 KLWX 202124
CLIDMH


CLIMATE REPORT
NATIONAL WEATHER SERVICE BALTIMORE MD/WASHINGTON DC
424 PM EST SUN JAN 20 2019


...................................

...THE BALTIMORE INNER HARBOR MD CLIMATE SUMMARY FOR JANUARY 20 2019...
VALID TODAY AS OF 0400 PM LOCAL TIME.

CLIMATE NORMAL PERIOD 1981 TO 2010
CLIMATE RECORD PERIOD 1999 TO 2019


WEATHER ITEM   OBSERVED TIME   RECORD YEAR NORMAL DEPARTURE LAST
                VALUE   (LST)  VALUE       VALUE  FROM      YEAR
                                                  NORMAL
..................................................................
TEMPERATURE (F)
 TODAY
  MAXIMUM         48    740 AM  MM      MM  42      6       61
  MINIMUM         32    359 PM  MM      MM  29      3       33
  AVERAGE         40                        36      4       47

PRECIPITATION (IN)
  TODAY            0.34         MM      MM   0.09   0.25     0.00
  MONTH TO DATE    1.81                      1.86  -0.05     0.59
  SINCE DEC 1      7.91                      5.27   2.64     1.37
  SINCE JAN 1      1.81                      1.86  -0.05     0.59

DEGREE DAYS
 HEATING
  TODAY           25                        29     -4       18
  MONTH TO DATE  389                       580   -191      678
  SINCE DEC 1   1064                      1372   -308     1466
  SINCE JUL 1   1832                      2023   -191     1994

 COOLING
  TODAY            0                         0      0        0
  MONTH TO DATE    0                         0      0        0
  SINCE DEC 1      0                         0      0        0
  SINCE JAN 1      0                         0      0        0
..................................................................


WIND (MPH)
  HIGHEST WIND SPEED    MM   HIGHEST WIND DIRECTION    MM
  HIGHEST GUST SPEED    MM   HIGHEST GUST DIRECTION    MM
  AVERAGE WIND SPEED    MM


SKY COVER
  POSSIBLE SUNSHINE  MM



RELATIVE HUMIDITY (PERCENT)
 HIGHEST   100           500 AM
 LOWEST     45           400 PM
 AVERAGE    73

..........................................................


THE BALTIMORE INNER HARBOR MD CLIMATE NORMALS FOR TOMORROW
                         NORMAL    RECORD    YEAR
 MAXIMUM TEMPERATURE (F)   42        MM        MM
 MINIMUM TEMPERATURE (F)   29        MM        MM


SUNRISE AND SUNSET
JANUARY 20 2019.......SUNRISE   722 AM EST   SUNSET   513 PM EST
JANUARY 21 2019.......SUNRISE   722 AM EST   SUNSET   514 PM EST


-  INDICATES NEGATIVE NUMBERS.
R  INDICATES RECORD WAS SET OR TIED.
MM INDICATES DATA IS MISSING.
T  INDICATES TRACE AMOUNT.




$$
