000
CDUS41 KLWX 210526
CLIDMH


CLIMATE REPORT
NATIONAL WEATHER SERVICE BALTIMORE MD/WASHINGTON DC
126 AM EDT MON OCT 21 2019


...................................

...THE BALTIMORE INNER HARBOR MD CLIMATE SUMMARY FOR OCTOBER 20 2019...

CLIMATE NORMAL PERIOD 1981 TO 2010
CLIMATE RECORD PERIOD 1999 TO 2019


WEATHER ITEM   OBSERVED TIME   NORMAL DEPARTURE LAST
                VALUE   (LST)  VALUE  FROM      YEAR
                                      NORMAL
......................................................
TEMPERATURE (F)
 YESTERDAY
  MAXIMUM         57    458 PM  67    -10       67
  MINIMUM         54   1010 AM  50      4       53
  AVERAGE         56            59     -3       60

PRECIPITATION (IN)
  YESTERDAY        1.14          0.10   1.04     0.04
  MONTH TO DATE    2.69          2.10   0.59     1.13
  SINCE SEP 1      2.77          6.19  -3.42    11.60
  SINCE JAN 1     33.56         33.56   0.00    53.84

DEGREE DAYS
 HEATING
  YESTERDAY        9             7      2        5
  MONTH TO DATE   63            96    -33       61
  SINCE SEP 1     63           114    -51       66
  SINCE JUL 1     63           114    -51       66

 COOLING
  YESTERDAY        0             1     -1        0
  MONTH TO DATE   57            35     22      124
  SINCE SEP 1    401           264    137      437
  SINCE JAN 1   2046          1660    386     2112
......................................................


WIND (MPH)
  HIGHEST WIND SPEED    MM   HIGHEST WIND DIRECTION    MM
  HIGHEST GUST SPEED    MM   HIGHEST GUST DIRECTION    MM
  AVERAGE WIND SPEED    MM


SKY COVER
  POSSIBLE SUNSHINE  MM



RELATIVE HUMIDITY (PERCENT)
 HIGHEST    93           700 AM
 LOWEST     77          1200 AM
 AVERAGE    85

..........................................................


THE BALTIMORE INNER HARBOR MD CLIMATE NORMALS FOR TODAY
                         NORMAL
 MAXIMUM TEMPERATURE (F)   67
 MINIMUM TEMPERATURE (F)   50


SUNRISE AND SUNSET
OCTOBER 21 2019.......SUNRISE   722 AM EDT   SUNSET   619 PM EDT
OCTOBER 22 2019.......SUNRISE   723 AM EDT   SUNSET   618 PM EDT


-  INDICATES NEGATIVE NUMBERS.
R  INDICATES RECORD WAS SET OR TIED.
MM INDICATES DATA IS MISSING.
T  INDICATES TRACE AMOUNT.




$$
