000
CDUS45 KEPZ 110933
CLIDMN

CLIMATE REPORT
NATIONAL WEATHER SERVICE EPZ
333 AM MDT TUE AUG 11 2020

...................................

...THE DEMING CLIMATE SUMMARY FOR AUGUST 10 2020...

CLIMATE NORMAL PERIOD 1981 TO 2010
CLIMATE RECORD PERIOD 2000 TO 2020


WEATHER ITEM   OBSERVED TIME   NORMAL DEPARTURE LAST
                VALUE   (LST)  VALUE  FROM      YEAR
                                      NORMAL
.......................................................
TEMPERATURE (F)
 YESTERDAY
  MAXIMUM        104    149 PM  92              86
  MINIMUM         65    524 AM  65              63
  AVERAGE         85            79      6       75

PRECIPITATION (IN)
  YESTERDAY        0.00          0.09  -0.09     1.22
  MONTH TO DATE    T             1.04  -1.04     1.23
  SINCE JUN 1      0.55          3.93  -3.38     2.81
  SINCE JAN 1      3.27          6.34  -3.07     4.05

.......................................................


WIND (MPH)
  HIGHEST WIND SPEED    25   HIGHEST WIND DIRECTION    NW (330)
  HIGHEST GUST SPEED    42   HIGHEST GUST DIRECTION     W (270)
  AVERAGE WIND SPEED     5.2


SKY COVER
  AVERAGE SKY COVER 0.0


WEATHER CONDITIONS
THE FOLLOWING WEATHER WAS RECORDED YESTERDAY.
  NO SIGNIFICANT WEATHER WAS OBSERVED.


RELATIVE HUMIDITY (PERCENT)
 HIGHEST    49           400 AM
 LOWEST     13           200 PM
 AVERAGE    31

..........................................................


THE DEMING CLIMATE NORMALS FOR TODAY
                         NORMAL




SUNRISE AND SUNSET
AUGUST 11 2020........SUNRISE   633 AM MDT   SUNSET   759 PM MDT
AUGUST 12 2020........SUNRISE   633 AM MDT   SUNSET   758 PM MDT


-  INDICATES NEGATIVE NUMBERS.
R  INDICATES RECORD WAS SET OR TIED.
MM INDICATES DATA IS MISSING.
T  INDICATES TRACE AMOUNT.




$$
