000
CDUS45 KEPZ 272334
CLIDMN


CLIMATE REPORT
NATIONAL WEATHER SERVICE EL PASO, TX
533 PM MDT SUN MAY 27 2018


...................................

...THE DEMING CLIMATE SUMMARY FOR MAY 27 2018...
VALID TODAY AS OF 500 PM LOCAL TIME.

CLIMATE NORMAL PERIOD 1981 TO 2010
CLIMATE RECORD PERIOD 2000 TO 2018


WEATHER ITEM   OBSERVED TIME   NORMAL DEPARTURE LAST
                VALUE   (LST)  VALUE  FROM      YEAR
                                      NORMAL
......................................................
TEMPERATURE (F)
 TODAY
  MAXIMUM         94    353 PM  90      4       90
  MINIMUM         54    540 AM  54      0       53

PRECIPITATION (IN)
  TODAY            0.00          0.00   0.00     0.00
  MONTH TO DATE    0.00          0.41  -0.41     0.02
  SINCE MAR 1      T             1.19  -1.19     0.03
  SINCE JAN 1      1.55          2.39  -0.84     2.96

......................................................


WIND (MPH)
  HIGHEST WIND SPEED    17   HIGHEST WIND DIRECTION     W (280)
  HIGHEST GUST SPEED    26   HIGHEST GUST DIRECTION    NW (300)


SKY COVER
  AVERAGE SKY COVER 0.0


WEATHER CONDITIONS
 THE FOLLOWING WEATHER WAS RECORDED TODAY.
  NO SIGNIFICANT WEATHER WAS OBSERVED.


RELATIVE HUMIDITY (PERCENT)
 HIGHEST    26           400 AM
 LOWEST      5           400 PM
 AVERAGE    16

..........................................................


THE DEMING CLIMATE NORMALS FOR TOMORROW
                         NORMAL
 MAXIMUM TEMPERATURE (F)   91
 MINIMUM TEMPERATURE (F)   54


SUNRISE AND SUNSET
MAY 27 2018...........SUNRISE   607 AM MDT   SUNSET   810 PM MDT
MAY 28 2018...........SUNRISE   606 AM MDT   SUNSET   810 PM MDT


-  INDICATES NEGATIVE NUMBERS.
R  INDICATES RECORD WAS SET OR TIED.
MM INDICATES DATA IS MISSING.
T  INDICATES TRACE AMOUNT.




$$
