000
CDUS45 KEPZ 150927
CLIDMN


CLIMATE REPORT
NATIONAL WEATHER SERVICE EL PASO, TX
326 AM MDT MON OCT 15 2018


...................................

...THE DEMING CLIMATE SUMMARY FOR OCTOBER 14 2018...

CLIMATE NORMAL PERIOD 1981 TO 2010
CLIMATE RECORD PERIOD 2000 TO 2018


WEATHER ITEM   OBSERVED TIME   NORMAL DEPARTURE LAST
                VALUE   (LST)  VALUE  FROM      YEAR
                                      NORMAL
......................................................
TEMPERATURE (F)
 YESTERDAY
  MAXIMUM         70    352 PM  78              89
  MINIMUM         50    629 AM  46              53
  AVERAGE         60            62     -2       71

PRECIPITATION (IN)
  YESTERDAY        0.00          0.04  -0.04     0.00
  MONTH TO DATE    0.94          0.56   0.38      T
  SINCE SEP 1      2.35          1.86   0.49     0.65
  SINCE JAN 1      8.52          9.45  -0.93     9.34

......................................................


WIND (MPH)
  HIGHEST WIND SPEED    21   HIGHEST WIND DIRECTION     W (250)
  HIGHEST GUST SPEED    27   HIGHEST GUST DIRECTION     W (280)
  AVERAGE WIND SPEED     7.7


SKY COVER
  AVERAGE SKY COVER 0.3


WEATHER CONDITIONS
 THE FOLLOWING WEATHER WAS RECORDED YESTERDAY.
  NO SIGNIFICANT WEATHER WAS OBSERVED.


RELATIVE HUMIDITY (PERCENT)
 HIGHEST   100           300 AM
 LOWEST     37           200 PM
 AVERAGE    69

..........................................................


THE DEMING CLIMATE NORMALS FOR TODAY
                         NORMAL
 MAXIMUM TEMPERATURE (F)   78
 MINIMUM TEMPERATURE (F)   46


SUNRISE AND SUNSET
OCTOBER 15 2018.......SUNRISE   714 AM MDT   SUNSET   638 PM MDT
OCTOBER 16 2018.......SUNRISE   715 AM MDT   SUNSET   637 PM MDT


-  INDICATES NEGATIVE NUMBERS.
R  INDICATES RECORD WAS SET OR TIED.
MM INDICATES DATA IS MISSING.
T  INDICATES TRACE AMOUNT.




$$
