563
CDUS45 KEPZ 160942
CLIDMN


CLIMATE REPORT
NATIONAL WEATHER SERVICE EL PASO, TX
342 AM MDT WED OCT 16 2019


...................................

...THE DEMING CLIMATE SUMMARY FOR OCTOBER 15 2019...

CLIMATE NORMAL PERIOD 1981 TO 2010
CLIMATE RECORD PERIOD 2000 TO 2019


WEATHER ITEM   OBSERVED TIME   NORMAL DEPARTURE LAST
                VALUE   (LST)  VALUE  FROM      YEAR
                                      NORMAL
......................................................
TEMPERATURE (F)
 YESTERDAY
  MAXIMUM         81        MM  78              55
  MINIMUM         50        MM  46              44
  AVERAGE         66            62      4       50

PRECIPITATION (IN)
  YESTERDAY        0.00          0.04  -0.04     0.00
  MONTH TO DATE    0.23          0.60  -0.37     0.94
  SINCE SEP 1      2.33          1.90   0.43     2.35
  SINCE JAN 1      7.23          9.49  -2.26     8.52

......................................................


WIND (MPH)
  HIGHEST WIND SPEED     9   HIGHEST WIND DIRECTION     E (90)
  HIGHEST GUST SPEED    MM   HIGHEST GUST DIRECTION    MM
  AVERAGE WIND SPEED     4.8


SKY COVER
  AVERAGE SKY COVER 0.2


WEATHER CONDITIONS
 THE FOLLOWING WEATHER WAS RECORDED YESTERDAY.
  NO SIGNIFICANT WEATHER WAS OBSERVED.


RELATIVE HUMIDITY (PERCENT)
 HIGHEST    93           200 AM
 LOWEST     20           300 PM
 AVERAGE    57

..........................................................


THE DEMING CLIMATE NORMALS FOR TODAY
                         NORMAL
 MAXIMUM TEMPERATURE (F)   78
 MINIMUM TEMPERATURE (F)   46


SUNRISE AND SUNSET
OCTOBER 16 2019.......SUNRISE   715 AM MDT   SUNSET   637 PM MDT
OCTOBER 17 2019.......SUNRISE   716 AM MDT   SUNSET   636 PM MDT


-  INDICATES NEGATIVE NUMBERS.
R  INDICATES RECORD WAS SET OR TIED.
MM INDICATES DATA IS MISSING.
T  INDICATES TRACE AMOUNT.




$$
