000
CDUS45 KEPZ 142349
CLIDMN

CLIMATE REPORT
NATIONAL WEATHER SERVICE EL PASO TX/SANTA TERESA NM
549 PM MDT MON JUN 14 2021

...................................

...THE DEMING CLIMATE SUMMARY FOR JUNE 14 2021...
VALID TODAY AS OF 0500 PM LOCAL TIME.

CLIMATE NORMAL PERIOD 1991 TO 2020
CLIMATE RECORD PERIOD 2000 TO 2021


WEATHER ITEM   OBSERVED TIME   NORMAL DEPARTURE LAST
                VALUE   (LST)  VALUE  FROM      YEAR
                                      NORMAL
.......................................................
TEMPERATURE (F)
 TODAY
  MAXIMUM        106    259 PM  97      9       94
  MINIMUM         72    514 AM  61     11       61

PRECIPITATION (IN)
  TODAY            0.00          0.01  -0.01     0.00
  MONTH TO DATE    0.01          0.14  -0.13     0.07
  SINCE JUN 1      0.01          0.14  -0.13     0.07
  SINCE JAN 1      0.71          1.89  -1.18     2.79

.......................................................


WIND (MPH)
  HIGHEST WIND SPEED    20   HIGHEST WIND DIRECTION    SE (120)
  HIGHEST GUST SPEED    28   HIGHEST GUST DIRECTION    SE (120)


SKY COVER
  AVERAGE SKY COVER 0.0


WEATHER CONDITIONS
THE FOLLOWING WEATHER WAS RECORDED TODAY.
  NO SIGNIFICANT WEATHER WAS OBSERVED.


RELATIVE HUMIDITY (PERCENT)
 HIGHEST    25           500 AM
 LOWEST      6           200 PM
 AVERAGE    16

..........................................................


THE DEMING CLIMATE NORMALS FOR TOMORROW
                         NORMAL




SUNRISE AND SUNSET
JUNE 14 2021..........SUNRISE   604 AM MDT   SUNSET   819 PM MDT
JUNE 15 2021..........SUNRISE   604 AM MDT   SUNSET   819 PM MDT


-  INDICATES NEGATIVE NUMBERS.
R  INDICATES RECORD WAS SET OR TIED.
MM INDICATES DATA IS MISSING.
T  INDICATES TRACE AMOUNT.




$$
