000
CDUS43 KEAX 230034
CLIDMO


CLIMATE REPORT
NATIONAL WEATHER SERVICE KANSAS CITY/PLEASANT HILL MO
633 PM CST TUE JAN 22 2019


...................................

...THE SEDALIA MO CLIMATE SUMMARY FOR JANUARY 22 2019...
VALID TODAY AS OF 0600 PM LOCAL TIME.

CLIMATE NORMAL PERIOD 1981 TO 2010
CLIMATE RECORD PERIOD 9999 TO 9999


WEATHER ITEM   OBSERVED TIME   NORMAL DEPARTURE LAST
                VALUE   (LST)  VALUE  FROM      YEAR
                                      NORMAL
......................................................
TEMPERATURE (F)
 TODAY
  MAXIMUM         42    559 PM  40      2       58
  MINIMUM         31   1210 AM  23      8       33
  AVERAGE         37            32      5       46

PRECIPITATION (IN)
  TODAY            0.07          0.05   0.02     0.02
  MONTH TO DATE    1.78          1.14   0.64     0.93
  SINCE DEC 1      4.26          3.46   0.80     1.24
  SINCE JAN 1      1.78          1.14   0.64     0.93

DEGREE DAYS
 HEATING
  TODAY           28            33     -5       19
  MONTH TO DATE  723           743    -20      830
  SINCE DEC 1   1624          1679    -55     1746
  SINCE JUL 1   2867          2524    343     2503

 COOLING
  TODAY            0             0      0        0
  MONTH TO DATE    0             0      0        0
  SINCE DEC 1      0             0      0        0
  SINCE JAN 1      0             0      0        0
......................................................


WIND (MPH)
  HIGHEST WIND SPEED    22   HIGHEST WIND DIRECTION    SE (140)
  HIGHEST GUST SPEED    28   HIGHEST GUST DIRECTION    SE (140)
  AVERAGE WIND SPEED    14.7


SKY COVER
  AVERAGE SKY COVER 1.0


WEATHER CONDITIONS
 THE FOLLOWING WEATHER WAS RECORDED TODAY.
  LIGHT RAIN
  FOG


RELATIVE HUMIDITY (PERCENT)
 HIGHEST   100           100 PM
 LOWEST     70           300 AM
 AVERAGE    85

..........................................................


THE SEDALIA MO CLIMATE NORMALS FOR TOMORROW
                         NORMAL
 MAXIMUM TEMPERATURE (F)   41
 MINIMUM TEMPERATURE (F)   23


SUNRISE AND SUNSET
JANUARY 22 2019.......SUNRISE   726 AM CST   SUNSET   523 PM CST
JANUARY 23 2019.......SUNRISE   725 AM CST   SUNSET   524 PM CST


-  INDICATES NEGATIVE NUMBERS.
R  INDICATES RECORD WAS SET OR TIED.
MM INDICATES DATA IS MISSING.
T  INDICATES TRACE AMOUNT.




$$
