000
CDUS43 KEAX 150636
CLIDMO


CLIMATE REPORT
NATIONAL WEATHER SERVICE KANSAS CITY/PLEASANT HILL MO
135 AM CDT TUE OCT 15 2019


...................................

...THE SEDALIA MO CLIMATE SUMMARY FOR OCTOBER 14 2019...

CLIMATE NORMAL PERIOD 1981 TO 2010
CLIMATE RECORD PERIOD 9999 TO 9999


WEATHER ITEM   OBSERVED TIME   NORMAL DEPARTURE LAST
                VALUE   (LST)  VALUE  FROM      YEAR
                                      NORMAL
......................................................
TEMPERATURE (F)
 YESTERDAY
  MAXIMUM         71    328 PM  69      2       53
  MINIMUM         36    640 AM  49    -13       36
  AVERAGE         54            59     -5       45

PRECIPITATION (IN)
  YESTERDAY        0.00          0.12  -0.12     0.29
  MONTH TO DATE    2.55          1.77   0.78     2.69
  SINCE SEP 1      7.38          5.88   1.50     7.78
  SINCE JAN 1     40.63         33.82   6.81    29.13

DEGREE DAYS
 HEATING
  YESTERDAY       11             7      4       20
  MONTH TO DATE  129            82     47       93
  SINCE SEP 1    129           126      3      134
  SINCE JUL 1    131           127      4      134

 COOLING
  YESTERDAY        0             1     -1        0
  MONTH TO DATE   22            24     -2       56
  SINCE SEP 1    283           189     94      255
  SINCE JAN 1   1146          1474   -328     1890
......................................................


WIND (MPH)
  HIGHEST WIND SPEED    21   HIGHEST WIND DIRECTION     S (170)
  HIGHEST GUST SPEED    28   HIGHEST GUST DIRECTION     S (170)
  AVERAGE WIND SPEED     8.2


SKY COVER
  AVERAGE SKY COVER 0.0


WEATHER CONDITIONS
 THE FOLLOWING WEATHER WAS RECORDED YESTERDAY.
  FOG


RELATIVE HUMIDITY (PERCENT)
 HIGHEST   100           500 AM
 LOWEST     41           300 PM
 AVERAGE    71

..........................................................


THE SEDALIA MO CLIMATE NORMALS FOR TODAY
                         NORMAL
 MAXIMUM TEMPERATURE (F)   69
 MINIMUM TEMPERATURE (F)   48


SUNRISE AND SUNSET
OCTOBER 15 2019.......SUNRISE   721 AM CDT   SUNSET   634 PM CDT
OCTOBER 16 2019.......SUNRISE   722 AM CDT   SUNSET   633 PM CDT


-  INDICATES NEGATIVE NUMBERS.
R  INDICATES RECORD WAS SET OR TIED.
MM INDICATES DATA IS MISSING.
T  INDICATES TRACE AMOUNT.




$$
