000
CDUS43 KEAX 290033
CLIDMO

CLIMATE REPORT
NATIONAL WEATHER SERVICE
633 PM CST FRI FEB 28 2020

...................................

...THE SEDALIA MO CLIMATE SUMMARY FOR FEBRUARY 28 2020...
VALID TODAY AS OF 0600 PM LOCAL TIME.

CLIMATE NORMAL PERIOD: 1981 TO 2010
CLIMATE RECORD PERIOD: 9999 TO 9999


WEATHER ITEM   OBSERVED TIME   NORMAL DEPARTURE LAST
                VALUE   (LST)  VALUE  FROM      YEAR
                                      NORMAL
.......................................................
TEMPERATURE (F)
 TODAY
  MAXIMUM         51   4:17 PM  50      1       25
  MINIMUM         28   4:51 AM  31     -3       17
  AVERAGE         40            40      0       21

PRECIPITATION (IN)
  TODAY            0.00          0.06  -0.06     0.01
  MONTH TO DATE    1.55          1.93  -0.38     2.02
  SINCE DEC 1      5.84          5.92  -0.08     6.67
  SINCE JAN 1      4.57          3.60   0.97     4.19

DEGREE DAYS
 HEATING
  TODAY           25            25      0       44
  MONTH TO DATE  826           804     22      929
  SINCE DEC 1   2510          2774   -264     2931
  SINCE JUL 1   3606          3619    -13     4174

 COOLING
  TODAY            0             0      0        0
  MONTH TO DATE    0             0      0        0
  SINCE DEC 1      0             0      0        0
  SINCE JAN 1      0             0      0        0
.......................................................


WIND (MPH)
  HIGHEST WIND SPEED    18   HIGHEST WIND DIRECTION    NW (320)
  HIGHEST GUST SPEED    27   HIGHEST GUST DIRECTION    SW (230)
  AVERAGE WIND SPEED    10.2


SKY COVER
  AVERAGE SKY COVER 0.4


WEATHER CONDITIONS
THE FOLLOWING WEATHER WAS RECORDED TODAY.
  NO SIGNIFICANT WEATHER WAS OBSERVED.


RELATIVE HUMIDITY (PERCENT)
 HIGHEST    92           5:00 AM
 LOWEST     52           5:00 PM
 AVERAGE    72

..........................................................


THE SEDALIA MO CLIMATE NORMALS FOR TOMORROW
                         NORMAL




SUNRISE AND SUNSET
FEBRUARY 28 2020......SUNRISE   6:47 AM CST   SUNSET   6:04 PM CST
FEBRUARY 29 2020......SUNRISE   6:45 AM CST   SUNSET   6:05 PM CST


-  INDICATES NEGATIVE NUMBERS.
R  INDICATES RECORD WAS SET OR TIED.
MM INDICATES DATA IS MISSING.
T  INDICATES TRACE AMOUNT.




$$
