000
CDUS43 KEAX 190047
CLIDMO


CLIMATE REPORT
NATIONAL WEATHER SERVICE KANSAS CITY/PLEASANT HILL MO
746 PM CDT THU OCT 18 2018


...................................

...THE SEDALIA MO CLIMATE SUMMARY FOR OCTOBER 18 2018...
VALID TODAY AS OF 0700 PM LOCAL TIME.

CLIMATE NORMAL PERIOD 1981 TO 2010
CLIMATE RECORD PERIOD 9999 TO 9999


WEATHER ITEM   OBSERVED TIME   NORMAL DEPARTURE LAST
                VALUE   (LST)  VALUE  FROM      YEAR
                                      NORMAL
......................................................
TEMPERATURE (F)
 TODAY
  MAXIMUM         63    336 PM  68     -5       76
  MINIMUM         38    702 AM  47     -9       47
  AVERAGE         51            58     -7       62

PRECIPITATION (IN)
  TODAY            0.00          0.14  -0.14     0.00
  MONTH TO DATE    2.69          2.29   0.40     2.98
  SINCE SEP 1      7.78          6.40   1.38     4.00
  SINCE JAN 1     29.13         34.34  -5.21    33.20

DEGREE DAYS
 HEATING
  TODAY           14             8      6        3
  MONTH TO DATE  165           113     52       55
  SINCE SEP 1    206           157     49       59
  SINCE JUL 1    206           158     48       64

 COOLING
  TODAY            0             1     -1        0
  MONTH TO DATE   56            28     28       74
  SINCE SEP 1    255           193     62      307
  SINCE JAN 1   1890          1478    412     1481
......................................................


WIND (MPH)
  HIGHEST WIND SPEED    13   HIGHEST WIND DIRECTION     S (170)
  HIGHEST GUST SPEED    17   HIGHEST GUST DIRECTION    SE (150)
  AVERAGE WIND SPEED     6.1


SKY COVER
  AVERAGE SKY COVER 0.0


WEATHER CONDITIONS
 THE FOLLOWING WEATHER WAS RECORDED TODAY.
  NO SIGNIFICANT WEATHER WAS OBSERVED.


RELATIVE HUMIDITY (PERCENT)
 HIGHEST   100           400 AM
 LOWEST     42           100 PM
 AVERAGE    71

..........................................................


THE SEDALIA MO CLIMATE NORMALS FOR TOMORROW
                         NORMAL
 MAXIMUM TEMPERATURE (F)   68
 MINIMUM TEMPERATURE (F)   47


SUNRISE AND SUNSET
OCTOBER 18 2018.......SUNRISE   725 AM CDT   SUNSET   630 PM CDT
OCTOBER 19 2018.......SUNRISE   726 AM CDT   SUNSET   628 PM CDT


-  INDICATES NEGATIVE NUMBERS.
R  INDICATES RECORD WAS SET OR TIED.
MM INDICATES DATA IS MISSING.
T  INDICATES TRACE AMOUNT.




$$
