076
CDUS43 KEAX 230644
CLIDMO


CLIMATE REPORT
NATIONAL WEATHER SERVICE KANSAS CITY/PLEASANT HILL MO
1243 AM CST FRI FEB 23 2018


...................................

...THE SEDALIA MO CLIMATE SUMMARY FOR FEBRUARY 22 2018...

CLIMATE NORMAL PERIOD 1981 TO 2010
CLIMATE RECORD PERIOD 9999 TO 9999


WEATHER ITEM   OBSERVED TIME   NORMAL DEPARTURE LAST
                VALUE   (LST)  VALUE  FROM      YEAR
                                      NORMAL
......................................................
TEMPERATURE (F)
 YESTERDAY
  MAXIMUM         41   1155 PM  48     -7       76
  MINIMUM         29    115 AM  29      0       48
  AVERAGE         35            38     -3       62

PRECIPITATION (IN)
  YESTERDAY        0.09          0.07   0.02     0.00
  MONTH TO DATE    2.24          1.54   0.70     0.01
  SINCE DEC 1      3.49          5.53  -2.04     1.78
  SINCE JAN 1      3.18          3.21  -0.03     1.00

DEGREE DAYS
 HEATING
  YESTERDAY       30            27      3        3
  MONTH TO DATE  700           651     49      402
  SINCE DEC 1   2663          2621     42     2275
  SINCE JUL 1   3420          3466    -46     2782

 COOLING
  YESTERDAY        0             0      0        0
  MONTH TO DATE    0             0      0        0
  SINCE DEC 1      0             0      0        0
  SINCE JAN 1      0             0      0        0
......................................................


WIND (MPH)
  HIGHEST WIND SPEED    15   HIGHEST WIND DIRECTION    SE (130)
  HIGHEST GUST SPEED    20   HIGHEST GUST DIRECTION    SE (120)
  AVERAGE WIND SPEED     8.1


SKY COVER
  AVERAGE SKY COVER 1.0


WEATHER CONDITIONS
 THE FOLLOWING WEATHER WAS RECORDED YESTERDAY.
  LIGHT RAIN
  LT FREEZING RAIN
  LIGHT SNOW
  FOG


RELATIVE HUMIDITY (PERCENT)
 HIGHEST   100           100 AM
 LOWEST    100           100 AM
 AVERAGE   100

..........................................................


THE SEDALIA MO CLIMATE NORMALS FOR TODAY
                         NORMAL
 MAXIMUM TEMPERATURE (F)   49
 MINIMUM TEMPERATURE (F)   29


SUNRISE AND SUNSET
FEBRUARY 23 2018......SUNRISE   653 AM CST   SUNSET   559 PM CST
FEBRUARY 24 2018......SUNRISE   652 AM CST   SUNSET   600 PM CST


-  INDICATES NEGATIVE NUMBERS.
R  INDICATES RECORD WAS SET OR TIED.
MM INDICATES DATA IS MISSING.
T  INDICATES TRACE AMOUNT.




$$
