472
CDUS43 KEAX 190640
CLIDMO


CLIMATE REPORT
NATIONAL WEATHER SERVICE KANSAS CITY/PLEASANT HILL MO
139 AM CDT THU JUL 19 2018


...................................

...THE SEDALIA MO CLIMATE SUMMARY FOR JULY 18 2018...

CLIMATE NORMAL PERIOD 1981 TO 2010
CLIMATE RECORD PERIOD 9999 TO 9999


WEATHER ITEM   OBSERVED TIME   NORMAL DEPARTURE LAST
                VALUE   (LST)  VALUE  FROM      YEAR
                                      NORMAL
......................................................
TEMPERATURE (F)
 YESTERDAY
  MAXIMUM         87    457 PM  89     -2       93
  MINIMUM         73    728 AM  69      4       73
  AVERAGE         80            79      1       83

PRECIPITATION (IN)
  YESTERDAY        0.28          0.16   0.12     0.00
  MONTH TO DATE    1.12          2.67  -1.55     1.12
  SINCE JUN 1      5.83          7.76  -1.93     5.64
  SINCE JAN 1     17.06         22.91  -5.85    21.83

DEGREE DAYS
 HEATING
  YESTERDAY        0             0      0        0
  MONTH TO DATE    0             0      0        0
  SINCE JUN 1      0             6     -6        0
  SINCE JUL 1      0             0      0        0

 COOLING
  YESTERDAY       15            14      1       18
  MONTH TO DATE  313           249     64      277
  SINCE JUN 1    750           553    197      590
  SINCE JAN 1   1078           692    386      753
......................................................


WIND (MPH)
  HIGHEST WIND SPEED    18   HIGHEST WIND DIRECTION    SE (120)
  HIGHEST GUST SPEED    24   HIGHEST GUST DIRECTION    SE (140)
  AVERAGE WIND SPEED     7.7


SKY COVER
  AVERAGE SKY COVER 0.7


WEATHER CONDITIONS
 THE FOLLOWING WEATHER WAS RECORDED YESTERDAY.
  LIGHT RAIN
  FOG


RELATIVE HUMIDITY (PERCENT)
 HIGHEST    94          1200 PM
 LOWEST     59           500 PM
 AVERAGE    77

..........................................................


THE SEDALIA MO CLIMATE NORMALS FOR TODAY
                         NORMAL
 MAXIMUM TEMPERATURE (F)   89
 MINIMUM TEMPERATURE (F)   69


SUNRISE AND SUNSET
JULY 19 2018..........SUNRISE   603 AM CDT   SUNSET   834 PM CDT
JULY 20 2018..........SUNRISE   604 AM CDT   SUNSET   833 PM CDT


-  INDICATES NEGATIVE NUMBERS.
R  INDICATES RECORD WAS SET OR TIED.
MM INDICATES DATA IS MISSING.
T  INDICATES TRACE AMOUNT.




$$
