000
CDUS43 KEAX 270635
CLIDMO

CLIMATE REPORT
NATIONAL WEATHER SERVICE
1235 AM CST SAT FEB 27 2021

...................................

...THE SEDALIA MO CLIMATE SUMMARY FOR FEBRUARY 26 2021...

CLIMATE NORMAL PERIOD: 1981 TO 2010
CLIMATE RECORD PERIOD: 9999 TO 9999


WEATHER ITEM   OBSERVED TIME   NORMAL DEPARTURE LAST
                VALUE   (LST)  VALUE  FROM      YEAR
                                      NORMAL
.......................................................
TEMPERATURE (F)
 YESTERDAY
  MAXIMUM         48   1:03 PM  50     -2       37
  MINIMUM         30   7:41 AM  30      0       27
  AVERAGE         39            40     -1       32

PRECIPITATION (IN)
  YESTERDAY        0.00          0.07  -0.07      T
  MONTH TO DATE    0.10          1.81  -1.71     1.55
  SINCE DEC 1      3.35          5.80  -2.45     5.84
  SINCE JAN 1      2.75          3.48  -0.73     4.57

DEGREE DAYS
 HEATING
  YESTERDAY       26            25      1       33
  MONTH TO DATE 1110           754    356      771
  SINCE DEC 1   2875          2724    151     2455
  SINCE JUL 1   3704          3569    135     3551

 COOLING
  YESTERDAY        0             0      0        0
  MONTH TO DATE    0             0      0        0
  SINCE DEC 1      0             0      0        0
  SINCE JAN 1      0             0      0        0
.......................................................


WIND (MPH)
  HIGHEST WIND SPEED    18   HIGHEST WIND DIRECTION    SE (120)
  HIGHEST GUST SPEED    25   HIGHEST GUST DIRECTION    SE (120)
  AVERAGE WIND SPEED     7.1


SKY COVER
  AVERAGE SKY COVER 0.7


WEATHER CONDITIONS
THE FOLLOWING WEATHER WAS RECORDED YESTERDAY.
  NO SIGNIFICANT WEATHER WAS OBSERVED.


RELATIVE HUMIDITY (PERCENT)
 HIGHEST    79          11:00 PM
 LOWEST     49          12:00 PM
 AVERAGE    64

..........................................................


THE SEDALIA MO CLIMATE NORMALS FOR TODAY
                         NORMAL




SUNRISE AND SUNSET
FEBRUARY 27 2021......SUNRISE   6:47 AM CST   SUNSET   6:04 PM CST
FEBRUARY 28 2021......SUNRISE   6:46 AM CST   SUNSET   6:05 PM CST


-  INDICATES NEGATIVE NUMBERS.
R  INDICATES RECORD WAS SET OR TIED.
MM INDICATES DATA IS MISSING.
T  INDICATES TRACE AMOUNT.




$$
