000
CDUS42 KCAE 182136
CLIDNL


CLIMATE REPORT
NATIONAL WEATHER SERVICE COLUMBIA SC
534 PM EDT THU OCT 18 2018


...................................

...THE AUGUSTA DANIEL FIELD GA CLIMATE SUMMARY FOR OCTOBER 18 2018...
VALID TODAY AS OF 0500 PM LOCAL TIME.

CLIMATE NORMAL PERIOD 1981 TO 2010
CLIMATE RECORD PERIOD 9999 TO 9999


WEATHER ITEM   OBSERVED TIME   NORMAL DEPARTURE LAST
                VALUE   (LST)  VALUE  FROM      YEAR
                                      NORMAL
......................................................
TEMPERATURE (F)
 TODAY
  MAXIMUM         75    315 PM  75      0       75
  MINIMUM         62    408 AM  55      7       49
  AVERAGE         69            65      4

PRECIPITATION (IN)
  TODAY            0.00          0.11  -0.11     0.00
  MONTH TO DATE    3.91          2.15   1.76     0.41
  SINCE SEP 1     11.88          5.52   6.36     4.80
  SINCE JAN 1     40.67         38.68   1.99    35.10

DEGREE DAYS
 HEATING
  TODAY            0             2     -2        3
  MONTH TO DATE    0            26    -26        7
  SINCE SEP 1      0            29    -29        7
  SINCE JUL 1      0            29    -29        7

 COOLING
  TODAY            4             3      1        0
  MONTH TO DATE  235            81    154      197
  SINCE SEP 1    781           401    380      609
  SINCE JAN 1   2690          2212    478     2910
......................................................


WIND (MPH)
  HIGHEST WIND SPEED    18   HIGHEST WIND DIRECTION     E (80)
  HIGHEST GUST SPEED    23   HIGHEST GUST DIRECTION     E (70)
  AVERAGE WIND SPEED     9.3


SKY COVER
  AVERAGE SKY COVER 0.3


WEATHER CONDITIONS
 THE FOLLOWING WEATHER WAS RECORDED TODAY.
  NO SIGNIFICANT WEATHER WAS OBSERVED.


RELATIVE HUMIDITY (PERCENT)
 HIGHEST    53          1200 AM
 LOWEST     29           100 PM

..........................................................


THE AUGUSTA DANIEL FIELD GA CLIMATE NORMALS FOR TOMORROW
                         NORMAL
 MAXIMUM TEMPERATURE (F)   75
 MINIMUM TEMPERATURE (F)   55


SUNRISE AND SUNSET
OCTOBER 18 2018.......SUNRISE   735 AM EDT   SUNSET   651 PM EDT
OCTOBER 19 2018.......SUNRISE   736 AM EDT   SUNSET   650 PM EDT


-  INDICATES NEGATIVE NUMBERS.
R  INDICATES RECORD WAS SET OR TIED.
MM INDICATES DATA IS MISSING.
T  INDICATES TRACE AMOUNT.




$$
