000
CDUS42 KCAE 240607
CLIDNL


CLIMATE REPORT
NATIONAL WEATHER SERVICE COLUMBIA SC
207 AM EDT TUE APR 24 2018


...................................

...THE AUGUSTA DANIEL FIELD GA CLIMATE SUMMARY FOR APRIL 23 2018...

CLIMATE NORMAL PERIOD 1981 TO 2010
CLIMATE RECORD PERIOD 9999 TO 9999


WEATHER ITEM   OBSERVED TIME   NORMAL DEPARTURE LAST
                VALUE   (LST)  VALUE  FROM      YEAR
                                      NORMAL
......................................................
TEMPERATURE (F)
 YESTERDAY
  MAXIMUM         70    214 PM  77     -7       86
  MINIMUM         60    408 AM  55      5       61
  AVERAGE         65            66     -1       74

PRECIPITATION (IN)
  YESTERDAY        1.33          0.08   1.25     0.01
  MONTH TO DATE    2.72          2.54   0.18     2.16
  SINCE MAR 1      5.72          6.85  -1.13     4.25
  SINCE JAN 1     10.17         15.09  -4.92    16.61

DEGREE DAYS
 HEATING
  YESTERDAY        0             2     -2        0
  MONTH TO DATE   82            85     -3       23
  SINCE MAR 1    346           335     11      228
  SINCE JUL 1   1769          2148   -379     1235

 COOLING
  YESTERDAY        0             3     -3        9
  MONTH TO DATE   39            48     -9      146
  SINCE MAR 1     61            70     -9      217
  SINCE JAN 1    130            74     56      251
......................................................


WIND (MPH)
  HIGHEST WIND SPEED    21   HIGHEST WIND DIRECTION     E (80)
  HIGHEST GUST SPEED    28   HIGHEST GUST DIRECTION     E (70)
  AVERAGE WIND SPEED    10.7


SKY COVER
  AVERAGE SKY COVER 0.9


WEATHER CONDITIONS
 THE FOLLOWING WEATHER WAS RECORDED YESTERDAY.
  THUNDERSTORM
  HEAVY RAIN
  RAIN
  LIGHT RAIN
  FOG


RELATIVE HUMIDITY (PERCENT)
 HIGHEST    97           700 AM
 LOWEST     78          1200 AM

..........................................................


THE AUGUSTA DANIEL FIELD GA CLIMATE NORMALS FOR TODAY
                         NORMAL    RECORD    YEAR
 MAXIMUM TEMPERATURE (F)   78        MM        MM
 MINIMUM TEMPERATURE (F)   55        MM        MM


SUNRISE AND SUNSET
APRIL 24 2018.........SUNRISE   647 AM EDT   SUNSET   806 PM EDT
APRIL 25 2018.........SUNRISE   646 AM EDT   SUNSET   806 PM EDT


-  INDICATES NEGATIVE NUMBERS.
R  INDICATES RECORD WAS SET OR TIED.
MM INDICATES DATA IS MISSING.
T  INDICATES TRACE AMOUNT.




$$
