000
CDUS42 KCAE 260600
CLIDNL


CLIMATE REPORT
NATIONAL WEATHER SERVICE COLUMBIA SC
150 AM EDT MON OCT 26 2020


...................................

...THE AUGUSTA DANIEL FIELD GA CLIMATE SUMMARY FOR OCTOBER 25 2020...

CLIMATE NORMAL PERIOD 1981 TO 2010
CLIMATE RECORD PERIOD 9999 TO 9999


WEATHER ITEM   OBSERVED TIME   NORMAL DEPARTURE LAST
                VALUE   (LST)  VALUE  FROM      YEAR
                                      NORMAL
......................................................
TEMPERATURE (F)
 YESTERDAY
  MAXIMUM         80    346 PM  73      7       79
  MINIMUM         70   1159 PM  53     17       65
  AVERAGE         75            63     12       72

PRECIPITATION (IN)
  YESTERDAY        0.11          0.07   0.04      T
  MONTH TO DATE    1.46          2.77  -1.31     2.65
  SINCE SEP 1      9.35          6.14   3.21     2.75
  SINCE JAN 1     51.97         39.30  12.67    33.79

DEGREE DAYS
 HEATING
  YESTERDAY        0             4     -4        0
  MONTH TO DATE    6            49    -43       13
  SINCE SEP 1      7            52    -45       13
  SINCE JUL 1      7            52    -45       13

 COOLING
  YESTERDAY       10             2      8        7
  MONTH TO DATE  190            96     94      220
  SINCE SEP 1    545           416    129      726
  SINCE JAN 1   2678          2227    451     3026
......................................................


WIND (MPH)
  HIGHEST WIND SPEED    12   HIGHEST WIND DIRECTION     E (70)
  HIGHEST GUST SPEED    14   HIGHEST GUST DIRECTION    NE (60)
  AVERAGE WIND SPEED     4.6


SKY COVER
  AVERAGE SKY COVER 0.8


WEATHER CONDITIONS
 THE FOLLOWING WEATHER WAS RECORDED YESTERDAY.
  HEAVY RAIN
  RAIN
  LIGHT RAIN
  FOG


RELATIVE HUMIDITY (PERCENT)
 HIGHEST    93           900 AM
 LOWEST     67           100 PM

..........................................................


THE AUGUSTA DANIEL FIELD GA CLIMATE NORMALS FOR TODAY
                         NORMAL    RECORD    YEAR
 MAXIMUM TEMPERATURE (F)   73        MM        MM
 MINIMUM TEMPERATURE (F)   53        MM        MM


SUNRISE AND SUNSET
OCTOBER 26 2020.......SUNRISE   742 AM EDT   SUNSET   641 PM EDT
OCTOBER 27 2020.......SUNRISE   743 AM EDT   SUNSET   640 PM EDT


-  INDICATES NEGATIVE NUMBERS.
R  INDICATES RECORD WAS SET OR TIED.
MM INDICATES DATA IS MISSING.
T  INDICATES TRACE AMOUNT.




$$
