862
CDUS42 KCAE 110625
CLIDNL


CLIMATE REPORT
NATIONAL WEATHER SERVICE COLUMBIA SC
124 AM EST WED DEC 11 2019


...................................

...THE AUGUSTA DANIEL FIELD GA CLIMATE SUMMARY FOR DECEMBER 10 2019...

CLIMATE NORMAL PERIOD 1981 TO 2010
CLIMATE RECORD PERIOD 9999 TO 9999


WEATHER ITEM   OBSERVED TIME   NORMAL DEPARTURE LAST
                VALUE   (LST)  VALUE  FROM      YEAR
                                      NORMAL
......................................................
TEMPERATURE (F)
 YESTERDAY
  MAXIMUM         81   1258 PM  60     21       44
  MINIMUM         55   1159 PM  40     15       37
  AVERAGE         68            50     18       41

PRECIPITATION (IN)
  YESTERDAY        0.21          0.12   0.09     0.05
  MONTH TO DATE    0.56          1.28  -0.72     2.01
  SINCE DEC 1      0.56          1.28  -0.72     2.01
  SINCE JAN 1     38.42         44.21  -5.79    50.85

DEGREE DAYS
 HEATING
  YESTERDAY        0            15    -15       24
  MONTH TO DATE   99           141    -42      157
  SINCE DEC 1     99           141    -42      157
  SINCE JUL 1    421           475    -54      532

 COOLING
  YESTERDAY        3             0      3        0
  MONTH TO DATE    3             0      3        3
  SINCE DEC 1      3             0      3        3
  SINCE JAN 1   3065          2256    809     2711
......................................................


WIND (MPH)
  HIGHEST WIND SPEED    24   HIGHEST WIND DIRECTION     S (200)
  HIGHEST GUST SPEED    32   HIGHEST GUST DIRECTION    SW (210)
  AVERAGE WIND SPEED    10.8


SKY COVER
  AVERAGE SKY COVER 0.7


WEATHER CONDITIONS
 THE FOLLOWING WEATHER WAS RECORDED YESTERDAY.
  HEAVY RAIN
  RAIN
  LIGHT RAIN
  FOG


RELATIVE HUMIDITY (PERCENT)
 HIGHEST    93          1100 PM
 LOWEST     51           100 PM

..........................................................


THE AUGUSTA DANIEL FIELD GA CLIMATE NORMALS FOR TODAY
                         NORMAL    RECORD    YEAR
 MAXIMUM TEMPERATURE (F)   59        MM        MM
 MINIMUM TEMPERATURE (F)   40        MM        MM


SUNRISE AND SUNSET
DECEMBER 11 2019......SUNRISE   722 AM EST   SUNSET   521 PM EST
DECEMBER 12 2019......SUNRISE   723 AM EST   SUNSET   521 PM EST


-  INDICATES NEGATIVE NUMBERS.
R  INDICATES RECORD WAS SET OR TIED.
MM INDICATES DATA IS MISSING.
T  INDICATES TRACE AMOUNT.




$$
