000
CDUS43 KLOT 260633
CLIDPA


CLIMATE REPORT
NATIONAL WEATHER SERVICE CHICAGO IL
132 AM CDT THU APR 26 2018


...................................

...THE DU PAGE  AIRPORT CLIMATE SUMMARY FOR APRIL 25 2018...

CLIMATE NORMAL PERIOD 1981 TO 2010
CLIMATE RECORD PERIOD 1997 TO 2018


WEATHER ITEM   OBSERVED TIME   RECORD YEAR NORMAL DEPARTURE LAST
                VALUE   (LST)  VALUE       VALUE  FROM      YEAR
                                                  NORMAL
..................................................................
TEMPERATURE (F)
 YESTERDAY
  MAXIMUM         60    128 PM  83    2016  64     -4       78
  MINIMUM         34   1151 PM  29    1999  41     -7       53
  AVERAGE         47                        53     -6       66

PRECIPITATION (IN)
  YESTERDAY        0.00          1.06        0.13  -0.13      T
  MONTH TO DATE    1.42                      2.58  -1.16     2.48
  SINCE MAR 1      3.12                      4.94  -1.82     5.79
  SINCE JAN 1      5.32                      7.67  -2.35     9.20

DEGREE DAYS
 HEATING
  YESTERDAY       18                        13      5        0
  MONTH TO DATE  654                       418    236      294
  SINCE MAR 1   1540                      1254    286     1113
  SINCE JUL 1   6412                      6009    403     5212

 COOLING
  YESTERDAY        0                         0      0        1
  MONTH TO DATE    0                         0      0        7
  SINCE MAR 1      0                         0      0        7
  SINCE JAN 1      0                         0      0        7
..................................................................


WIND (MPH)
  RESULTANT WIND SPEED  10   RESULTANT WIND DIRECTION  NE (30)
  HIGHEST WIND SPEED    22   HIGHEST WIND DIRECTION     N (10)
  HIGHEST GUST SPEED    28   HIGHEST GUST DIRECTION     N (20)
  AVERAGE WIND SPEED    10.6



WEATHER CONDITIONS
 THE FOLLOWING WEATHER WAS RECORDED YESTERDAY.
  FOG


..........................................................


THE DU PAGE  AIRPORT CLIMATE NORMALS FOR TODAY
                         NORMAL    RECORD    YEAR
 MAXIMUM TEMPERATURE (F)   65        80      2009
 MINIMUM TEMPERATURE (F)   41        29      2006


SUNRISE AND SUNSET
APRIL 26 2018.........SUNRISE   556 AM CDT   SUNSET   746 PM CDT
APRIL 27 2018.........SUNRISE   555 AM CDT   SUNSET   747 PM CDT


-  INDICATES NEGATIVE NUMBERS.
R  INDICATES RECORD WAS SET OR TIED.
MM INDICATES DATA IS MISSING.
T  INDICATES TRACE AMOUNT.




$$
