000
CDUS43 KLOT 040643
CLIDPA


CLIMATE REPORT
NATIONAL WEATHER SERVICE CHICAGO IL
143 AM CDT THU JUN 4 2020


...................................

...THE DU PAGE  AIRPORT CLIMATE SUMMARY FOR JUNE 3 2020...

CLIMATE NORMAL PERIOD 1981 TO 2010
CLIMATE RECORD PERIOD 1997 TO 2020


WEATHER ITEM   OBSERVED TIME   RECORD YEAR NORMAL DEPARTURE LAST
                VALUE   (LST)  VALUE       VALUE  FROM      YEAR
                                                  NORMAL
..................................................................
TEMPERATURE (F)
 YESTERDAY
  MAXIMUM         85    454 PM  89    2011  77      8       72
  MINIMUM         66    146 AM  38    2013  54     12       49
  AVERAGE         76                        66     10       61

PRECIPITATION (IN)
  YESTERDAY        0.11          0.45        0.18  -0.07     0.00
  MONTH TO DATE    0.13                      0.57  -0.44      T
  SINCE JUN 1      0.13                      0.57  -0.44      T
  SINCE JAN 1     18.03                     13.59   4.44    17.78

DEGREE DAYS
 HEATING
  YESTERDAY        0                         3     -3        4
  MONTH TO DATE    2                         9     -7        5
  SINCE JUN 1      2                         9     -7        5
  SINCE JUL 1   6139                      6288   -149     6677

 COOLING
  YESTERDAY       11                         3      8        0
  MONTH TO DATE   24                         9     15        5
  SINCE JUN 1     24                         9     15        5
  SINCE JAN 1     75                        55     20       39
..................................................................


WIND (MPH)
  RESULTANT WIND SPEED   0   RESULTANT WIND DIRECTION  NW (300)
  HIGHEST WIND SPEED    17   HIGHEST WIND DIRECTION     N (340)
  HIGHEST GUST SPEED    23   HIGHEST GUST DIRECTION     W (280)
  AVERAGE WIND SPEED     4.5



WEATHER CONDITIONS
 THE FOLLOWING WEATHER WAS RECORDED YESTERDAY.
  RAIN
  LIGHT RAIN
  FOG


..........................................................


THE DU PAGE  AIRPORT CLIMATE NORMALS FOR TODAY
                         NORMAL    RECORD    YEAR
 MAXIMUM TEMPERATURE (F)   77        92      2011
 MINIMUM TEMPERATURE (F)   55        39      2009


SUNRISE AND SUNSET
JUNE  4 2020..........SUNRISE   519 AM CDT   SUNSET   824 PM CDT
JUNE  5 2020..........SUNRISE   519 AM CDT   SUNSET   825 PM CDT


-  INDICATES NEGATIVE NUMBERS.
R  INDICATES RECORD WAS SET OR TIED.
MM INDICATES DATA IS MISSING.
T  INDICATES TRACE AMOUNT.




$$
