000
CDUS45 KVEF 220033
CLIDRA


CLIMATE REPORT
NATIONAL WEATHER SERVICE LAS VEGAS, NV
432 PM PST THU FEB 21 2019


...................................

...THE DESERT ROCK-MERCURY NV CLIMATE SUMMARY FOR FEBRUARY 21 2019...
VALID TODAY AS OF 0400 PM LOCAL TIME.

CLIMATE NORMAL PERIOD 1981 TO 2010
CLIMATE RECORD PERIOD 1978 TO 2019


WEATHER ITEM   OBSERVED TIME   RECORD YEAR NORMAL DEPARTURE LAST
                VALUE   (LST)  VALUE       VALUE  FROM      YEAR
                                                  NORMAL
..................................................................
TEMPERATURE (F)
 TODAY
  MAXIMUM         MM        MM  76    1982  60     MM       47
  MINIMUM         MM        MM  27    2013  37     MM       28
  AVERAGE         MM                        48     MM       38

PRECIPITATION (IN)
  TODAY            0.01          0.74 2005   0.04  -0.03     0.00
  MONTH TO DATE    1.11                      0.65   0.46     0.00
  SINCE OCT 1      2.70                      2.75  -0.05     1.09
  SINCE JAN 1      1.94                      1.39   0.55     1.09

SNOWFALL (IN)
  TODAY           MM            MM      MM   0.0             0.0
  MONTH TO DATE    T                         0.5             0.0
  SINCE DEC 1      T                         2.5             0.0
  SINCE JUL 1      T                         2.7             0.0

DEGREE DAYS
 HEATING
  TODAY           MM                        17     MM       27
  MONTH TO DATE  378                       386     -8      308
  SINCE DEC 1   1573                      1717   -144     1294
  SINCE JUL 1   2008                      2274   -266     1612

 COOLING
  TODAY           MM                         0     MM        0
  MONTH TO DATE    0                         0      0        0
  SINCE DEC 1      0                         0      0        0
  SINCE JAN 1      0                         0      0        0
..................................................................


WIND (MPH)
  RESULTANT WIND SPEED   5   RESULTANT WIND DIRECTION   E (100)
  HIGHEST WIND SPEED    13   HIGHEST WIND DIRECTION    SE (120)
  HIGHEST GUST SPEED    MM   HIGHEST GUST DIRECTION    MM
  AVERAGE WIND SPEED     5.1


SKY COVER
  POSSIBLE SUNSHINE  MM
  AVERAGE SKY COVER 0.9


WEATHER CONDITIONS
 THE FOLLOWING WEATHER WAS RECORDED TODAY.
  LIGHT SNOW
  FOG


RELATIVE HUMIDITY (PERCENT)
 HIGHEST    92           400 AM
 LOWEST     45          1200 PM
 AVERAGE    69

..........................................................


THE DESERT ROCK-MERCURY NV CLIMATE NORMALS FOR TOMORROW
                         NORMAL    RECORD    YEAR
 MAXIMUM TEMPERATURE (F)   61        76      1995
 MINIMUM TEMPERATURE (F)   37        22      2018


SUNRISE AND SUNSET
FEBRUARY 21 2019......SUNRISE   625 AM PST   SUNSET   531 PM PST
FEBRUARY 22 2019......SUNRISE   624 AM PST   SUNSET   532 PM PST


-  INDICATES NEGATIVE NUMBERS.
R  INDICATES RECORD WAS SET OR TIED.
MM INDICATES DATA IS MISSING.
T  INDICATES TRACE AMOUNT.




$$
