000
CDUS45 KVEF 260822
CLIDRA

CLIMATE REPORT
NATIONAL WEATHER SERVICE LAS VEGAS, NV
122 AM PDT TUE MAY 26 2020

...................................

...THE DESERT ROCK-MERCURY NV CLIMATE SUMMARY FOR MAY 25 2020...

CLIMATE NORMAL PERIOD: 1981 TO 2010
CLIMATE RECORD PERIOD: 1978 TO 2020


WEATHER ITEM   OBSERVED TIME   RECORD YEAR NORMAL DEPARTURE LAST
                VALUE   (LST)  VALUE       VALUE  FROM      YEAR
                                                  NORMAL
...................................................................
TEMPERATURE (F)
 YESTERDAY
  MAXIMUM         91        MM 100    2001  87      4       77
  MINIMUM         62        MM  42    2010  58      4       51
  AVERAGE         77                        72      5       64

PRECIPITATION (IN)
  YESTERDAY        0.00          0.07 2008   0.01  -0.01     0.00
  MONTH TO DATE    T                         0.17  -0.17     1.33
  SINCE OCT 1      3.68                      4.14  -0.46     5.94
  SINCE JAN 1      1.82                      2.78  -0.96     5.18

SNOWFALL (IN)
  YESTERDAY        0.0          MM      MM   0.0             0.0
  MONTH TO DATE    0.0                       0.0             0.0
  SINCE MAR 1      0.0                       0.2             0.0
  SINCE JUL 1      T                         3.3              T

DEGREE DAYS
 HEATING
  YESTERDAY        0                         1     -1        1
  MONTH TO DATE   11                        45    -34       40
  SINCE MAR 1    336                       607   -271      527
  SINCE JUL 1   2382                      2989   -607     2696

 COOLING
  YESTERDAY       12                         8      4        0
  MONTH TO DATE  132                       133     -1       10
  SINCE MAR 1    203                       167     36       68
  SINCE JAN 1    203                       167     36       68
...................................................................


WIND (MPH)
  RESULTANT WIND SPEED   8   RESULTANT WIND DIRECTION   E (70)
  HIGHEST WIND SPEED    18   HIGHEST WIND DIRECTION     E (110)
  HIGHEST GUST SPEED    25   HIGHEST GUST DIRECTION     E (110)
  AVERAGE WIND SPEED    10.3


SKY COVER
  AVERAGE SKY COVER 0.0


WEATHER CONDITIONS
THE FOLLOWING WEATHER WAS RECORDED YESTERDAY.
  NO SIGNIFICANT WEATHER WAS OBSERVED.


RELATIVE HUMIDITY (PERCENT)
 HIGHEST    20           5:00 AM
 LOWEST      8           4:00 PM
 AVERAGE    14

..........................................................


THE DESERT ROCK-MERCURY NV CLIMATE NORMALS FOR TODAY
                         NORMAL    RECORD    YEAR
 MAXIMUM TEMPERATURE (F)   87        99      2014
 MINIMUM TEMPERATURE (F)   58        41      1980


SUNRISE AND SUNSET
MAY 26 2020...........SUNRISE   5:29 AM PDT   SUNSET   7:53 PM PDT
MAY 27 2020...........SUNRISE   5:29 AM PDT   SUNSET   7:54 PM PDT


-  INDICATES NEGATIVE NUMBERS.
R  INDICATES RECORD WAS SET OR TIED.
MM INDICATES DATA IS MISSING.
T  INDICATES TRACE AMOUNT.




$$
