000
CDUS45 KVEF 220822
CLIDRA

CLIMATE REPORT
NATIONAL WEATHER SERVICE LAS VEGAS, NV
122 AM PDT THU OCT 22 2020

...................................

...THE DESERT ROCK-MERCURY NV CLIMATE SUMMARY FOR OCTOBER 21 2020...

CLIMATE NORMAL PERIOD: 1981 TO 2010
CLIMATE RECORD PERIOD: 1978 TO 2020


WEATHER ITEM   OBSERVED TIME   RECORD YEAR NORMAL DEPARTURE LAST
                VALUE   (LST)  VALUE       VALUE  FROM      YEAR
                                                  NORMAL
...................................................................
TEMPERATURE (F)
 YESTERDAY
  MAXIMUM         85        MM  94    2003  75     10       80
  MINIMUM         48        MM  37    1996  47      1       45
  AVERAGE         67                        61      6       63

PRECIPITATION (IN)
  YESTERDAY        0.00          0.16 2004   0.02  -0.02     0.00
  MONTH TO DATE    0.00                      0.24  -0.24     0.00
  SINCE OCT 1      0.00                      0.24  -0.24     0.00
  SINCE JAN 1      2.47                      4.81  -2.34     5.24

SNOWFALL (IN)
  YESTERDAY        0.0          MM      MM   0.0             0.0
  MONTH TO DATE    0.0                       0.0             0.0
  SINCE SEP 1      0.0                       0.0             0.0
  SINCE JUL 1      0.0                       0.0             0.0

DEGREE DAYS
 HEATING
  YESTERDAY        0                         5     -5        2
  MONTH TO DATE    0                        54    -54       73
  SINCE SEP 1      0                        62    -62       83
  SINCE JUL 1      0                        62    -62       83

 COOLING
  YESTERDAY        2                         1      1        0
  MONTH TO DATE  145                        58     87       26
  SINCE SEP 1    537                       372    165      368
  SINCE JAN 1   2640                      2188    452     2185
...................................................................


WIND (MPH)
  RESULTANT WIND SPEED   2   RESULTANT WIND DIRECTION   S (190)
  HIGHEST WIND SPEED    13   HIGHEST WIND DIRECTION    SW (220)
  HIGHEST GUST SPEED    MM   HIGHEST GUST DIRECTION    MM
  AVERAGE WIND SPEED     4.9


SKY COVER
  AVERAGE SKY COVER 0.0


WEATHER CONDITIONS
THE FOLLOWING WEATHER WAS RECORDED YESTERDAY.
  NO SIGNIFICANT WEATHER WAS OBSERVED.


RELATIVE HUMIDITY (PERCENT)
 HIGHEST    25           4:00 AM
 LOWEST      8           3:00 PM
 AVERAGE    17

..........................................................


THE DESERT ROCK-MERCURY NV CLIMATE NORMALS FOR TODAY
                         NORMAL    RECORD    YEAR
 MAXIMUM TEMPERATURE (F)   75        92      2003
 MINIMUM TEMPERATURE (F)   47        33      1996


SUNRISE AND SUNSET
OCTOBER 22 2020.......SUNRISE   6:58 AM PDT   SUNSET   5:58 PM PDT
OCTOBER 23 2020.......SUNRISE   6:59 AM PDT   SUNSET   5:57 PM PDT


-  INDICATES NEGATIVE NUMBERS.
R  INDICATES RECORD WAS SET OR TIED.
MM INDICATES DATA IS MISSING.
T  INDICATES TRACE AMOUNT.




$$
