000
CDUS45 KVEF 200826
CLIDRA


CLIMATE REPORT
NATIONAL WEATHER SERVICE LAS VEGAS, NV
126 AM PDT SUN MAY 20 2018


...................................

...THE DESERT ROCK-MERCURY NV CLIMATE SUMMARY FOR MAY 19 2018...

CLIMATE NORMAL PERIOD 1981 TO 2010
CLIMATE RECORD PERIOD 1978 TO 2018


WEATHER ITEM   OBSERVED TIME   RECORD YEAR NORMAL DEPARTURE LAST
                VALUE   (LST)  VALUE       VALUE  FROM      YEAR
                                                  NORMAL
..................................................................
TEMPERATURE (F)
 YESTERDAY
  MAXIMUM         90    224 PM 103    2008  85      5       80
  MINIMUM         59    430 AM  37    2011  56      3       45
  AVERAGE         75                        71      4       63

PRECIPITATION (IN)
  YESTERDAY        0.00          0.07 1997   0.00   0.00     0.00
  MONTH TO DATE    0.26                      0.13   0.13      T
  SINCE OCT 1      1.90                      4.10  -2.20     3.78
  SINCE JAN 1      1.90                      2.74  -0.84     1.89

SNOWFALL (IN)
  YESTERDAY        0.0           T    2011   0.0             0.0
  MONTH TO DATE    0.0                       0.0             0.0
  SINCE MAR 1      0.0                       0.2             0.0
  SINCE JUL 1      0.0                       3.3             0.0

DEGREE DAYS
 HEATING
  YESTERDAY        0

 COOLING
  YESTERDAY       10
..................................................................


WIND (MPH)
  HIGHEST WIND SPEED    26   HIGHEST WIND DIRECTION     N (20)
  HIGHEST GUST SPEED    35   HIGHEST GUST DIRECTION    SW (230)
  AVERAGE WIND SPEED     9.9


SKY COVER
  POSSIBLE SUNSHINE  MM
  AVERAGE SKY COVER 0.0


WEATHER CONDITIONS
 THE FOLLOWING WEATHER WAS RECORDED YESTERDAY.
  NO SIGNIFICANT WEATHER WAS OBSERVED.


RELATIVE HUMIDITY (PERCENT)
 HIGHEST    37
 LOWEST     11
 AVERAGE    24

..........................................................


THE DESERT ROCK-MERCURY NV CLIMATE NORMALS FOR TODAY
                         NORMAL    RECORD    YEAR
 MAXIMUM TEMPERATURE (F)   85        98      2008
 MINIMUM TEMPERATURE (F)   56        42      2011


SUNRISE AND SUNSET
MAY 20 2018...........SUNRISE   533 AM PDT   SUNSET   749 PM PDT
MAY 21 2018...........SUNRISE   532 AM PDT   SUNSET   749 PM PDT


-  INDICATES NEGATIVE NUMBERS.
R  INDICATES RECORD WAS SET OR TIED.
MM INDICATES DATA IS MISSING.
T  INDICATES TRACE AMOUNT.




$$
