000
CDUS45 KVEF 250045
CLIDRA


CLIMATE REPORT
NATIONAL WEATHER SERVICE LAS VEGAS, NV
445 PM PST SAT FEB 24 2018


...................................

...THE DESERT ROCK-MERCURY NV CLIMATE SUMMARY FOR FEBRUARY 24 2018...
VALID TODAY AS OF 0400 PM LOCAL TIME.

CLIMATE NORMAL PERIOD 1981 TO 2010
CLIMATE RECORD PERIOD 1978 TO 2018


WEATHER ITEM   OBSERVED TIME   RECORD YEAR NORMAL DEPARTURE LAST
                VALUE   (LST)  VALUE       VALUE  FROM      YEAR
                                                  NORMAL
..................................................................
TEMPERATURE (F)
 TODAY
  MAXIMUM         47        MM  78    1989  61    -14       48
                                      1986
  MINIMUM         19R       MM  25    2007  37    -18       26
  AVERAGE         33                        49    -16       37

PRECIPITATION (IN)
  TODAY            0.00          0.45 1998   0.04  -0.04     0.00
  MONTH TO DATE    0.00                      0.76  -0.76     0.58
  SINCE OCT 1      1.09                      2.86  -1.77     3.64
  SINCE JAN 1      1.09                      1.50  -0.41     1.75

SNOWFALL (IN)
  TODAY            0.0           T    1998   0.1             0.0
                                      1987
  MONTH TO DATE    0.0                       0.7             0.0
  SINCE DEC 1      0.0                       2.7             0.0
  SINCE JUL 1      0.0                       2.9             0.0

DEGREE DAYS
 HEATING
  TODAY           32                        16     16       28
  MONTH TO DATE  397                       434    -37      307
  SINCE DEC 1   1383                      1765   -382     1604
  SINCE JUL 1   1701                      2322   -621     1975

 COOLING
  TODAY            0                         0      0        0
  MONTH TO DATE    0                         0      0        0
  SINCE DEC 1      0                         0      0        0
  SINCE JAN 1      0                         0      0        0
..................................................................


WIND (MPH)
  RESULTANT WIND SPEED   2   RESULTANT WIND DIRECTION   W (270)
  HIGHEST WIND SPEED    17   HIGHEST WIND DIRECTION    SW (230)
  HIGHEST GUST SPEED    24   HIGHEST GUST DIRECTION    SW (240)
  AVERAGE WIND SPEED     7.7


SKY COVER
  POSSIBLE SUNSHINE  MM
  AVERAGE SKY COVER 0.0


WEATHER CONDITIONS
 THE FOLLOWING WEATHER WAS RECORDED TODAY.
  NO SIGNIFICANT WEATHER WAS OBSERVED.


RELATIVE HUMIDITY (PERCENT)
 HIGHEST    45           600 AM
 LOWEST     13           300 PM
 AVERAGE    29

..........................................................


THE DESERT ROCK-MERCURY NV CLIMATE NORMALS FOR TOMORROW
                         NORMAL    RECORD    YEAR
 MAXIMUM TEMPERATURE (F)   61        81      1986
 MINIMUM TEMPERATURE (F)   37        27      2017


SUNRISE AND SUNSET
FEBRUARY 24 2018......SUNRISE   621 AM PST   SUNSET   534 PM PST
FEBRUARY 25 2018......SUNRISE   620 AM PST   SUNSET   535 PM PST


-  INDICATES NEGATIVE NUMBERS.
R  INDICATES RECORD WAS SET OR TIED.
MM INDICATES DATA IS MISSING.
T  INDICATES TRACE AMOUNT.




$$
