000
CDUS45 KVEF 210830
CLIDRA


CLIMATE REPORT
NATIONAL WEATHER SERVICE LAS VEGAS, NV
129 AM PDT TUE AUG 21 2018


...................................

...THE DESERT ROCK-MERCURY NV CLIMATE SUMMARY FOR AUGUST 20 2018...

CLIMATE NORMAL PERIOD 1981 TO 2010
CLIMATE RECORD PERIOD 1978 TO 2018


WEATHER ITEM   OBSERVED TIME   RECORD YEAR NORMAL DEPARTURE LAST
                VALUE   (LST)  VALUE       VALUE  FROM      YEAR
                                                  NORMAL
..................................................................
TEMPERATURE (F)
 YESTERDAY
  MAXIMUM        104R   129 PM 103    2009  97      7       99
  MINIMUM         80    516 AM  59    1990  68     12       70
  AVERAGE         92                        83      9       85

PRECIPITATION (IN)
  YESTERDAY        0.00          0.86 2003   0.01  -0.01     0.00
  MONTH TO DATE    0.00                      0.45  -0.45     0.37
  SINCE OCT 1      1.97                      5.12  -3.15     4.96
  SINCE JAN 1      1.97                      3.76  -1.79     3.07

SNOWFALL (IN)
  YESTERDAY        0.0          MM      MM   0.0             0.0
  MONTH TO DATE    0.0                       0.0             0.0
  SINCE JUN 1      0.0                       0.0             0.0
  SINCE JUL 1      0.0                       0.0             0.0

DEGREE DAYS
 HEATING
  YESTERDAY        0

 COOLING
  YESTERDAY       27
..................................................................


WIND (MPH)
  HIGHEST WIND SPEED    32   HIGHEST WIND DIRECTION     S (190)
  HIGHEST GUST SPEED    42   HIGHEST GUST DIRECTION    SW (220)
  AVERAGE WIND SPEED    14.7


SKY COVER
  POSSIBLE SUNSHINE  MM
  AVERAGE SKY COVER 0.0


WEATHER CONDITIONS
 THE FOLLOWING WEATHER WAS RECORDED YESTERDAY.
  NO SIGNIFICANT WEATHER WAS OBSERVED.


RELATIVE HUMIDITY (PERCENT)
 HIGHEST    21
 LOWEST     13
 AVERAGE    17

..........................................................


THE DESERT ROCK-MERCURY NV CLIMATE NORMALS FOR TODAY
                         NORMAL    RECORD    YEAR
 MAXIMUM TEMPERATURE (F)   97       106      2009
 MINIMUM TEMPERATURE (F)   68        57      1990


SUNRISE AND SUNSET
AUGUST 21 2018........SUNRISE   606 AM PDT   SUNSET   727 PM PDT
AUGUST 22 2018........SUNRISE   607 AM PDT   SUNSET   726 PM PDT


-  INDICATES NEGATIVE NUMBERS.
R  INDICATES RECORD WAS SET OR TIED.
MM INDICATES DATA IS MISSING.
T  INDICATES TRACE AMOUNT.




$$
