000
CDUS45 KVEF 200831
CLIDRA


CLIMATE REPORT
NATIONAL WEATHER SERVICE LAS VEGAS, NV
127 AM PDT SUN OCT 20 2019


...................................

...THE DESERT ROCK-MERCURY NV CLIMATE SUMMARY FOR OCTOBER 19 2019...

CLIMATE NORMAL PERIOD 1981 TO 2010
CLIMATE RECORD PERIOD 1978 TO 2019


WEATHER ITEM   OBSERVED TIME   RECORD YEAR NORMAL DEPARTURE LAST
                VALUE   (LST)  VALUE       VALUE  FROM      YEAR
                                                  NORMAL
..................................................................
TEMPERATURE (F)
 YESTERDAY
  MAXIMUM         74    334 PM  90    2003  76     -2       77
  MINIMUM         38R   510 AM  41    2006  48    -10       51
  AVERAGE         56                        62     -6       64

PRECIPITATION (IN)
  YESTERDAY        0.00          0.28 1986   0.01  -0.01     0.00
  MONTH TO DATE    0.00                      0.21  -0.21     0.03
  SINCE OCT 1      0.00                      0.21  -0.21     0.03
  SINCE JAN 1      5.24                      4.78   0.46     2.41

SNOWFALL (IN)
  YESTERDAY        0.0          MM      MM   0.0             0.0
  MONTH TO DATE    0.0                       0.0             0.0
  SINCE SEP 1      0.0                       0.0             0.0
  SINCE JUL 1      0.0                       0.0             0.0

DEGREE DAYS
 HEATING
  YESTERDAY        9

 COOLING
  YESTERDAY        0
..................................................................


WIND (MPH)
  HIGHEST WIND SPEED    18   HIGHEST WIND DIRECTION     W (260)
  HIGHEST GUST SPEED    23   HIGHEST GUST DIRECTION     W (260)
  AVERAGE WIND SPEED     6.3


SKY COVER
  POSSIBLE SUNSHINE  MM
  AVERAGE SKY COVER 0.0


WEATHER CONDITIONS
 THE FOLLOWING WEATHER WAS RECORDED YESTERDAY.
  NO SIGNIFICANT WEATHER WAS OBSERVED.


RELATIVE HUMIDITY (PERCENT)
 HIGHEST    19
 LOWEST      7
 AVERAGE    13

..........................................................


THE DESERT ROCK-MERCURY NV CLIMATE NORMALS FOR TODAY
                         NORMAL    RECORD    YEAR
 MAXIMUM TEMPERATURE (F)   76        91      2003
 MINIMUM TEMPERATURE (F)   48        40      2013


SUNRISE AND SUNSET
OCTOBER 20 2019.......SUNRISE   656 AM PDT   SUNSET   601 PM PDT
OCTOBER 21 2019.......SUNRISE   657 AM PDT   SUNSET   600 PM PDT


-  INDICATES NEGATIVE NUMBERS.
R  INDICATES RECORD WAS SET OR TIED.
MM INDICATES DATA IS MISSING.
T  INDICATES TRACE AMOUNT.




$$
