000
CDUS44 KEWX 102357
CLIDRT


CLIMATE REPORT
NATIONAL WEATHER SERVICE AUSTIN/SAN ANTONIO, TX
555 PM CST MON DEC 10 2018


...................................

...THE DEL RIO CLIMATE SUMMARY FOR DECEMBER 10 2018...
VALID TODAY AS OF 0500 PM LOCAL TIME.

CLIMATE NORMAL PERIOD 1981 TO 2010
CLIMATE RECORD PERIOD 1906 TO 2018


WEATHER ITEM   OBSERVED TIME   RECORD YEAR NORMAL DEPARTURE LAST
                VALUE   (LST)  VALUE       VALUE  FROM      YEAR
                                                  NORMAL
..................................................................
TEMPERATURE (F)
 TODAY
  MAXIMUM         62    434 PM  86    1910  65     -3       69
  MINIMUM         31    741 AM  25    1978  41    -10       35
  AVERAGE         47                        53     -6       52

PRECIPITATION (IN)
  TODAY            0.00          0.49 1986   0.02  -0.02     0.00
  MONTH TO DATE    1.24                      0.19   1.05     1.63
  SINCE DEC 1      1.24                      0.19   1.05     1.63
  SINCE JAN 1     26.19                     19.06   7.13    24.31

SNOWFALL (IN)
  TODAY            0.0
  MONTH TO DATE    0.0
  SINCE DEC 1      0.0
  SINCE JUL 1      0.0
  SNOW DEPTH       0

DEGREE DAYS
 HEATING
  TODAY           18                        12      6       13
  MONTH TO DATE  117                       113      4       97
  SINCE DEC 1    117                       113      4       97
  SINCE JUL 1    436                       310    126      248

 COOLING
  TODAY            0                         0      0        0
  MONTH TO DATE    0                         0      0       10
  SINCE DEC 1      0                         0      0       10
  SINCE JAN 1   3787                      3372    415     3579
..................................................................


WIND (MPH)
  HIGHEST WIND SPEED     7   HIGHEST WIND DIRECTION     N (350)
  HIGHEST GUST SPEED     9   HIGHEST GUST DIRECTION     S (200)
  AVERAGE WIND SPEED     1.7



WEATHER CONDITIONS
 THE FOLLOWING WEATHER WAS RECORDED TODAY.
  NO SIGNIFICANT WEATHER WAS OBSERVED.


RELATIVE HUMIDITY (PERCENT)
 HIGHEST   100           500 AM
 LOWEST     42           300 PM
 AVERAGE    71

..........................................................


THE DEL RIO CLIMATE NORMALS FOR TOMORROW
                         NORMAL    RECORD    YEAR
 MAXIMUM TEMPERATURE (F)   64        89      1987
 MINIMUM TEMPERATURE (F)   41        24      1966


SUNRISE AND SUNSET
DECEMBER 10 2018......SUNRISE   727 AM CST   SUNSET   546 PM CST
DECEMBER 11 2018......SUNRISE   728 AM CST   SUNSET   546 PM CST


-  INDICATES NEGATIVE NUMBERS.
R  INDICATES RECORD WAS SET OR TIED.
MM INDICATES DATA IS MISSING.
T  INDICATES TRACE AMOUNT.




$$
