000
CDUS44 KEWX 212358
CLIDRT


CLIMATE REPORT
NATIONAL WEATHER SERVICE AUSTIN/SAN ANTONIO, TX
557 PM CST WED FEB 21 2018


...................................

...THE DEL RIO CLIMATE SUMMARY FOR FEBRUARY 21 2018...
VALID TODAY AS OF 0500 PM LOCAL TIME.

CLIMATE NORMAL PERIOD 1981 TO 2010
CLIMATE RECORD PERIOD 1906 TO 2018


WEATHER ITEM   OBSERVED TIME   RECORD YEAR NORMAL DEPARTURE LAST
                VALUE   (LST)  VALUE       VALUE  FROM      YEAR
                                                  NORMAL
..................................................................
TEMPERATURE (F)
 TODAY
  MAXIMUM         72   1220 AM  99    1996  70      2       85
  MINIMUM         44   1058 AM  30    1939  47     -3       48
                                      1912
  AVERAGE         58                        58      0       67

PRECIPITATION (IN)
  TODAY            0.02          0.62 1966   0.03  -0.01     0.00
  MONTH TO DATE    0.16                      0.63  -0.47     0.78
  SINCE DEC 1      1.90                      2.00  -0.10     3.45
  SINCE JAN 1      0.16                      1.35  -1.19     0.97

SNOWFALL (IN)
  TODAY           MM
  MONTH TO DATE    T
  SINCE DEC 1      T
  SINCE JUL 1      T
  SNOW DEPTH       0

DEGREE DAYS
 HEATING
  TODAY            7                         7      0        0
  MONTH TO DATE  146                       199    -53       89
  SINCE DEC 1   1052                       992     60      712
  SINCE JUL 1   1203                      1189     14      781

 COOLING
  TODAY            0                         1     -1        2
  MONTH TO DATE   28                         5     23       21
  SINCE DEC 1     38                        11     27       49
  SINCE JAN 1     28                         8     20       37
..................................................................


WIND (MPH)
  HIGHEST WIND SPEED    26   HIGHEST WIND DIRECTION    NW (300)
  HIGHEST GUST SPEED    33   HIGHEST GUST DIRECTION    NW (300)
  AVERAGE WIND SPEED    14.0



WEATHER CONDITIONS
 THE FOLLOWING WEATHER WAS RECORDED TODAY.
  LIGHT RAIN
  FOG


RELATIVE HUMIDITY (PERCENT)
 HIGHEST    97           300 AM
 LOWEST     61           400 PM
 AVERAGE    79

..........................................................


THE DEL RIO CLIMATE NORMALS FOR TOMORROW
                         NORMAL    RECORD    YEAR
 MAXIMUM TEMPERATURE (F)   70        98      1996
 MINIMUM TEMPERATURE (F)   47        26      1966
                                             1953


SUNRISE AND SUNSET
FEBRUARY 21 2018......SUNRISE   717 AM CST   SUNSET   638 PM CST
FEBRUARY 22 2018......SUNRISE   716 AM CST   SUNSET   638 PM CST


-  INDICATES NEGATIVE NUMBERS.
R  INDICATES RECORD WAS SET OR TIED.
MM INDICATES DATA IS MISSING.
T  INDICATES TRACE AMOUNT.




$$
