000
CDUS44 KEWX 132247
CLIDRT


CLIMATE REPORT
NATIONAL WEATHER SERVICE AUSTIN/SAN ANTONIO, TX
546 PM CDT SUN OCT 13 2019


...................................

...THE DEL RIO CLIMATE SUMMARY FOR OCTOBER 13 2019...
VALID TODAY AS OF 0500 PM LOCAL TIME.

CLIMATE NORMAL PERIOD 1981 TO 2010
CLIMATE RECORD PERIOD 1906 TO 2019


WEATHER ITEM   OBSERVED TIME   RECORD YEAR NORMAL DEPARTURE LAST
                VALUE   (LST)  VALUE       VALUE  FROM      YEAR
                                                  NORMAL
..................................................................
TEMPERATURE (F)
 TODAY
  MAXIMUM         75    359 PM  97    1910  83     -8       91
  MINIMUM         57    416 AM  43    1977  62     -5       73
  AVERAGE         66                        73     -7       82

PRECIPITATION (IN)
  TODAY            T             7.59 2005   0.08  -0.08     0.00
  MONTH TO DATE    0.07                      1.12  -1.05     3.76
  SINCE SEP 1      0.17                      3.32  -3.15    11.51
  SINCE JAN 1     13.43                     16.83  -3.40    19.92

SNOWFALL (IN)
  TODAY            0.0
  MONTH TO DATE    0.0
  SINCE SEP 1      0.0
  SINCE JUL 1      0.0
  SNOW DEPTH       0

DEGREE DAYS
 HEATING
  TODAY            0                         0      0        0
  MONTH TO DATE    0                         0      0        0
  SINCE SEP 1      0                         1     -1        0
  SINCE JUL 1      0                         1     -1        0

 COOLING
  TODAY            1                         8     -7       17
  MONTH TO DATE  197                       125     72      176
  SINCE SEP 1    882                       585    297      602
  SINCE JAN 1   3764                      3220    544     3721
..................................................................


WIND (MPH)
  HIGHEST WIND SPEED    10   HIGHEST WIND DIRECTION    SE (140)
  HIGHEST GUST SPEED    16   HIGHEST GUST DIRECTION     S (170)
  AVERAGE WIND SPEED     5.9



WEATHER CONDITIONS
 THE FOLLOWING WEATHER WAS RECORDED TODAY.
  LIGHT RAIN


RELATIVE HUMIDITY (PERCENT)
 HIGHEST    53           200 AM
 LOWEST     27           100 PM
 AVERAGE    40

..........................................................


THE DEL RIO CLIMATE NORMALS FOR TOMORROW
                         NORMAL    RECORD    YEAR
 MAXIMUM TEMPERATURE (F)   83        96      1962
 MINIMUM TEMPERATURE (F)   62        46      1986
                                             1912


SUNRISE AND SUNSET
OCTOBER 13 2019.......SUNRISE   744 AM CDT   SUNSET   716 PM CDT
OCTOBER 14 2019.......SUNRISE   744 AM CDT   SUNSET   715 PM CDT


-  INDICATES NEGATIVE NUMBERS.
R  INDICATES RECORD WAS SET OR TIED.
MM INDICATES DATA IS MISSING.
T  INDICATES TRACE AMOUNT.




$$
