000
CDUS43 KDMX 250636
CLIDSM

CLIMATE REPORT
NATIONAL WEATHER SERVICE DES MOINES IA
1234 AM CST TUE FEB 25 2020


...................................

...THE DES MOINES IA CLIMATE SUMMARY FOR FEBRUARY 24 2020...

CLIMATE NORMAL PERIOD 1981 TO 2010
CLIMATE RECORD PERIOD 1878 TO 2020


WEATHER ITEM   OBSERVED TIME   RECORD YEAR NORMAL DEPARTURE LAST
                VALUE   (LST)  VALUE       VALUE  FROM      YEAR
                                                  NORMAL
..................................................................
TEMPERATURE (F)
 YESTERDAY
  MAXIMUM         45    123 PM  78    1930  40      5       27
  MINIMUM         32    817 AM -11    1889  22     10        3
  AVERAGE         39                        31      8       15

PRECIPITATION (IN)
  YESTERDAY        0.00          1.58 2007   0.05  -0.05     0.02
  MONTH TO DATE    0.21                      1.06  -0.85     2.29
  SINCE DEC 1      2.91                      3.48  -0.57     6.71
  SINCE JAN 1      1.82                      2.06  -0.24     3.81

SNOWFALL (IN)
  YESTERDAY        0.0           5.1  1975   0.2   -0.2      1.0
  MONTH TO DATE    2.7                       7.0   -4.3     25.1
  SINCE DEC 1     22.3                      24.5   -2.2     45.0
  SINCE JUL 1     27.8                      27.4    0.4     46.5
  SNOW DEPTH       0

DEGREE DAYS
 HEATING
  YESTERDAY       26                        34     -8       50
  MONTH TO DATE  906                       918    -12     1082
  SINCE DEC 1   3148                      3440   -292     3491
  SINCE JUL 1   4566                      4698   -132     4995

 COOLING
  YESTERDAY        0                         0      0        0
  MONTH TO DATE    0                         0      0        0
  SINCE DEC 1      0                         0      0        0
  SINCE JAN 1      0                         0      0        0
..................................................................


WIND (MPH)
  HIGHEST WIND SPEED    20   HIGHEST WIND DIRECTION     N (20)
  HIGHEST GUST SPEED    29   HIGHEST GUST DIRECTION    NE (60)
  AVERAGE WIND SPEED    12.0


SKY COVER
  AVERAGE SKY COVER 1.0


WEATHER CONDITIONS
 THE FOLLOWING WEATHER WAS RECORDED YESTERDAY.
  NO SIGNIFICANT WEATHER WAS OBSERVED.


RELATIVE HUMIDITY (PERCENT)
 HIGHEST    75           300 AM
 LOWEST     49           100 PM
 AVERAGE    62

..........................................................


THE DES MOINES IA CLIMATE NORMALS FOR TODAY
                         NORMAL    RECORD    YEAR
 MAXIMUM TEMPERATURE (F)   40        69      1995
 MINIMUM TEMPERATURE (F)   22        -8      2010


SUNRISE AND SUNSET
FEBRUARY 25 2020......SUNRISE   656 AM CST   SUNSET   600 PM CST
FEBRUARY 26 2020......SUNRISE   655 AM CST   SUNSET   601 PM CST


-  INDICATES NEGATIVE NUMBERS.
R  INDICATES RECORD WAS SET OR TIED.
MM INDICATES DATA IS MISSING.
T  INDICATES TRACE AMOUNT.




$$
