000
CDUS43 KDTX 220555
CLIDTW


CLIMATE REPORT
NATIONAL WEATHER SERVICE DETROIT/PONTIAC MI
155 AM EDT TUE OCT 22 2019


...................................

...THE DETROIT MI CLIMATE SUMMARY FOR OCTOBER 21 2019...

CLIMATE NORMAL PERIOD 1981 TO 2010
CLIMATE RECORD PERIOD 1874 TO 2019


WEATHER ITEM   OBSERVED TIME   RECORD YEAR NORMAL DEPARTURE LAST
                VALUE   (LST)  VALUE       VALUE  FROM      YEAR
                                                  NORMAL
..................................................................
TEMPERATURE (F)
 YESTERDAY
  MAXIMUM         66    116 PM  81    2007  60      6       46
                                      1947
                                      1920
  MINIMUM         49    303 AM  17    1974  42      7       36
  AVERAGE         58                        51      7       41

PRECIPITATION (IN)
  YESTERDAY        0.15          0.96 1965   0.08   0.07     0.00
                                      1929
  MONTH TO DATE    1.72                      1.72   0.00     2.30
  SINCE SEP 1      5.16                      4.99   0.17     8.76
  SINCE JAN 1     29.76                     27.42   2.34    36.26

SNOWFALL (IN)
  YESTERDAY       MM             T    1987   0.0   MM        0.0
  MONTH TO DATE    0.0                       0.0    0.0       T
  SINCE SEP 1      0.0                       0.0    0.0       T
  SINCE JUL 1      0.0                       0.0    0.0       T
  SNOW DEPTH       0

DEGREE DAYS
 HEATING
  YESTERDAY        7                        14     -7       24
  MONTH TO DATE  192                       235    -43      227
  SINCE SEP 1    205                       339   -134      288
  SINCE JUL 1    205                       349   -144      288

 COOLING
  YESTERDAY        0                         0      0        0
  MONTH TO DATE   14                         7      7       35
  SINCE SEP 1    141                        91     50      222
  SINCE JAN 1    928                       802    126     1237
..................................................................


WIND (MPH)
  HIGHEST WIND SPEED    21   HIGHEST WIND DIRECTION     S (180)
  HIGHEST GUST SPEED    30   HIGHEST GUST DIRECTION     S (170)
  AVERAGE WIND SPEED    10.2


SKY COVER
  POSSIBLE SUNSHINE  MM
  AVERAGE SKY COVER 0.9


WEATHER CONDITIONS
 THE FOLLOWING WEATHER WAS RECORDED YESTERDAY.
  LIGHT RAIN
  FOG
  HAZE


RELATIVE HUMIDITY (PERCENT)
 HIGHEST    89           700 AM
 LOWEST     67           100 PM
 AVERAGE    78

..........................................................


THE DETROIT MI CLIMATE NORMALS FOR TODAY
                         NORMAL    RECORD    YEAR
 MAXIMUM TEMPERATURE (F)   59        81      1920
 MINIMUM TEMPERATURE (F)   41        25      1967


SUNRISE AND SUNSET
OCTOBER 22 2019.......SUNRISE   754 AM EDT   SUNSET   641 PM EDT
OCTOBER 23 2019.......SUNRISE   755 AM EDT   SUNSET   640 PM EDT


-  INDICATES NEGATIVE NUMBERS.
R  INDICATES RECORD WAS SET OR TIED.
MM INDICATES DATA IS MISSING.
T  INDICATES TRACE AMOUNT.




$$
