000
CDUS45 KTWC 251439
CLIDUG

CLIMATE REPORT
NATIONAL WEATHER SERVICE TUCSON AZ
739 AM MST TUE FEB 25 2020

...................................

...THE DOUGLAS AZ CLIMATE SUMMARY FOR FEBRUARY 25 2020...
VALID AS OF 0700 AM LOCAL TIME.

CLIMATE NORMAL PERIOD 1981 TO 2010
CLIMATE RECORD PERIOD 1948 TO 2020


WEATHER ITEM   OBSERVED TIME   RECORD YEAR NORMAL DEPARTURE LAST
                VALUE   (LST)  VALUE       VALUE  FROM      YEAR
                                                  NORMAL
...................................................................
TEMPERATURE (F)
 TODAY
  MINIMUM         32    518 AM  15    1960  34     -2       25

PRECIPITATION (IN)
  TODAY            0.00          0.55 1987   0.02  -0.02     0.00
  MONTH TO DATE    0.51                      0.59  -0.08     0.51
  SINCE OCT 1      6.69                      3.88   2.81     4.87
  SINCE JAN 1      0.84                      1.33  -0.49     1.10

DEGREE DAYS
 HEATING
  TODAY           28                        14     14       18

 COOLING
  TODAY            0                         0      0        0
...................................................................


WIND (MPH)
  HIGHEST WIND SPEED    MM   HIGHEST WIND DIRECTION    MM
  HIGHEST GUST SPEED    MM   HIGHEST GUST DIRECTION    MM
  AVERAGE WIND SPEED    MM


SKY COVER
  POSSIBLE SUNSHINE  MM
  AVERAGE SKY COVER  MM


WEATHER CONDITIONS
THE FOLLOWING WEATHER WAS RECORDED TODAY.
  NO SIGNIFICANT WEATHER WAS OBSERVED.


RELATIVE HUMIDITY (PERCENT)
 HIGHEST    MM

..........................................................


THE DOUGLAS AZ CLIMATE NORMALS FOR TOMORROW
                         NORMAL    RECORD    YEAR
 MAXIMUM TEMPERATURE (F)   69        84      1986
 MINIMUM TEMPERATURE (F)   35        18      2013


SUNRISE AND SUNSET
FEBRUARY 25 2020......SUNRISE   650 AM MST   SUNSET   613 PM MST
FEBRUARY 26 2020......SUNRISE   649 AM MST   SUNSET   614 PM MST


-  INDICATES NEGATIVE NUMBERS.
R  INDICATES RECORD WAS SET OR TIED.
MM INDICATES DATA IS MISSING.
T  INDICATES TRACE AMOUNT.




$$
