000
CDUS45 KTWC 161426 RRA
CLIDUG

CLIMATE REPORT
NATIONAL WEATHER SERVICE TUCSON AZ
725 AM MST MON JUL 16 2018


...................................

...THE DOUGLAS AZ CLIMATE SUMMARY FOR JULY 16 2018...
VALID AS OF 0700 AM LOCAL TIME.

CLIMATE NORMAL PERIOD 1981 TO 2010
CLIMATE RECORD PERIOD 1948 TO 2018


WEATHER ITEM   OBSERVED TIME   RECORD YEAR NORMAL DEPARTURE LAST
                VALUE   (LST)  VALUE       VALUE  FROM      YEAR
                                                  NORMAL
..................................................................
TEMPERATURE (F)
 TODAY
  MINIMUM         69    545 AM  58    1958  66      3       64

PRECIPITATION (IN)
  TODAY            0.00          2.40 1973   0.10  -0.10     0.86
  MONTH TO DATE    0.93                      1.23  -0.30     2.05
  SINCE OCT 1      3.76                      6.79  -3.03     5.21
  SINCE JAN 1      2.93                      4.24  -1.31     3.86

DEGREE DAYS
 HEATING
  TODAY            0                         0      0        0

 COOLING
  TODAY            6                        15     -9        9
..................................................................


WIND (MPH)
  HIGHEST WIND SPEED     7   HIGHEST WIND DIRECTION     E (80)
  HIGHEST GUST SPEED     8   HIGHEST GUST DIRECTION    SE (130)
  AVERAGE WIND SPEED    MM


SKY COVER
  POSSIBLE SUNSHINE  MM
  AVERAGE SKY COVER  MM


WEATHER CONDITIONS
 THE FOLLOWING WEATHER WAS RECORDED TODAY.
  NO SIGNIFICANT WEATHER WAS OBSERVED.


RELATIVE HUMIDITY (PERCENT)
 HIGHEST    MM

..........................................................


THE DOUGLAS AZ CLIMATE NORMALS FOR TOMORROW
                         NORMAL    RECORD    YEAR
 MAXIMUM TEMPERATURE (F)   94       103      2005
 MINIMUM TEMPERATURE (F)   66        58      1958


SUNRISE AND SUNSET
JULY 16 2018..........SUNRISE   525 AM MST   SUNSET   724 PM MST
JULY 17 2018..........SUNRISE   525 AM MST   SUNSET   723 PM MST


-  INDICATES NEGATIVE NUMBERS.
R  INDICATES RECORD WAS SET OR TIED.
MM INDICATES DATA IS MISSING.
T  INDICATES TRACE AMOUNT.




$$
