000
CDUS45 KTWC 140026
CLIDUG


CLIMATE REPORT
NATIONAL WEATHER SERVICE TUCSON AZ
526 PM MST SUN OCT 13 2019


...................................

...THE DOUGLAS AZ CLIMATE SUMMARY FOR OCTOBER 13 2019...
VALID TODAY AS OF 0500 PM LOCAL TIME.

CLIMATE NORMAL PERIOD 1981 TO 2010
CLIMATE RECORD PERIOD 1948 TO 2019


WEATHER ITEM   OBSERVED TIME   RECORD YEAR NORMAL DEPARTURE LAST
                VALUE   (LST)  VALUE       VALUE  FROM      YEAR
                                                  NORMAL
..................................................................
TEMPERATURE (F)
 TODAY
  MAXIMUM         81    402 PM  95    1998  82     -1       69
  MINIMUM         43    654 AM  35    1997  49     -6       55
  AVERAGE         62                        65     -3       62

PRECIPITATION (IN)
  TODAY            0.00          0.27        0.03  -0.03     0.10
  MONTH TO DATE    0.05                      0.45  -0.40     1.11
  SINCE OCT 1      0.05                      0.45  -0.40     1.11
  SINCE JAN 1     10.43                     11.00  -0.57    11.26

DEGREE DAYS
 HEATING
  TODAY            3                         2      1        3
  MONTH TO DATE    6                        13     -7       35
  SINCE SEP 1     11                        15     -4       35
  SINCE JUL 1     11                        15     -4       35

 COOLING
  TODAY            0                         2     -2        0
  MONTH TO DATE   42                        44     -2       38
  SINCE SEP 1    308                       325    -17      342
  SINCE JAN 1   1657                      1795   -138     1970
..................................................................


WIND (MPH)
  HIGHEST WIND SPEED    12   HIGHEST WIND DIRECTION     S (160)
  HIGHEST GUST SPEED    14   HIGHEST GUST DIRECTION     S (160)
  AVERAGE WIND SPEED    MM


SKY COVER
  POSSIBLE SUNSHINE  MM
  AVERAGE SKY COVER  MM


WEATHER CONDITIONS
 THE FOLLOWING WEATHER WAS RECORDED TODAY.
  NO SIGNIFICANT WEATHER WAS OBSERVED.


RELATIVE HUMIDITY (PERCENT)
 HIGHEST    MM
 LOWEST     MM
 AVERAGE    MM

..........................................................


THE DOUGLAS AZ CLIMATE NORMALS FOR TOMORROW
                         NORMAL    RECORD    YEAR
 MAXIMUM TEMPERATURE (F)   82        94      2011
 MINIMUM TEMPERATURE (F)   48        37      2008


SUNRISE AND SUNSET
OCTOBER 13 2019.......SUNRISE   620 AM MST   SUNSET   549 PM MST
OCTOBER 14 2019.......SUNRISE   621 AM MST   SUNSET   548 PM MST


-  INDICATES NEGATIVE NUMBERS.
R  INDICATES RECORD WAS SET OR TIED.
MM INDICATES DATA IS MISSING.
T  INDICATES TRACE AMOUNT.




$$
