000
CDUS45 KTWC 161427 RRA
CLIDUG

CLIMATE REPORT
NATIONAL WEATHER SERVICE TUCSON AZ
726 AM MST WED JAN 16 2019


...................................

...THE DOUGLAS AZ CLIMATE SUMMARY FOR JANUARY 16 2019...
VALID AS OF 0700 AM LOCAL TIME.

CLIMATE NORMAL PERIOD 1981 TO 2010
CLIMATE RECORD PERIOD 1948 TO 2019


WEATHER ITEM   OBSERVED TIME   RECORD YEAR NORMAL DEPARTURE LAST
                VALUE   (LST)  VALUE       VALUE  FROM      YEAR
                                                  NORMAL
..................................................................
TEMPERATURE (F)
 TODAY
  MINIMUM         34    641 AM   9    2013  30      4       33

PRECIPITATION (IN)
  TODAY            0.00          0.44 1949   0.02  -0.02     0.00
  MONTH TO DATE    0.59                      0.37   0.22     0.01
  SINCE OCT 1      4.36                      2.92   1.44     0.84
  SINCE JAN 1      0.59                      0.37   0.22     0.01

DEGREE DAYS
 HEATING
  TODAY           23                        19      4       21

 COOLING
  TODAY            0                         0      0        0
..................................................................


WIND (MPH)
  HIGHEST WIND SPEED     8   HIGHEST WIND DIRECTION     W (260)
  HIGHEST GUST SPEED    10   HIGHEST GUST DIRECTION     W (260)
  AVERAGE WIND SPEED    MM


SKY COVER
  POSSIBLE SUNSHINE  MM
  AVERAGE SKY COVER  MM


WEATHER CONDITIONS
 THE FOLLOWING WEATHER WAS RECORDED TODAY.
  NO SIGNIFICANT WEATHER WAS OBSERVED.


RELATIVE HUMIDITY (PERCENT)
 HIGHEST    MM

..........................................................


THE DOUGLAS AZ CLIMATE NORMALS FOR TOMORROW
                         NORMAL    RECORD    YEAR
 MAXIMUM TEMPERATURE (F)   63        82      2000
 MINIMUM TEMPERATURE (F)   30        13      2007


SUNRISE AND SUNSET
JANUARY 16 2019.......SUNRISE   718 AM MST   SUNSET   539 PM MST
JANUARY 17 2019.......SUNRISE   718 AM MST   SUNSET   540 PM MST


-  INDICATES NEGATIVE NUMBERS.
R  INDICATES RECORD WAS SET OR TIED.
MM INDICATES DATA IS MISSING.
T  INDICATES TRACE AMOUNT.




$$
