000
CDUS41 KPBZ 130705
CLIDUJ

CLIMATE REPORT
NATIONAL WEATHER SERVICE PITTSBURGH PA
305 AM EDT SUN OCT 13 2019

...................................

...THE DUBOIS PA CLIMATE SUMMARY FOR OCTOBER 12 2019...

CLIMATE NORMAL PERIOD 1981 TO 2010
CLIMATE RECORD PERIOD 1960 TO 2019


WEATHER ITEM   OBSERVED TIME   RECORD YEAR NORMAL DEPARTURE LAST
                VALUE   (LST)  VALUE       VALUE  FROM      YEAR
                                                  NORMAL
...................................................................
TEMPERATURE (F)
 YESTERDAY
  MAXIMUM         56    245 PM  74    1995  60     -4       50
                                      2013
  MINIMUM         35   1159 PM  28    1996  40     -5       41
  AVERAGE         46                        50     -4       46

PRECIPITATION (IN)
  YESTERDAY        0.02        0.86   1970   0.10  -0.08     0.06
  MONTH TO DATE    1.86                      1.25   0.61     2.66
  SINCE JUN 1     20.40                     17.90   2.50    28.07
  SINCE JAN 1     38.26                     34.49   3.77    47.70

DEGREE DAYS
 HEATING
  YESTERDAY       19                        15      4       19
  MONTH TO DATE  115                       158    -43       42
  SINCE SEP 1    191                       342   -151      146
  SINCE JUL 1    218                       404   -186      157

 COOLING
  YESTERDAY        0                         0      0        0
  MONTH TO DATE   23                         0     23       32
  SINCE SEP 1     55                        29     26      144
  SINCE JAN 1    430                       360     70      628
...................................................................


WIND (MPH)
  HIGHEST WIND SPEED    17   HIGHEST WIND DIRECTION    SW (240)
  HIGHEST GUST SPEED    22   HIGHEST GUST DIRECTION     W (260)
  AVERAGE WIND SPEED     6.2


SKY COVER
  POSSIBLE SUNSHINE  MM
  AVERAGE SKY COVER 0.6


WEATHER CONDITIONS
THE FOLLOWING WEATHER WAS RECORDED YESTERDAY.
  LIGHT RAIN
  FOG


RELATIVE HUMIDITY (PERCENT)
 HIGHEST    93          1200 PM
 LOWEST     54           400 PM
 AVERAGE    74

..........................................................


THE DUBOIS PA CLIMATE NORMALS FOR TODAY
                         NORMAL    RECORD    YEAR
 MAXIMUM TEMPERATURE (F)   60        80      1969
 MINIMUM TEMPERATURE (F)   40        25      2012


SUNRISE AND SUNSET
OCTOBER 13 2019.......SUNRISE   725 AM EDT   SUNSET   638 PM EDT
OCTOBER 14 2019.......SUNRISE   726 AM EDT   SUNSET   637 PM EDT


-  INDICATES NEGATIVE NUMBERS.
R  INDICATES RECORD WAS SET OR TIED.
MM INDICATES DATA IS MISSING.
T  INDICATES TRACE AMOUNT.




$$
