000
CDUS41 KPBZ 260533
CLIDUJ

CLIMATE REPORT
NATIONAL WEATHER SERVICE PITTSBURGH PA
133 AM EDT MON OCT 26 2020

...................................

...THE DUBOIS PA CLIMATE SUMMARY FOR OCTOBER 25 2020...

CLIMATE NORMAL PERIOD 1981 TO 2010
CLIMATE RECORD PERIOD 1960 TO 2020


WEATHER ITEM   OBSERVED TIME   RECORD YEAR NORMAL DEPARTURE LAST
                VALUE   (LST)  VALUE       VALUE  FROM      YEAR
                                                  NORMAL
...................................................................
TEMPERATURE (F)
 YESTERDAY
  MAXIMUM         50    237 PM  79    2012  56     -6       55
  MINIMUM         32    518 AM  26    1962  37     -5       43
  AVERAGE         41                        46     -5       49

PRECIPITATION (IN)
  YESTERDAY        0.01         MM      MM   0.11  -0.10     0.00
  MONTH TO DATE    1.30                      2.51  -1.21     3.00
  SINCE SEP 1      3.21                      6.14  -2.93     5.63
  SINCE JAN 1     28.58                     35.75  -7.17    39.44

DEGREE DAYS
 HEATING
  YESTERDAY       24                        19      5       16
  MONTH TO DATE  300                       378    -78      335
  SINCE SEP 1    446                       562   -116      411
  SINCE JUL 1    450                       624   -174      438

 COOLING
  YESTERDAY        0                         0      0        0
  MONTH TO DATE    7                         0      7       23
  SINCE SEP 1     49                        29     20       55
  SINCE JAN 1    652                       360    292      430
...................................................................


WIND (MPH)
  HIGHEST WIND SPEED    16   HIGHEST WIND DIRECTION     E (110)
  HIGHEST GUST SPEED    21   HIGHEST GUST DIRECTION     E (70)
  AVERAGE WIND SPEED     8.0


SKY COVER
  POSSIBLE SUNSHINE  MM
  AVERAGE SKY COVER 0.7


WEATHER CONDITIONS
THE FOLLOWING WEATHER WAS RECORDED YESTERDAY.
  LIGHT RAIN
  FOG


RELATIVE HUMIDITY (PERCENT)
 HIGHEST    93          1000 PM
 LOWEST     51           300 PM
 AVERAGE    72

..........................................................


THE DUBOIS PA CLIMATE NORMALS FOR TODAY
                         NORMAL    RECORD    YEAR
 MAXIMUM TEMPERATURE (F)   55        76      1963
 MINIMUM TEMPERATURE (F)   37        24      1962


SUNRISE AND SUNSET
OCTOBER 26 2020.......SUNRISE   740 AM EDT   SUNSET   618 PM EDT
OCTOBER 27 2020.......SUNRISE   741 AM EDT   SUNSET   617 PM EDT


-  INDICATES NEGATIVE NUMBERS.
R  INDICATES RECORD WAS SET OR TIED.
MM INDICATES DATA IS MISSING.
T  INDICATES TRACE AMOUNT.




$$
