270
CDUS41 KPBZ 110810
CLIDUJ

CLIMATE REPORT
NATIONAL WEATHER SERVICE PITTSBURGH PA
310 AM EST WED DEC 11 2019

...................................

...THE DUBOIS PA CLIMATE SUMMARY FOR DECEMBER 10 2019...

CLIMATE NORMAL PERIOD 1981 TO 2010
CLIMATE RECORD PERIOD 1960 TO 2019


WEATHER ITEM   OBSERVED TIME   RECORD YEAR NORMAL DEPARTURE LAST
                VALUE   (LST)  VALUE       VALUE  FROM      YEAR
                                                  NORMAL
...................................................................
TEMPERATURE (F)
 YESTERDAY
  MAXIMUM         53    227 AM  59    1966  36     17       29
  MINIMUM         25   1159 PM  -1    1968  23      2       17
  AVERAGE         39                        30      9       23

PRECIPITATION (IN)
  YESTERDAY        0.15         MM      MM   0.12   0.03     0.00
  MONTH TO DATE    1.66                      1.08   0.58     0.35
  SINCE JUN 1     27.38                     24.56   2.82    35.56
  SINCE JAN 1     45.24                     41.15   4.09    55.19

DEGREE DAYS
 HEATING
  YESTERDAY       26                        35     -9       42
  MONTH TO DATE  326                       337    -11      357
  SINCE DEC 1    326                       337    -11      357
  SINCE JUL 1   1749                      1854   -105     1898

 COOLING
  YESTERDAY        0                         0      0        0
  MONTH TO DATE    0                         0      0        0
  SINCE DEC 1      0                         0      0        0
  SINCE JAN 1    430                       362     68      628
...................................................................


WIND (MPH)
  HIGHEST WIND SPEED    23   HIGHEST WIND DIRECTION     W (270)
  HIGHEST GUST SPEED    31   HIGHEST GUST DIRECTION     W (260)
  AVERAGE WIND SPEED    13.9


SKY COVER
  POSSIBLE SUNSHINE  MM
  AVERAGE SKY COVER 1.0


WEATHER CONDITIONS
THE FOLLOWING WEATHER WAS RECORDED YESTERDAY.
  LIGHT RAIN
  FOG


RELATIVE HUMIDITY (PERCENT)
 HIGHEST    93          1200 AM
 LOWEST     66           300 PM
 AVERAGE    80

..........................................................


THE DUBOIS PA CLIMATE NORMALS FOR TODAY
                         NORMAL    RECORD    YEAR
 MAXIMUM TEMPERATURE (F)   36        61      2007
 MINIMUM TEMPERATURE (F)   23         0      1988


SUNRISE AND SUNSET
DECEMBER 11 2019......SUNRISE   731 AM EST   SUNSET   447 PM EST
DECEMBER 12 2019......SUNRISE   731 AM EST   SUNSET   447 PM EST


-  INDICATES NEGATIVE NUMBERS.
R  INDICATES RECORD WAS SET OR TIED.
MM INDICATES DATA IS MISSING.
T  INDICATES TRACE AMOUNT.




$$
