000
CDUS43 KFGF 220634
CLIDVL

CLIMATE REPORT
NATIONAL WEATHER SERVICE GRAND FORKS
134 AM CDT THU OCT 22 2020

...................................

...THE DEVILS LAKE ND CLIMATE SUMMARY FOR OCTOBER 21 2020...

CLIMATE NORMAL PERIOD 1981 TO 2010
CLIMATE RECORD PERIOD 1921 TO 2020


WEATHER ITEM   OBSERVED TIME   RECORD YEAR NORMAL DEPARTURE LAST
                VALUE   (LST)  VALUE       VALUE  FROM      YEAR
                                                  NORMAL
...................................................................
TEMPERATURE (F)
 YESTERDAY
  MAXIMUM         31        MM  75    1953  50    -19       44
  MINIMUM         23        MM  13    1936  33    -10       35
  AVERAGE         27                        41    -14       40

PRECIPITATION (IN)
  YESTERDAY        T             0.60 2008   0.05  -0.05     0.34
  MONTH TO DATE    0.19                      1.14  -0.95     0.86
  SINCE SEP 1      0.51                      2.92  -2.41     4.58
  SINCE JAN 1      9.78                     18.30  -8.52    13.06

DEGREE DAYS
 HEATING
  YESTERDAY       38                        24     14       25
  MONTH TO DATE  466                       394     72      505
  SINCE SEP 1    703                       626     77      764
  SINCE JUL 1    727                       689     38      842

 COOLING
  YESTERDAY        0                         0      0        0
  MONTH TO DATE    0                         0      0        0
  SINCE SEP 1      4                        36    -32       28
  SINCE JAN 1    448                       471    -23      350
...................................................................


WIND (MPH)
  HIGHEST WIND SPEED    24   HIGHEST WIND DIRECTION     W (290)
  HIGHEST GUST SPEED    31   HIGHEST GUST DIRECTION     W (280)
  AVERAGE WIND SPEED    12.1


SKY COVER
  AVERAGE SKY COVER 0.9


WEATHER CONDITIONS
THE FOLLOWING WEATHER WAS RECORDED YESTERDAY.
  LIGHT SNOW


RELATIVE HUMIDITY (PERCENT)
 HIGHEST    92
 LOWEST     69
 AVERAGE    81

..........................................................


THE DEVILS LAKE ND CLIMATE NORMALS FOR TODAY
                         NORMAL    RECORD    YEAR
 MAXIMUM TEMPERATURE (F)   50        79      1963
 MINIMUM TEMPERATURE (F)   32         4      1936


SUNRISE AND SUNSET
OCTOBER 22 2020.......SUNRISE   806 AM CDT   SUNSET   633 PM CDT
OCTOBER 23 2020.......SUNRISE   808 AM CDT   SUNSET   631 PM CDT


-  INDICATES NEGATIVE NUMBERS.
R  INDICATES RECORD WAS SET OR TIED.
MM INDICATES DATA IS MISSING.
T  INDICATES TRACE AMOUNT.




$$
