510
CDUS43 KFGF 230716
CLIDVL


CLIMATE REPORT
NATIONAL WEATHER SERVICE GRAND FORKS ND
216 AM CDT WED OCT 23 2019


...................................

...THE DEVILS LAKE ND CLIMATE SUMMARY FOR OCTOBER 22 2019...

CLIMATE NORMAL PERIOD 1981 TO 2010
CLIMATE RECORD PERIOD 1921 TO 2019


WEATHER ITEM   OBSERVED TIME   RECORD YEAR NORMAL DEPARTURE LAST
                VALUE   (LST)  VALUE       VALUE  FROM      YEAR
                                                  NORMAL
..................................................................
TEMPERATURE (F)
 YESTERDAY
  MAXIMUM         41        MM  79    1963  50     -9       49
  MINIMUM         27        MM   4    1936  32     -5       26
  AVERAGE         34                        41     -7       38

PRECIPITATION (IN)
  YESTERDAY        0.00          0.43 1958   0.04  -0.04     0.00
  MONTH TO DATE    0.86                      1.18  -0.32     0.72
  SINCE SEP 1      4.58                      2.96   1.62     1.91
  SINCE JAN 1     13.06                     18.34  -5.28     8.83

DEGREE DAYS
 HEATING
  YESTERDAY       31                        24      7       27
  MONTH TO DATE  536                       418    118      611
  SINCE SEP 1    795                       650    145      965
  SINCE JUL 1    873                       713    160     1023

 COOLING
  YESTERDAY        0                         0      0        0
  MONTH TO DATE    0                         0      0        0
  SINCE SEP 1     28                        36     -8        6
  SINCE JAN 1    350                       471   -121      457
..................................................................


WIND (MPH)
  HIGHEST WIND SPEED    25   HIGHEST WIND DIRECTION    NW (330)
  HIGHEST GUST SPEED    36   HIGHEST GUST DIRECTION    NW (320)
  AVERAGE WIND SPEED    19.0


SKY COVER
  AVERAGE SKY COVER 0.0


WEATHER CONDITIONS
 THE FOLLOWING WEATHER WAS RECORDED YESTERDAY.
  NO SIGNIFICANT WEATHER WAS OBSERVED.


RELATIVE HUMIDITY (PERCENT)
 HIGHEST    92
 LOWEST     54
 AVERAGE    73

..........................................................


THE DEVILS LAKE ND CLIMATE NORMALS FOR TODAY
                         NORMAL    RECORD    YEAR
 MAXIMUM TEMPERATURE (F)   49        79      1963
 MINIMUM TEMPERATURE (F)   32        12      1976


SUNRISE AND SUNSET
OCTOBER 23 2019.......SUNRISE   807 AM CDT   SUNSET   632 PM CDT
OCTOBER 24 2019.......SUNRISE   808 AM CDT   SUNSET   631 PM CDT


-  INDICATES NEGATIVE NUMBERS.
R  INDICATES RECORD WAS SET OR TIED.
MM INDICATES DATA IS MISSING.
T  INDICATES TRACE AMOUNT.




$$
