000
CDUS43 KFGF 292200
CLIDVL

CLIMATE REPORT
NATIONAL WEATHER SERVICE GRAND FORKS
500 PM CDT FRI MAY 29 2020

...................................

...THE DEVILS LAKE ND CLIMATE SUMMARY FOR MAY 29 2020...
VALID TODAY AS OF 0445 PM LOCAL TIME.

CLIMATE NORMAL PERIOD 1981 TO 2010
CLIMATE RECORD PERIOD 1921 TO 2020


WEATHER ITEM   OBSERVED TIME   RECORD YEAR NORMAL DEPARTURE LAST
                VALUE   (LST)  VALUE       VALUE  FROM      YEAR
                                                  NORMAL
...................................................................
TEMPERATURE (F)
 TODAY
  MAXIMUM         62    400 PM  97    2002  70     -8       84
  MINIMUM         48        MM  31    1945  50     -2       44
  AVERAGE         55                        60     -5       64

PRECIPITATION (IN)
  TODAY           MM             1.09        0.10  MM        0.00
  MONTH TO DATE    0.77                      2.25  -1.48     0.88
  SINCE MAR 1      1.68                      4.05  -2.37     1.66
  SINCE JAN 1      1.68                      5.13  -3.45     1.66

DEGREE DAYS
 HEATING
  TODAY           10                         6      4        1
  MONTH TO DATE  381                       287     94      455
  SINCE MAR 1   2466                      2161    305     2669
  SINCE JUL 1   9641                      9134    507    10618

 COOLING
  TODAY            0                         1     -1        0
  MONTH TO DATE    6                        17    -11        0
  SINCE MAR 1      6                        19    -13        0
  SINCE JAN 1      6                        19    -13        0
...................................................................


WIND (MPH)
  HIGHEST WIND SPEED    17   HIGHEST WIND DIRECTION     N (360)
  HIGHEST GUST SPEED    24   HIGHEST GUST DIRECTION     N (360)
  AVERAGE WIND SPEED     8.5


SKY COVER
  POSSIBLE SUNSHINE  MM
  AVERAGE SKY COVER 0.9


WEATHER CONDITIONS
THE FOLLOWING WEATHER WAS RECORDED TODAY.
  NO SIGNIFICANT WEATHER WAS OBSERVED.


RELATIVE HUMIDITY (PERCENT)
 HIGHEST    77
 LOWEST     46
 AVERAGE    62

..........................................................


THE DEVILS LAKE ND CLIMATE NORMALS FOR TOMORROW
                         NORMAL    RECORD    YEAR
 MAXIMUM TEMPERATURE (F)   70       106      1934
 MINIMUM TEMPERATURE (F)   51        30      2015


SUNRISE AND SUNSET
MAY 29 2020...........SUNRISE   542 AM CDT   SUNSET   925 PM CDT
MAY 30 2020...........SUNRISE   541 AM CDT   SUNSET   926 PM CDT


-  INDICATES NEGATIVE NUMBERS.
R  INDICATES RECORD WAS SET OR TIED.
MM INDICATES DATA IS MISSING.
T  INDICATES TRACE AMOUNT.




$$
