000
CDUS43 KDVN 172121
CLIDVN


CLIMATE REPORT
NATIONAL WEATHER SERVICE QUAD CITIES IA IL
420 PM CDT WED OCT 17 2018


...................................

...THE DAVENPORT IA CLIMATE SUMMARY FOR OCTOBER 17 2018...
VALID TODAY AS OF 0400 PM LOCAL TIME.

CLIMATE NORMAL PERIOD 1981 TO 2010
CLIMATE RECORD PERIOD 9999 TO 9999


WEATHER ITEM   OBSERVED TIME   RECORD YEAR NORMAL DEPARTURE LAST
                VALUE   (LST)  VALUE       VALUE  FROM      YEAR
                                                  NORMAL
..................................................................
TEMPERATURE (F)
 TODAY
  MAXIMUM         54    259 PM  MM      MM  62     -8       71
  MINIMUM         37    652 AM  MM      MM  40     -3       47
  AVERAGE         46                        51     -5       59

PRECIPITATION (IN)
  TODAY            0.00         MM      MM   0.10  -0.10     0.00
  MONTH TO DATE    6.53                      1.65   4.88     3.88
  SINCE SEP 1     13.40                      4.71   8.69     7.72
  SINCE JAN 1     38.97                     30.53   8.44    35.15

SNOWFALL (IN)
  TODAY            0.0          MM      MM  MM     MM        0.0
  MONTH TO DATE    T                        MM     MM        0.0
  SINCE SEP 1      T                        MM     MM         T
  SINCE JUL 1      T                        MM     MM         T
  SNOW DEPTH       0

DEGREE DAYS
 HEATING
  TODAY           19                        14      5        6
  MONTH TO DATE  177                       195    -18       76
  SINCE SEP 1    260                       316    -56      152
  SINCE JUL 1    261                       330    -69      164

 COOLING
  TODAY            0                         0      0        0
  MONTH TO DATE   27                        11     16       19
  SINCE SEP 1    162                        81     81      141
  SINCE JAN 1   1068                       785    283      762
..................................................................


WIND (MPH)
  HIGHEST WIND SPEED    23   HIGHEST WIND DIRECTION     N (340)
  HIGHEST GUST SPEED    34   HIGHEST GUST DIRECTION     N (340)
  AVERAGE WIND SPEED    10.1


SKY COVER
  POSSIBLE SUNSHINE  MM
  AVERAGE SKY COVER 0.0


WEATHER CONDITIONS
 THE FOLLOWING WEATHER WAS RECORDED TODAY.
  NO SIGNIFICANT WEATHER WAS OBSERVED.


RELATIVE HUMIDITY (PERCENT)
 HIGHEST    76          1200 AM
 LOWEST     35           200 PM
 AVERAGE    56

..........................................................


THE DAVENPORT IA CLIMATE NORMALS FOR TOMORROW
                         NORMAL    RECORD    YEAR
 MAXIMUM TEMPERATURE (F)   62        MM        MM
 MINIMUM TEMPERATURE (F)   40        MM        MM


SUNRISE AND SUNSET
OCTOBER 17 2018.......SUNRISE   717 AM CDT   SUNSET   618 PM CDT
OCTOBER 18 2018.......SUNRISE   718 AM CDT   SUNSET   616 PM CDT


-  INDICATES NEGATIVE NUMBERS.
R  INDICATES RECORD WAS SET OR TIED.
MM INDICATES DATA IS MISSING.
T  INDICATES TRACE AMOUNT.




$$
