000
CDUS43 KDVN 040916
CLIDVN

CLIMATE REPORT
NATIONAL WEATHER SERVICE QUAD CITIES IA IL
416 AM CDT THU JUN 04 2020

...................................

...THE DAVENPORT IA CLIMATE SUMMARY FOR JUNE 3 2020...

CLIMATE NORMAL PERIOD 1981 TO 2010
CLIMATE RECORD PERIOD 9999 TO 9999


WEATHER ITEM   OBSERVED TIME   RECORD YEAR NORMAL DEPARTURE LAST
                VALUE   (LST)  VALUE       VALUE  FROM      YEAR
                                                  NORMAL
...................................................................
TEMPERATURE (F)
 YESTERDAY
  MAXIMUM         84    347 PM  MM      MM  78      6       79
  MINIMUM         67   1159 PM  MM      MM  56     11       54
  AVERAGE         76                        67      9       67

PRECIPITATION (IN)
  YESTERDAY        0.77         MM      MM   0.22   0.55      T
  MONTH TO DATE    0.78                      0.66   0.12      T
  SINCE JUN 1      0.78                      0.66   0.12      T
  SINCE JAN 1     13.77                     13.47   0.30    22.54

SNOWFALL (IN)
  YESTERDAY        0.0                                       0.0
  MONTH TO DATE    0.0                                       0.0
  SINCE JUN 1      0.0                                       0.0
  SINCE JUL 1     39.5                                      56.9
  SNOW DEPTH       0

DEGREE DAYS
 HEATING
  YESTERDAY        0                         2     -2        0
  MONTH TO DATE    0                         6     -6        0
  SINCE JUN 1      0                         6     -6        0
  SINCE JUL 1   6067                      6493   -426     6795

 COOLING
  YESTERDAY       11                         4      7        2
  MONTH TO DATE   37                        12     25       11
  SINCE JUN 1     37                        12     25       11
  SINCE JAN 1     91                        73     18       59
...................................................................


WIND (MPH)
  HIGHEST WIND SPEED    24   HIGHEST WIND DIRECTION     W (290)
  HIGHEST GUST SPEED    36   HIGHEST GUST DIRECTION     W (290)
  AVERAGE WIND SPEED     7.3


SKY COVER
  POSSIBLE SUNSHINE  MM
  AVERAGE SKY COVER 0.5


WEATHER CONDITIONS
THE FOLLOWING WEATHER WAS RECORDED YESTERDAY.
  THUNDERSTORM
  HEAVY RAIN
  RAIN
  LIGHT RAIN
  FOG
  HAZE


RELATIVE HUMIDITY (PERCENT)
 HIGHEST    91           500 PM
 LOWEST     55           100 AM
 AVERAGE    73

..........................................................


THE DAVENPORT IA CLIMATE NORMALS FOR TODAY
                         NORMAL    RECORD    YEAR
 MAXIMUM TEMPERATURE (F)   78        MM        MM
 MINIMUM TEMPERATURE (F)   57        MM        MM


SUNRISE AND SUNSET
JUNE  4 2020..........SUNRISE   529 AM CDT   SUNSET   833 PM CDT
JUNE  5 2020..........SUNRISE   529 AM CDT   SUNSET   833 PM CDT


-  INDICATES NEGATIVE NUMBERS.
R  INDICATES RECORD WAS SET OR TIED.
MM INDICATES DATA IS MISSING.
T  INDICATES TRACE AMOUNT.




$$
