000
CDUS43 KDVN 161019
CLIDVN


CLIMATE REPORT
NATIONAL WEATHER SERVICE QUAD CITIES IA IL
417 AM CST WED JAN 16 2019


...................................

...THE DAVENPORT IA CLIMATE SUMMARY FOR JANUARY 15 2019...

CLIMATE NORMAL PERIOD 1981 TO 2010
CLIMATE RECORD PERIOD 9999 TO 9999


WEATHER ITEM   OBSERVED TIME   RECORD YEAR NORMAL DEPARTURE LAST
                VALUE   (LST)  VALUE       VALUE  FROM      YEAR
                                                  NORMAL
..................................................................
TEMPERATURE (F)
 YESTERDAY
  MAXIMUM         34   1159 PM  MM      MM  30      4       25
  MINIMUM         26    121 AM  MM      MM  12     14       -2
  AVERAGE         30                        21      9       12

PRECIPITATION (IN)
  YESTERDAY        T            MM      MM   0.03  -0.03     0.02
  MONTH TO DATE    1.09                      0.33   0.76     0.21
  SINCE DEC 1      3.59                      2.06   1.53     0.75
  SINCE JAN 1      1.09                      0.33   0.76     0.21

SNOWFALL (IN)
  YESTERDAY        T            MM      MM  MM     MM        0.8
  MONTH TO DATE    6.7                      MM     MM        1.7
  SINCE DEC 1      7.0                      MM     MM        8.1
  SINCE JUL 1     22.4                      MM     MM        8.2
  SNOW DEPTH       4

DEGREE DAYS
 HEATING
  YESTERDAY       35                        44     -9       53
  MONTH TO DATE  533                       659   -126      781
  SINCE DEC 1   1566                      1891   -325     2011
  SINCE JUL 1   3107                      3239   -132     3221

 COOLING
  YESTERDAY        0                         0      0        0
  MONTH TO DATE    0                         0      0        0
  SINCE DEC 1      0                         0      0        0
  SINCE JAN 1      0                         0      0        0
..................................................................


WIND (MPH)
  HIGHEST WIND SPEED    18   HIGHEST WIND DIRECTION    SW (220)
  HIGHEST GUST SPEED    24   HIGHEST GUST DIRECTION    SW (230)
  AVERAGE WIND SPEED    10.7


SKY COVER
  POSSIBLE SUNSHINE  MM
  AVERAGE SKY COVER 1.0


WEATHER CONDITIONS
 THE FOLLOWING WEATHER WAS RECORDED YESTERDAY.
  LIGHT SNOW
  FOG


RELATIVE HUMIDITY (PERCENT)
 HIGHEST    92          1200 AM
 LOWEST     84           600 AM
 AVERAGE    88

..........................................................


THE DAVENPORT IA CLIMATE NORMALS FOR TODAY
                         NORMAL    RECORD    YEAR
 MAXIMUM TEMPERATURE (F)   30        MM        MM
 MINIMUM TEMPERATURE (F)   12        MM        MM


SUNRISE AND SUNSET
JANUARY 16 2019.......SUNRISE   726 AM CST   SUNSET   458 PM CST
JANUARY 17 2019.......SUNRISE   726 AM CST   SUNSET   459 PM CST


-  INDICATES NEGATIVE NUMBERS.
R  INDICATES RECORD WAS SET OR TIED.
MM INDICATES DATA IS MISSING.
T  INDICATES TRACE AMOUNT.




$$
