000
CDUS43 KDVN 310917
CLIDVN

CLIMATE REPORT
NATIONAL WEATHER SERVICE QUAD CITIES IA IL
417 AM CDT SAT OCT 31 2020

...................................

...THE DAVENPORT IA CLIMATE SUMMARY FOR OCTOBER 30 2020...

CLIMATE NORMAL PERIOD 1981 TO 2010
CLIMATE RECORD PERIOD 9999 TO 9999


WEATHER ITEM   OBSERVED TIME   RECORD YEAR NORMAL DEPARTURE LAST
                VALUE   (LST)  VALUE       VALUE  FROM      YEAR
                                                  NORMAL
...................................................................
TEMPERATURE (F)
 YESTERDAY
  MAXIMUM         48    147 PM  MM      MM  57     -9       38
  MINIMUM         29    637 AM  MM      MM  36     -7       30
  AVERAGE         39                        47     -8       34

PRECIPITATION (IN)
  YESTERDAY        0.00         MM      MM   0.09  -0.09     0.13
  MONTH TO DATE    2.83                      2.88  -0.05     2.55
  SINCE SEP 1     11.55                      5.94   5.61     9.32
  SINCE JAN 1     34.60                     31.76   2.84    41.35

SNOWFALL (IN)
  YESTERDAY        0.0                                       1.5
  MONTH TO DATE    0.7                                       3.5
  SINCE SEP 1      0.7                                       3.5
  SINCE JUL 1      0.7                                       3.5
  SNOW DEPTH       0

DEGREE DAYS
 HEATING
  YESTERDAY       26                        18      8       31
  MONTH TO DATE  480                       405     75      450
  SINCE SEP 1    581                       526     55      466
  SINCE JUL 1    584                       540     44      468

 COOLING
  YESTERDAY        0                         0      0        0
  MONTH TO DATE    7                        11     -4       18
  SINCE SEP 1     65                        81    -16      187
  SINCE JAN 1    956                       785    171     1027
...................................................................


WIND (MPH)
  HIGHEST WIND SPEED    13   HIGHEST WIND DIRECTION    SE (120)
  HIGHEST GUST SPEED    16   HIGHEST GUST DIRECTION     E (110)
  AVERAGE WIND SPEED     5.3


SKY COVER
  POSSIBLE SUNSHINE  MM
  AVERAGE SKY COVER 0.4


WEATHER CONDITIONS
THE FOLLOWING WEATHER WAS RECORDED YESTERDAY.
  NO SIGNIFICANT WEATHER WAS OBSERVED.


RELATIVE HUMIDITY (PERCENT)
 HIGHEST    88           200 AM
 LOWEST     43           400 PM
 AVERAGE    66

..........................................................


THE DAVENPORT IA CLIMATE NORMALS FOR TODAY
                         NORMAL    RECORD    YEAR
 MAXIMUM TEMPERATURE (F)   56        MM        MM
 MINIMUM TEMPERATURE (F)   36        MM        MM


SUNRISE AND SUNSET
OCTOBER 31 2020.......SUNRISE   734 AM CDT   SUNSET   558 PM CDT
NOVEMBER  1 2020......SUNRISE   635 AM CST   SUNSET   456 PM CST


-  INDICATES NEGATIVE NUMBERS.
R  INDICATES RECORD WAS SET OR TIED.
MM INDICATES DATA IS MISSING.
T  INDICATES TRACE AMOUNT.




$$
