000
CDUS46 KOTX 200433
CLIEAT

CLIMATE REPORT
NATIONAL WEATHER SERVICE SPOKANE WA
933 PM PDT MON OCT 19 2020

...................................

...THE WENATCHEE WA PANGBORN FIELD CLIMATE SUMMARY FOR OCTOBER 19 2020...
VALID TODAY AS OF 0900 PM LOCAL TIME.

CLIMATE NORMAL PERIOD 1981 TO 2010
CLIMATE RECORD PERIOD 1959 TO 2020


WEATHER ITEM   OBSERVED TIME   RECORD YEAR NORMAL DEPARTURE LAST
                VALUE   (LST)  VALUE       VALUE  FROM      YEAR
                                                  NORMAL
...................................................................
TEMPERATURE (F)
 TODAY
  MAXIMUM         65    119 PM  75    1981  59      6       51
  MINIMUM         45    622 AM  25    1984  40      5       40
  AVERAGE         55                        49      6       46

PRECIPITATION (IN)
  TODAY            0.00          0.30 2019   0.01  -0.01     0.30
  MONTH TO DATE    0.80                      0.20   0.60     0.44
  SINCE OCT 1      0.80                      0.20   0.60     0.44
  SINCE JAN 1      3.77                      5.26  -1.49     6.34

DEGREE DAYS
 HEATING
  TODAY           10                        16     -6       19
  MONTH TO DATE  118                       216    -98      331
  SINCE SEP 1    179                       314   -135      468
  SINCE JUL 1    180                       328   -148      468

 COOLING
  TODAY            0                         0      0        0
  MONTH TO DATE   16                         0     16        0
  SINCE SEP 1    127                         2    125       65
  SINCE JAN 1    912                       790    122      832
...................................................................


WIND (MPH)
  HIGHEST WIND SPEED    24   HIGHEST WIND DIRECTION    NW (310)
  HIGHEST GUST SPEED    29   HIGHEST GUST DIRECTION    NW (300)
  AVERAGE WIND SPEED     9.0


SKY COVER
  POSSIBLE SUNSHINE  MM
  AVERAGE SKY COVER 0.1


WEATHER CONDITIONS
THE FOLLOWING WEATHER WAS RECORDED TODAY.
  NO SIGNIFICANT WEATHER WAS OBSERVED.


RELATIVE HUMIDITY (PERCENT)
 HIGHEST    80           300 AM
 LOWEST     36           300 PM
 AVERAGE    58

..........................................................


THE WENATCHEE WA PANGBORN FIELD CLIMATE NORMALS FOR TOMORROW
                         NORMAL    RECORD    YEAR
 MAXIMUM TEMPERATURE (F)   59        70      2013
 MINIMUM TEMPERATURE (F)   39        28      1982


SUNRISE AND SUNSET
OCTOBER 19 2020.......SUNRISE   726 AM PDT   SUNSET   604 PM PDT
OCTOBER 20 2020.......SUNRISE   728 AM PDT   SUNSET   603 PM PDT


-  INDICATES NEGATIVE NUMBERS.
R  INDICATES RECORD WAS SET OR TIED.
MM INDICATES DATA IS MISSING.
T  INDICATES TRACE AMOUNT.




$$
