000
CDUS46 KOTX 220100
CLIEAT


CLIMATE REPORT
NATIONAL WEATHER SERVICE SPOKANE, WA
500 PM PST MON JAN 21 2019


...................................

...THE WENATCHEE WA PANGBORN FIELD CLIMATE SUMMARY FOR JANUARY 21 2019...
VALID AS OF 0500 PM LOCAL TIME.

CLIMATE NORMAL PERIOD 1981 TO 2010
CLIMATE RECORD PERIOD 1959 TO 2019


WEATHER ITEM   OBSERVED TIME   RECORD YEAR NORMAL DEPARTURE LAST
                VALUE   (LST)  VALUE       VALUE  FROM      YEAR
                                                  NORMAL
..................................................................
TEMPERATURE (F)
 TODAY
  MAXIMUM         42    323 PM  48    2011  36      6       40
  MINIMUM         25    711 AM  -1    1962  25      0       28
  AVERAGE         34                        30      4       34

PRECIPITATION (IN)
  TODAY            0.00          0.39 2003   0.03  -0.03     0.01
  MONTH TO DATE    0.76                      0.75   0.01     0.65
  SINCE OCT 1      3.30                      3.70  -0.40     3.73
  SINCE JAN 1      0.76                      0.75   0.01     0.65

SNOWFALL (IN)
  TODAY           MM

DEGREE DAYS
 HEATING
  TODAY           31                        35     -4       31
  MONTH TO DATE  698                       764    -66      705
  SINCE DEC 1   1691                      1912   -221     1861
  SINCE JUL 1   3039                      3284   -245     3284

 COOLING
  TODAY            0                         0      0        0
  MONTH TO DATE    0                         0      0        0
  SINCE DEC 1      0                         0      0        0
  SINCE JAN 1      0                         0      0        0
..................................................................


WIND (MPH)
  HIGHEST WIND SPEED    14   HIGHEST WIND DIRECTION     W (290)
  HIGHEST GUST SPEED    16   HIGHEST GUST DIRECTION     W (290)
  AVERAGE WIND SPEED     8.4


SKY COVER
  POSSIBLE SUNSHINE  MM
  AVERAGE SKY COVER 0.1


WEATHER CONDITIONS
 THE FOLLOWING WEATHER WAS RECORDED TODAY.
  FOG


RELATIVE HUMIDITY (PERCENT)
 HIGHEST    92          1200 AM
 LOWEST     49           200 PM
 AVERAGE    71

..........................................................


THE WENATCHEE WA PANGBORN FIELD CLIMATE NORMALS FOR TOMORROW
                         NORMAL    RECORD    YEAR
 MAXIMUM TEMPERATURE (F)   36        50      2011
 MINIMUM TEMPERATURE (F)   26        -6      1969


SUNRISE AND SUNSET
JANUARY 21 2019.......SUNRISE   739 AM PST   SUNSET   446 PM PST
JANUARY 22 2019.......SUNRISE   738 AM PST   SUNSET   447 PM PST


-  INDICATES NEGATIVE NUMBERS.
R  INDICATES RECORD WAS SET OR TIED.
MM INDICATES DATA IS MISSING.
T  INDICATES TRACE AMOUNT.




$$
