000
CDUS46 KOTX 192350
CLIEAT


CLIMATE REPORT
NATIONAL WEATHER SERVICE SPOKANE, WA
450 PM PDT SAT OCT 19 2019


...................................

...THE WENATCHEE WA PANGBORN FIELD CLIMATE SUMMARY FOR OCTOBER 19 2019...
VALID AS OF 0400 PM LOCAL TIME.

CLIMATE NORMAL PERIOD 1981 TO 2010
CLIMATE RECORD PERIOD 1959 TO 2019


WEATHER ITEM   OBSERVED TIME   RECORD YEAR NORMAL DEPARTURE LAST
                VALUE   (LST)  VALUE       VALUE  FROM      YEAR
                                                  NORMAL
..................................................................
TEMPERATURE (F)
 TODAY
  MAXIMUM         51    259 PM  75    1981  59     -8       65
  MINIMUM         40    656 AM  25    1984  40      0       36
  AVERAGE         46                        49     -3       51

PRECIPITATION (IN)
  TODAY            0.30R         0.15 1971   0.01   0.29     0.00
  MONTH TO DATE    0.44                      0.20   0.24     0.31
  SINCE OCT 1      0.44                      0.20   0.24     0.31
  SINCE JAN 1      6.34                      5.26   1.08     4.72

SNOWFALL (IN)
  TODAY           MM

DEGREE DAYS
 HEATING
  TODAY           19                        16      3       14
  MONTH TO DATE  331                       216    115      271
  SINCE SEP 1    468                       314    154      365
  SINCE JUL 1    468                       328    140      368

 COOLING
  TODAY            0                         0      0        0
  MONTH TO DATE    0                         0      0        0
  SINCE SEP 1     65                         2     63       36
  SINCE JAN 1    832                       790     42      897
..................................................................


WIND (MPH)
  HIGHEST WIND SPEED    16   HIGHEST WIND DIRECTION    NW (310)
  HIGHEST GUST SPEED    18   HIGHEST GUST DIRECTION    NW (310)
  AVERAGE WIND SPEED     7.7


SKY COVER
  POSSIBLE SUNSHINE  MM
  AVERAGE SKY COVER 0.7


WEATHER CONDITIONS
 THE FOLLOWING WEATHER WAS RECORDED TODAY.
  RAIN
  LIGHT RAIN
  FOG


RELATIVE HUMIDITY (PERCENT)
 HIGHEST   100           700 AM
 LOWEST     63           300 PM
 AVERAGE    82

..........................................................


THE WENATCHEE WA PANGBORN FIELD CLIMATE NORMALS FOR TOMORROW
                         NORMAL    RECORD    YEAR
 MAXIMUM TEMPERATURE (F)   59        70      2013
 MINIMUM TEMPERATURE (F)   39        28      1982


SUNRISE AND SUNSET
OCTOBER 19 2019.......SUNRISE   725 AM PDT   SUNSET   606 PM PDT
OCTOBER 20 2019.......SUNRISE   726 AM PDT   SUNSET   604 PM PDT


-  INDICATES NEGATIVE NUMBERS.
R  INDICATES RECORD WAS SET OR TIED.
MM INDICATES DATA IS MISSING.
T  INDICATES TRACE AMOUNT.




$$
