000
CDUS46 KOTX 170832
CLIEAT


CLIMATE REPORT
NATIONAL WEATHER SERVICE SPOKANE, WA
130 AM PDT WED OCT 17 2018


...................................

...THE WENATCHEE WA PANGBORN FIELD CLIMATE SUMMARY FOR OCTOBER 16 2018...

CLIMATE NORMAL PERIOD 1981 TO 2010
CLIMATE RECORD PERIOD 1959 TO 2018


WEATHER ITEM   OBSERVED TIME   RECORD YEAR NORMAL DEPARTURE LAST
                VALUE   (LST)  VALUE       VALUE  FROM      YEAR
                                                  NORMAL
..................................................................
TEMPERATURE (F)
 YESTERDAY
  MAXIMUM         64    337 PM  77    1963  61      3       60
  MINIMUM         35    506 AM  30    1989  41     -6       33
  AVERAGE         50                        51     -1       47

PRECIPITATION (IN)
  YESTERDAY        0.00          0.20 2003   0.01  -0.01     0.00
  MONTH TO DATE    0.31                      0.16   0.15     0.05
  SINCE OCT 1      0.31                      0.16   0.15     0.05
  SINCE JAN 1      4.72                      5.22  -0.50     7.13

SNOWFALL (IN)
  YESTERDAY       MM

DEGREE DAYS
 HEATING
  YESTERDAY       15                        14      1       18
  MONTH TO DATE  226                       170     56      242
  SINCE SEP 1    320                       268     52      344
  SINCE JUL 1    323                       282     41      344

 COOLING
  YESTERDAY        0                         0      0        0
  MONTH TO DATE    0                         0      0        0
  SINCE SEP 1     36                         2     34      113
  SINCE JAN 1    897                       790    107     1058
..................................................................


WIND (MPH)
  HIGHEST WIND SPEED    13   HIGHEST WIND DIRECTION    NW (300)
  HIGHEST GUST SPEED    14   HIGHEST GUST DIRECTION    NW (300)
  AVERAGE WIND SPEED     2.5


SKY COVER
  POSSIBLE SUNSHINE  MM
  AVERAGE SKY COVER 0.0


WEATHER CONDITIONS
 THE FOLLOWING WEATHER WAS RECORDED YESTERDAY.
  NO SIGNIFICANT WEATHER WAS OBSERVED.


RELATIVE HUMIDITY (PERCENT)
 HIGHEST    82           700 AM
 LOWEST     34           300 PM
 AVERAGE    58

..........................................................


THE WENATCHEE WA PANGBORN FIELD CLIMATE NORMALS FOR TODAY
                         NORMAL    RECORD    YEAR
 MAXIMUM TEMPERATURE (F)   60        77      1960
 MINIMUM TEMPERATURE (F)   40        28      1984


SUNRISE AND SUNSET
OCTOBER 17 2018.......SUNRISE   722 AM PDT   SUNSET   609 PM PDT
OCTOBER 18 2018.......SUNRISE   724 AM PDT   SUNSET   607 PM PDT


-  INDICATES NEGATIVE NUMBERS.
R  INDICATES RECORD WAS SET OR TIED.
MM INDICATES DATA IS MISSING.
T  INDICATES TRACE AMOUNT.




$$
