000
CDUS46 KOTX 280450
CLIEAT


CLIMATE REPORT
NATIONAL WEATHER SERVICE SPOKANE, WA
950 PM PDT WED MAY 27 2020


...................................

...THE WENATCHEE WA PANGBORN FIELD CLIMATE SUMMARY FOR MAY 27 2020...
VALID TODAY AS OF 0900 PM LOCAL TIME.

CLIMATE NORMAL PERIOD 1981 TO 2010
CLIMATE RECORD PERIOD 1959 TO 2020


WEATHER ITEM   OBSERVED TIME   RECORD YEAR NORMAL DEPARTURE LAST
                VALUE   (LST)  VALUE       VALUE  FROM      YEAR
                                                  NORMAL
..................................................................
TEMPERATURE (F)
 TODAY
  MAXIMUM         81    522 PM  89    2005  74      7       80
  MINIMUM         49    503 AM  39    1977  52     -3       56
  AVERAGE         65                        63      2       68

PRECIPITATION (IN)
  TODAY            0.00          0.33 1982   0.03  -0.03     0.00
  MONTH TO DATE    0.68                      0.57   0.11     0.62
  SINCE OCT 1      3.71                      6.49  -2.78     6.29
  SINCE JAN 1      2.38                      3.54  -1.16     3.75

DEGREE DAYS
 HEATING
  TODAY            0                         4     -4        0
  MONTH TO DATE  162                       185    -23      102
  SINCE MAR 1   1212                      1237    -25     1386
  SINCE JUL 1   5638                      5701    -63     5965

 COOLING
  TODAY            0                         2     -2        3
  MONTH TO DATE    4                        28    -24       28
  SINCE MAR 1      4                        66    -62       28
  SINCE JAN 1      4                        66    -62       28
..................................................................


WIND (MPH)
  HIGHEST WIND SPEED    15   HIGHEST WIND DIRECTION    NW (320)
  HIGHEST GUST SPEED    17   HIGHEST GUST DIRECTION    NW (320)
  AVERAGE WIND SPEED     6.6


SKY COVER
  POSSIBLE SUNSHINE  MM
  AVERAGE SKY COVER 0.0


WEATHER CONDITIONS
 THE FOLLOWING WEATHER WAS RECORDED TODAY.
  NO SIGNIFICANT WEATHER WAS OBSERVED.


RELATIVE HUMIDITY (PERCENT)
 HIGHEST    61           500 AM
 LOWEST     15           400 PM
 AVERAGE    38

..........................................................


THE WENATCHEE WA PANGBORN FIELD CLIMATE NORMALS FOR TOMORROW
                         NORMAL    RECORD    YEAR
 MAXIMUM TEMPERATURE (F)   74        94      1983
 MINIMUM TEMPERATURE (F)   52        41      1998


SUNRISE AND SUNSET
MAY 27 2020...........SUNRISE   511 AM PDT   SUNSET   846 PM PDT
MAY 28 2020...........SUNRISE   510 AM PDT   SUNSET   847 PM PDT


-  INDICATES NEGATIVE NUMBERS.
R  INDICATES RECORD WAS SET OR TIED.
MM INDICATES DATA IS MISSING.
T  INDICATES TRACE AMOUNT.




$$
