000
CDUS43 KMPX 240045
CLIEAU


CLIMATE REPORT
NATIONAL WEATHER SERVICE CHANHASSEN MN
745 PM CDT SUN SEP 23 2018


...................................

...THE EAU CLAIRE WI CLIMATE SUMMARY FOR SEPTEMBER 23 2018...
VALID TODAY AS OF 0700 PM LOCAL TIME.

CLIMATE NORMAL PERIOD 1981 TO 2010
CLIMATE RECORD PERIOD 1893 TO 2018


WEATHER ITEM   OBSERVED TIME   RECORD YEAR NORMAL DEPARTURE LAST
                VALUE   (LST)  VALUE       VALUE  FROM      YEAR
                                                  NORMAL
..................................................................
TEMPERATURE (F)
 TODAY
  MAXIMUM         72    347 PM  93    1937  68      4       90
  MINIMUM         43    553 AM  27    1974  45     -2       69
  AVERAGE         58                        57      1       80

PRECIPITATION (IN)
  TODAY            0.00          2.83 2010   0.12  -0.12     0.00
  MONTH TO DATE    4.76                      2.87   1.89     0.90
  SINCE SEP 1      4.76                      2.87   1.89     0.90
  SINCE JAN 1     24.16                     24.99  -0.83    29.02

SNOWFALL (IN)
  TODAY            0.0           T    1928   0.0    0.0      0.0
  MONTH TO DATE    0.0                       0.0    0.0      0.0
  SINCE SEP 1      0.0                       0.0    0.0      0.0
  SINCE JUL 1      0.0                       0.0    0.0      0.0

DEGREE DAYS
 HEATING
  TODAY            7                         9     -2        0
  MONTH TO DATE   67                       119    -52       76
  SINCE SEP 1     67                       119    -52       76
  SINCE JUL 1     91                       158    -67      119

 COOLING
  TODAY            0                         1     -1       15
  MONTH TO DATE   84                        44     40       74
  SINCE SEP 1     84                        44     40       74
  SINCE JAN 1    712                       571    141      446
..................................................................


WIND (MPH)
  HIGHEST WIND SPEED    16   HIGHEST WIND DIRECTION    SE (130)
  HIGHEST GUST SPEED    22   HIGHEST GUST DIRECTION    SE (140)
  AVERAGE WIND SPEED     5.6


SKY COVER
  POSSIBLE SUNSHINE  MM
  AVERAGE SKY COVER 0.1


WEATHER CONDITIONS
 THE FOLLOWING WEATHER WAS RECORDED TODAY.
  FOG


RELATIVE HUMIDITY (PERCENT)
 HIGHEST   100           300 AM
 LOWEST     47           300 PM
 AVERAGE    74

..........................................................


THE EAU CLAIRE WI CLIMATE NORMALS FOR TOMORROW
                         NORMAL    RECORD    YEAR
 MAXIMUM TEMPERATURE (F)   68        90      1935
 MINIMUM TEMPERATURE (F)   45        27      1976


SUNRISE AND SUNSET
SEPTEMBER 23 2018.....SUNRISE   654 AM CDT   SUNSET   701 PM CDT
SEPTEMBER 24 2018.....SUNRISE   655 AM CDT   SUNSET   659 PM CDT


-  INDICATES NEGATIVE NUMBERS.
R  INDICATES RECORD WAS SET OR TIED.
MM INDICATES DATA IS MISSING.
T  INDICATES TRACE AMOUNT.




$$
