000
CDUS43 KMPX 250634
CLIEAU


CLIMATE REPORT
NATIONAL WEATHER SERVICE CHANHASSEN MN
1232 AM CST TUE FEB 25 2020


...................................

...THE EAU CLAIRE WI CLIMATE SUMMARY FOR FEBRUARY 24 2020...

CLIMATE NORMAL PERIOD 1981 TO 2010
CLIMATE RECORD PERIOD 1893 TO 2020


WEATHER ITEM   OBSERVED TIME   RECORD YEAR NORMAL DEPARTURE LAST
                VALUE   (LST)  VALUE       VALUE  FROM      YEAR
                                                  NORMAL
..................................................................
TEMPERATURE (F)
 YESTERDAY
  MAXIMUM         44    348 PM  61    1931  32     12       30
  MINIMUM         18    726 AM -25    1913  13      5       -2
  AVERAGE         31                        23      8       14

PRECIPITATION (IN)
  YESTERDAY        0.00          1.50 1930   0.03  -0.03     0.77
  MONTH TO DATE    0.35                      0.67  -0.32     3.70
  SINCE DEC 1      3.75                      2.56   1.19     6.18
  SINCE JAN 1      1.53                      1.56  -0.03     4.33

SNOWFALL (IN)
  YESTERDAY        0.0          11.8  2019   0.2   -0.2     11.8
  MONTH TO DATE    6.5                       6.3    0.2     48.3
  SINCE DEC 1     38.8                      29.0    9.8     67.6
  SINCE JUL 1     50.2                      35.3   14.9     71.8
  SNOW DEPTH       8

DEGREE DAYS
 HEATING
  YESTERDAY       34                        42     -8       51
  MONTH TO DATE 1112                      1111      1     1212
  SINCE DEC 1   3815                      4109   -294     4104
  SINCE JUL 1   5559                      5855   -296     6103

 COOLING
  YESTERDAY        0                         0      0        0
  MONTH TO DATE    0                         0      0        0
  SINCE DEC 1      0                         0      0        0
  SINCE JAN 1      0                         0      0        0
..................................................................


WIND (MPH)
  HIGHEST WIND SPEED    12   HIGHEST WIND DIRECTION    NE (30)
  HIGHEST GUST SPEED    19   HIGHEST GUST DIRECTION    NE (30)
  AVERAGE WIND SPEED     2.9


SKY COVER
  POSSIBLE SUNSHINE  MM
  AVERAGE SKY COVER 0.0


WEATHER CONDITIONS
 THE FOLLOWING WEATHER WAS RECORDED YESTERDAY.
  FOG
  HAZE


RELATIVE HUMIDITY (PERCENT)
 HIGHEST    91           500 AM
 LOWEST     39           400 PM
 AVERAGE    65

..........................................................


THE EAU CLAIRE WI CLIMATE NORMALS FOR TODAY
                         NORMAL    RECORD    YEAR
 MAXIMUM TEMPERATURE (F)   33        57      1931
 MINIMUM TEMPERATURE (F)   14       -24      1950


SUNRISE AND SUNSET
FEBRUARY 25 2020......SUNRISE   651 AM CST   SUNSET   547 PM CST
FEBRUARY 26 2020......SUNRISE   649 AM CST   SUNSET   549 PM CST


-  INDICATES NEGATIVE NUMBERS.
R  INDICATES RECORD WAS SET OR TIED.
MM INDICATES DATA IS MISSING.
T  INDICATES TRACE AMOUNT.




$$
