000
CDUS43 KMPX 210628
CLIEAU

CLIMATE REPORT
NATIONAL WEATHER SERVICE TWIN CITIES/CHANHASSEN MN
128 AM CDT WED OCT 21 2020

...................................

...THE EAU CLAIRE WI CLIMATE SUMMARY FOR OCTOBER 20 2020...

CLIMATE NORMAL PERIOD 1981 TO 2010
CLIMATE RECORD PERIOD 1893 TO 2020


WEATHER ITEM   OBSERVED TIME   RECORD YEAR NORMAL DEPARTURE LAST
                VALUE   (LST)  VALUE       VALUE  FROM      YEAR
                                                  NORMAL
...................................................................
TEMPERATURE (F)
 YESTERDAY
  MAXIMUM         34   1110 PM  83    1953  56    -22       66
  MINIMUM         22    612 AM  11    1952  36    -14       34
  AVERAGE         28                        46    -18       50

PRECIPITATION (IN)
  YESTERDAY        0.73          1.54 1934   0.07   0.66     0.00
  MONTH TO DATE    1.52                      1.67  -0.15     3.43
  SINCE SEP 1      3.12                      5.35  -2.23     9.36
  SINCE JAN 1     26.43                     27.47  -1.04    37.72

SNOWFALL (IN)
  YESTERDAY        6.9 R         2.0  1982   0.0    6.9      0.0
  MONTH TO DATE    7.0                       0.1    6.9       T
  SINCE SEP 1      7.0                       0.1    6.9       T
  SINCE JUL 1      7.0                       0.1    6.9       T
  SNOW DEPTH       0

DEGREE DAYS
 HEATING
  YESTERDAY       37                        19     18       15
  MONTH TO DATE  365                       314     51      290
  SINCE SEP 1    569                       508     61      377
  SINCE JUL 1    587                       547     40      398

 COOLING
  YESTERDAY        0                         0      0        0
  MONTH TO DATE    1                         4     -3        0
  SINCE SEP 1     19                        52    -33       72
  SINCE JAN 1    671                       579     92      463
...................................................................


WIND (MPH)
  HIGHEST WIND SPEED    15   HIGHEST WIND DIRECTION     E (100)
  HIGHEST GUST SPEED    20   HIGHEST GUST DIRECTION     E (100)
  AVERAGE WIND SPEED     4.4


SKY COVER
  POSSIBLE SUNSHINE  MM
  AVERAGE SKY COVER 0.9


WEATHER CONDITIONS
THE FOLLOWING WEATHER WAS RECORDED YESTERDAY.
  LIGHT RAIN
  HEAVY SNOW
  SNOW
  LIGHT SNOW
  FOG
  FOG W/VISIBILITY <= 1/4 MILE


RELATIVE HUMIDITY (PERCENT)
 HIGHEST    96           900 PM
 LOWEST     81          1200 PM
 AVERAGE    89

..........................................................


THE EAU CLAIRE WI CLIMATE NORMALS FOR TODAY
                         NORMAL    RECORD    YEAR
 MAXIMUM TEMPERATURE (F)   56        86      1947
 MINIMUM TEMPERATURE (F)   35        15      1896
                                             1960


SUNRISE AND SUNSET
OCTOBER 21 2020.......SUNRISE   730 AM CDT   SUNSET   610 PM CDT
OCTOBER 22 2020.......SUNRISE   731 AM CDT   SUNSET   609 PM CDT


-  INDICATES NEGATIVE NUMBERS.
R  INDICATES RECORD WAS SET OR TIED.
MM INDICATES DATA IS MISSING.
T  INDICATES TRACE AMOUNT.




$$
