000
CDUS43 KMPX 240027
CLIEAU


CLIMATE REPORT
NATIONAL WEATHER SERVICE CHANHASSEN MN
627 PM CST FRI FEB 23 2018


...................................

...THE EAU CLAIRE WI CLIMATE SUMMARY FOR FEBRUARY 23 2018...
VALID TODAY AS OF 0600 PM LOCAL TIME.

CLIMATE NORMAL PERIOD 1981 TO 2010
CLIMATE RECORD PERIOD 1893 TO 2018


WEATHER ITEM   OBSERVED TIME   RECORD YEAR NORMAL DEPARTURE LAST
                VALUE   (LST)  VALUE       VALUE  FROM      YEAR
                                                  NORMAL
..................................................................
TEMPERATURE (F)
 TODAY
  MAXIMUM         30   1009 AM  54    1930  32     -2       41
  MINIMUM         23    559 PM -20    1910  13     10       31
  AVERAGE         27                        22      5       36

PRECIPITATION (IN)
  TODAY            0.24          0.95 1915   0.03   0.21     0.02
  MONTH TO DATE    0.83                      0.64   0.19     0.89
  SINCE DEC 1      3.00                      2.53   0.47     5.34
  SINCE JAN 1      2.09                      1.53   0.56     3.24

SNOWFALL (IN)
  TODAY            2.2          10.0  1915   0.3    1.9      0.3
  MONTH TO DATE    9.3                       6.1    3.2      0.3
  SINCE DEC 1     31.8                      28.8    3.0     36.8
  SINCE JUL 1     35.1                      35.1    0.0     38.5
  SNOW DEPTH       8

DEGREE DAYS
 HEATING
  TODAY           38                        43     -5       29
  MONTH TO DATE 1233                      1069    164      849
  SINCE DEC 1   4322                      4067    255     3714
  SINCE JUL 1   5963                      5813    150     4923

 COOLING
  TODAY            0                         0      0        0
  MONTH TO DATE    0                         0      0        0
  SINCE DEC 1      0                         0      0        0
  SINCE JAN 1      0                         0      0        0
..................................................................


WIND (MPH)
  HIGHEST WIND SPEED    16   HIGHEST WIND DIRECTION     W (260)
  HIGHEST GUST SPEED    24   HIGHEST GUST DIRECTION     W (270)
  AVERAGE WIND SPEED     8.5


SKY COVER
  POSSIBLE SUNSHINE  MM
  AVERAGE SKY COVER 0.9


WEATHER CONDITIONS
 THE FOLLOWING WEATHER WAS RECORDED TODAY.
  FREEZING RAIN
  LT FREEZING RAIN
  SNOW
  LIGHT SNOW
  FOG
  HAZE


RELATIVE HUMIDITY (PERCENT)
 HIGHEST   100           900 AM
 LOWEST     75           300 PM
 AVERAGE    88

..........................................................


THE EAU CLAIRE WI CLIMATE NORMALS FOR TOMORROW
                         NORMAL    RECORD    YEAR
 MAXIMUM TEMPERATURE (F)   32        61      1931
 MINIMUM TEMPERATURE (F)   13       -25      1913


SUNRISE AND SUNSET
FEBRUARY 23 2018......SUNRISE   654 AM CST   SUNSET   545 PM CST
FEBRUARY 24 2018......SUNRISE   652 AM CST   SUNSET   547 PM CST


-  INDICATES NEGATIVE NUMBERS.
R  INDICATES RECORD WAS SET OR TIED.
MM INDICATES DATA IS MISSING.
T  INDICATES TRACE AMOUNT.




$$
