000
CDUS43 KMPX 180624
CLIEAU


CLIMATE REPORT
NATIONAL WEATHER SERVICE CHANHASSEN MN
1221 AM CST TUE DEC 18 2018


...................................

...THE EAU CLAIRE WI CLIMATE SUMMARY FOR DECEMBER 17 2018...

CLIMATE NORMAL PERIOD 1981 TO 2010
CLIMATE RECORD PERIOD 1893 TO 2018


WEATHER ITEM   OBSERVED TIME   RECORD YEAR NORMAL DEPARTURE LAST
                VALUE   (LST)  VALUE       VALUE  FROM      YEAR
                                                  NORMAL
..................................................................
TEMPERATURE (F)
 YESTERDAY
  MAXIMUM         33    339 PM  47    1997  26      7       29
                                      1939
                                      1923
  MINIMUM         14   1133 PM -21    1985  10      4       24
  AVERAGE         24                        18      6       27

PRECIPITATION (IN)
  YESTERDAY        0.00          0.66 1908   0.03  -0.03     0.00
  MONTH TO DATE    0.29                      0.61  -0.32     0.74
  SINCE DEC 1      0.29                      0.61  -0.32     0.74
  SINCE JAN 1     31.15                     30.59   0.56    35.16

SNOWFALL (IN)
  YESTERDAY        0.0           5.0  1908   0.3   -0.3      0.0
  MONTH TO DATE    5.0                       5.2   -0.2      5.2
  SINCE DEC 1      5.0                       5.2   -0.2      5.2
  SINCE JUL 1      9.2                      11.5   -2.3      8.5
  SNOW DEPTH       3

DEGREE DAYS
 HEATING
  YESTERDAY       41                        47     -6       38
  MONTH TO DATE  730                       750    -20      701
  SINCE DEC 1    730                       750    -20      701
  SINCE JUL 1   2729                      2496    233     2342

 COOLING
  YESTERDAY        0                         0      0        0
  MONTH TO DATE    0                         0      0        0
  SINCE DEC 1      0                         0      0        0
  SINCE JAN 1    712                       579    133      466
..................................................................


WIND (MPH)
  HIGHEST WIND SPEED    14   HIGHEST WIND DIRECTION    NW (320)
  HIGHEST GUST SPEED    20   HIGHEST GUST DIRECTION    NW (330)
  AVERAGE WIND SPEED     2.8


SKY COVER
  POSSIBLE SUNSHINE  MM
  AVERAGE SKY COVER 0.0


WEATHER CONDITIONS
 THE FOLLOWING WEATHER WAS RECORDED YESTERDAY.
  NO SIGNIFICANT WEATHER WAS OBSERVED.


RELATIVE HUMIDITY (PERCENT)
 HIGHEST    88          1000 PM
 LOWEST     47           300 PM
 AVERAGE    68

..........................................................


THE EAU CLAIRE WI CLIMATE NORMALS FOR TODAY
                         NORMAL    RECORD    YEAR
 MAXIMUM TEMPERATURE (F)   26        50      2002
 MINIMUM TEMPERATURE (F)   10       -27      1983


SUNRISE AND SUNSET
DECEMBER 18 2018......SUNRISE   739 AM CST   SUNSET   426 PM CST
DECEMBER 19 2018......SUNRISE   739 AM CST   SUNSET   427 PM CST


-  INDICATES NEGATIVE NUMBERS.
R  INDICATES RECORD WAS SET OR TIED.
MM INDICATES DATA IS MISSING.
T  INDICATES TRACE AMOUNT.




$$
