000
CDUS42 KAKQ 230606
CLIECG


CLIMATE REPORT
NATIONAL WEATHER SERVICE WAKEFIELD, VA
206 AM EDT MON APR 23 2018


...................................

...THE ELIZABETH CITY NC CLIMATE SUMMARY FOR APRIL 22 2018...

CLIMATE NORMAL PERIOD 1981 TO 2010
CLIMATE RECORD PERIOD 1934 TO 2018


WEATHER ITEM   OBSERVED TIME   RECORD YEAR NORMAL DEPARTURE LAST
                VALUE   (LST)  VALUE       VALUE  FROM      YEAR
                                                  NORMAL
..................................................................
TEMPERATURE (F)
 YESTERDAY
  MAXIMUM         66   1259 PM  95    1985  71     -5       85
  MINIMUM         41    433 AM  34    1981  50     -9       56
  AVERAGE         54                        60     -6       71

PRECIPITATION (IN)
  YESTERDAY        0.00          1.22 2012   0.11  -0.11     1.04
  MONTH TO DATE    3.27                      2.36   0.91     1.81
  SINCE MAR 1      7.69                      6.34   1.35     5.60
  SINCE JAN 1     14.33                     12.78   1.55    10.21

SNOWFALL (IN)
  YESTERDAY        0.0           0.9    MM  MM     MM
  MONTH TO DATE    0.0                      MM     MM
  SINCE NOV 1      6.8                      MM     MM
  SINCE JUL 1      6.8                      MM     MM
  SNOW DEPTH       0

DEGREE DAYS
 HEATING
  YESTERDAY       11                         6      5        0
  MONTH TO DATE  195                       182     13       76
  SINCE MAR 1    779                       647    132      551
  SINCE JUL 1   3070                      3119    -49     2646

 COOLING
  YESTERDAY        0                         1     -1        6
  MONTH TO DATE   13                        22     -9       65
  SINCE MAR 1     16                        27    -11       72
  SINCE JAN 1     45                        29     16       75
..................................................................


WIND (MPH)
  HIGHEST WIND SPEED    15   HIGHEST WIND DIRECTION     E (110)
  HIGHEST GUST SPEED    19   HIGHEST GUST DIRECTION     E (100)
  AVERAGE WIND SPEED     6.6


SKY COVER
  POSSIBLE SUNSHINE  MM
  AVERAGE SKY COVER 0.0


WEATHER CONDITIONS
 THE FOLLOWING WEATHER WAS RECORDED YESTERDAY.
  NO SIGNIFICANT WEATHER WAS OBSERVED.


RELATIVE HUMIDITY (PERCENT)
 HIGHEST    89           600 AM
 LOWEST     34          1100 AM
 AVERAGE    62

..........................................................


THE ELIZABETH CITY NC CLIMATE NORMALS FOR TODAY
                         NORMAL    RECORD    YEAR
 MAXIMUM TEMPERATURE (F)   71        95      1985
 MINIMUM TEMPERATURE (F)   50        36      1940


SUNRISE AND SUNSET
APRIL 23 2018.........SUNRISE   621 AM EDT   SUNSET   746 PM EDT
APRIL 24 2018.........SUNRISE   620 AM EDT   SUNSET   746 PM EDT


-  INDICATES NEGATIVE NUMBERS.
R  INDICATES RECORD WAS SET OR TIED.
MM INDICATES DATA IS MISSING.
T  INDICATES TRACE AMOUNT.




$$
