000
CDUS42 KAKQ 170745
CLIECG


CLIMATE REPORT
NATIONAL WEATHER SERVICE WAKEFIELD, VA
344 AM EDT WED OCT 17 2018


...................................

...THE ELIZABETH CITY NC CLIMATE SUMMARY FOR OCTOBER 16 2018...

CLIMATE NORMAL PERIOD 1981 TO 2010
CLIMATE RECORD PERIOD 1934 TO 2018


WEATHER ITEM   OBSERVED TIME   RECORD YEAR NORMAL DEPARTURE LAST
                VALUE   (LST)  VALUE       VALUE  FROM      YEAR
                                                  NORMAL
..................................................................
TEMPERATURE (F)
 YESTERDAY
  MAXIMUM         74   1223 AM  86    2008  72      2       73
  MINIMUM         65    941 PM  34    1937  52     13       57
  AVERAGE         70                        62      8       65

PRECIPITATION (IN)
  YESTERDAY        0.12          2.16 1964   0.09   0.03     0.19
  MONTH TO DATE    0.53                      1.66  -1.13     0.83
  SINCE SEP 1      4.90                      5.59  -0.69     3.25
  SINCE JAN 1     51.70                     39.55  12.15    38.39

SNOWFALL (IN)
  YESTERDAY        0.0           0.0  2002  MM     MM
  MONTH TO DATE    0.0                      MM     MM
  SINCE NOV 1      6.8                      MM     MM
  SINCE JUL 1      0.0                      MM     MM
  SNOW DEPTH       0

DEGREE DAYS
 HEATING
  YESTERDAY        0                         4     -4        0
  MONTH TO DATE    3                        45    -42        3
  SINCE SEP 1      3                        57    -54        3
  SINCE JUL 1      3                        57    -54        3

 COOLING
  YESTERDAY        5                         1      4        0
  MONTH TO DATE  164                        42    122      121
  SINCE SEP 1    601                       268    333      392
  SINCE JAN 1   2302                      1564    738     1938
..................................................................


WIND (MPH)
  HIGHEST WIND SPEED    23   HIGHEST WIND DIRECTION    NE (30)
  HIGHEST GUST SPEED    27   HIGHEST GUST DIRECTION    NE (30)
  AVERAGE WIND SPEED     8.8


SKY COVER
  POSSIBLE SUNSHINE  MM
  AVERAGE SKY COVER 0.7


WEATHER CONDITIONS
 THE FOLLOWING WEATHER WAS RECORDED YESTERDAY.
  HEAVY RAIN
  RAIN
  LIGHT RAIN
  FOG


RELATIVE HUMIDITY (PERCENT)
 HIGHEST    93           200 AM
 LOWEST     59           200 PM
 AVERAGE    76

..........................................................


THE ELIZABETH CITY NC CLIMATE NORMALS FOR TODAY
                         NORMAL    RECORD    YEAR
 MAXIMUM TEMPERATURE (F)   72        84      2011
 MINIMUM TEMPERATURE (F)   52        35      1937


SUNRISE AND SUNSET
OCTOBER 17 2018.......SUNRISE   714 AM EDT   SUNSET   626 PM EDT
OCTOBER 18 2018.......SUNRISE   714 AM EDT   SUNSET   625 PM EDT


-  INDICATES NEGATIVE NUMBERS.
R  INDICATES RECORD WAS SET OR TIED.
MM INDICATES DATA IS MISSING.
T  INDICATES TRACE AMOUNT.




$$
