000
CDUS42 KAKQ 162145
CLIECG


CLIMATE REPORT
NATIONAL WEATHER SERVICE WAKEFIELD, VA
544 PM EDT WED OCT 16 2019


...................................

...THE ELIZABETH CITY NC CLIMATE SUMMARY FOR OCTOBER 16 2019...
VALID TODAY AS OF 0500 PM LOCAL TIME.

CLIMATE NORMAL PERIOD 1981 TO 2010
CLIMATE RECORD PERIOD 1934 TO 2019


WEATHER ITEM   OBSERVED TIME   RECORD YEAR NORMAL DEPARTURE LAST
                VALUE   (LST)  VALUE       VALUE  FROM      YEAR
                                                  NORMAL
..................................................................
TEMPERATURE (F)
 TODAY
  MAXIMUM         73    310 PM  86    2008  72      1       74
  MINIMUM         62    130 AM  34    1937  52     10       65
  AVERAGE         68

PRECIPITATION (IN)
  TODAY            0.51          2.16 1964   0.09   0.42     0.12
  MONTH TO DATE    1.28                      1.66  -0.38     0.53
  SINCE SEP 1     11.89                      5.59   6.30     4.90
  SINCE JAN 1     48.68                     39.55   9.13    51.70

SNOWFALL (IN)
  TODAY            0.0
  MONTH TO DATE    0.0
  SINCE NOV 1      T
  SINCE JUL 1      0.0
  SNOW DEPTH       0

DEGREE DAYS
 HEATING
  TODAY            0
  MONTH TO DATE    6
  SINCE SEP 1      6
  SINCE JUL 1      6

 COOLING
  TODAY            3
  MONTH TO DATE   94
  SINCE SEP 1    445
  SINCE JAN 1   2213
..................................................................


WIND (MPH)
  RESULTANT WIND SPEED   6   RESULTANT WIND DIRECTION  SE (140)
  HIGHEST WIND SPEED    25   HIGHEST WIND DIRECTION     W (270)
  HIGHEST GUST SPEED    35   HIGHEST GUST DIRECTION     W (280)


SKY COVER
  POSSIBLE SUNSHINE  MM
  AVERAGE SKY COVER 0.7


WEATHER CONDITIONS
 THE FOLLOWING WEATHER WAS RECORDED TODAY.
  HEAVY RAIN
  RAIN
  LIGHT RAIN
  FOG
  FOG W/VISIBILITY <= 1/4 MILE


RELATIVE HUMIDITY (PERCENT)
 HIGHEST    93
 LOWEST     73
 AVERAGE    83

..........................................................


THE ELIZABETH CITY NC CLIMATE NORMALS FOR TOMORROW
                         NORMAL    RECORD    YEAR
 MAXIMUM TEMPERATURE (F)   72        84      2011
 MINIMUM TEMPERATURE (F)   52        35      1937


SUNRISE AND SUNSET
OCTOBER 16 2019.......SUNRISE   712 AM EDT   SUNSET   628 PM EDT
OCTOBER 17 2019.......SUNRISE   713 AM EDT   SUNSET   626 PM EDT


-  INDICATES NEGATIVE NUMBERS.
R  INDICATES RECORD WAS SET OR TIED.
MM INDICATES DATA IS MISSING.
T  INDICATES TRACE AMOUNT.




$$
