451
CDUS42 KAKQ 150553
CLIECG

CLIMATE REPORT
NATIONAL WEATHER SERVICE WAKEFIELD VA
153 AM EDT TUE JUN 15 2021

...................................

...THE ELIZABETH CITY NC CLIMATE SUMMARY FOR JUNE 14 2021...

CLIMATE NORMAL PERIOD: 1991 TO 2020
CLIMATE RECORD PERIOD: 1934 TO 2021


WEATHER ITEM   OBSERVED TIME   RECORD YEAR NORMAL DEPARTURE LAST
                VALUE   (LST)  VALUE       VALUE  FROM      YEAR
                                                  NORMAL
...................................................................
TEMPERATURE (F)
 YESTERDAY
  MAXIMUM         87   3:04 PM  98    1944  85      2       71
  MINIMUM         68   2:10 AM  49    1980  67      1       67
  AVERAGE         78                        76      2       69

PRECIPITATION (IN)
  YESTERDAY        0.00          2.28 2006   0.15  -0.15     0.04
  MONTH TO DATE    6.32                      2.11   4.21     0.87
  SINCE JUN 1      6.32                      2.11   4.21     0.87
  SINCE JAN 1     24.47                     18.71   5.76    27.12

SNOWFALL (IN)
  YESTERDAY        0.0           0.0  2002  MM     MM
  MONTH TO DATE    0.0                       0.0    0.0
  SINCE JUN 1      0.0                       0.0    0.0
  SINCE JUL 1      3.1                      MM     MM
  SNOW DEPTH       0

DEGREE DAYS
 HEATING
  YESTERDAY        0                         0      0        0
  MONTH TO DATE    1                         0      1        2
  SINCE JUN 1      1                         0      1        2
  SINCE JUL 1   2786                      3050   -264     2387

 COOLING
  YESTERDAY       13                        11      2        4
  MONTH TO DATE  157                       133     24      152
  SINCE JUN 1    157                       133     24      152
  SINCE JAN 1    364                       343     21      369
...................................................................


WIND (MPH)
  HIGHEST WIND SPEED    16   HIGHEST WIND DIRECTION     S (200)
  HIGHEST GUST SPEED    21   HIGHEST GUST DIRECTION     S (190)
  AVERAGE WIND SPEED     5.8


SKY COVER
  POSSIBLE SUNSHINE  MM
  AVERAGE SKY COVER 0.1


WEATHER CONDITIONS
THE FOLLOWING WEATHER WAS RECORDED YESTERDAY.
  NO SIGNIFICANT WEATHER WAS OBSERVED.


RELATIVE HUMIDITY (PERCENT)
 HIGHEST    93           5:00 AM
 LOWEST     55           5:00 PM
 AVERAGE    74

..........................................................


THE ELIZABETH CITY NC CLIMATE NORMALS FOR TODAY
                         NORMAL    RECORD    YEAR
 MAXIMUM TEMPERATURE (F)   86        96      1945
                                             1957
 MINIMUM TEMPERATURE (F)   67        49      1978


SUNRISE AND SUNSET
JUNE 15 2021..........SUNRISE   5:47 AM EDT   SUNSET   8:24 PM EDT
JUNE 16 2021..........SUNRISE   5:47 AM EDT   SUNSET   8:24 PM EDT


-  INDICATES NEGATIVE NUMBERS.
R  INDICATES RECORD WAS SET OR TIED.
MM INDICATES DATA IS MISSING.
T  INDICATES TRACE AMOUNT.




$$
