000
CDUS42 KAKQ 160527
CLIECG


CLIMATE REPORT
NATIONAL WEATHER SERVICE WAKEFIELD, VA
126 AM EDT MON JUL 16 2018


...................................

...THE ELIZABETH CITY NC CLIMATE SUMMARY FOR JULY 15 2018...

CLIMATE NORMAL PERIOD 1981 TO 2010
CLIMATE RECORD PERIOD 1934 TO 2018


WEATHER ITEM   OBSERVED TIME   RECORD YEAR NORMAL DEPARTURE LAST
                VALUE   (LST)  VALUE       VALUE  FROM      YEAR
                                                  NORMAL
..................................................................
TEMPERATURE (F)
 YESTERDAY
  MAXIMUM         88    345 PM  97    1997  88      0       93
                                      1995
                                      1992
  MINIMUM         66    540 AM  55    1940  70     -4       74
  AVERAGE         77                        79     -2       84

PRECIPITATION (IN)
  YESTERDAY        0.00          2.90 1938   0.17  -0.17     0.01
  MONTH TO DATE    1.47                      2.60  -1.13     3.11
  SINCE JUN 1      9.99                      7.09   2.90     6.53
  SINCE JAN 1     32.08                     24.26   7.82    23.50

SNOWFALL (IN)
  YESTERDAY        0.0           0.0  2002  MM     MM
  MONTH TO DATE    0.0                      MM     MM
  SINCE NOV 1      6.8                      MM     MM
  SINCE JUL 1      0.0                      MM     MM
  SNOW DEPTH       0

DEGREE DAYS
 HEATING
  YESTERDAY        0                         0      0        0
  MONTH TO DATE    0                         0      0        0
  SINCE JUN 1      0                         3     -3        4
  SINCE JUL 1      0                         0      0        0

 COOLING
  YESTERDAY       12                        14     -2       19
  MONTH TO DATE  208                       205      3      261
  SINCE JUN 1    622                       519    103      609
  SINCE JAN 1    966                       683    283      907
..................................................................


WIND (MPH)
  HIGHEST WIND SPEED    13   HIGHEST WIND DIRECTION    SW (210)
  HIGHEST GUST SPEED    17   HIGHEST GUST DIRECTION    SW (220)
  AVERAGE WIND SPEED     5.5


SKY COVER
  POSSIBLE SUNSHINE  MM
  AVERAGE SKY COVER 0.0


WEATHER CONDITIONS
 THE FOLLOWING WEATHER WAS RECORDED YESTERDAY.
  NO SIGNIFICANT WEATHER WAS OBSERVED.


RELATIVE HUMIDITY (PERCENT)
 HIGHEST   100           500 AM
 LOWEST     45           100 PM
 AVERAGE    73

..........................................................


THE ELIZABETH CITY NC CLIMATE NORMALS FOR TODAY
                         NORMAL    RECORD    YEAR
 MAXIMUM TEMPERATURE (F)   88        98      1995
                                             1937
 MINIMUM TEMPERATURE (F)   70        61      1939


SUNRISE AND SUNSET
JULY 16 2018..........SUNRISE   600 AM EDT   SUNSET   822 PM EDT
JULY 17 2018..........SUNRISE   600 AM EDT   SUNSET   821 PM EDT


-  INDICATES NEGATIVE NUMBERS.
R  INDICATES RECORD WAS SET OR TIED.
MM INDICATES DATA IS MISSING.
T  INDICATES TRACE AMOUNT.




$$
