000
CDUS42 KAKQ 212226
CLIECG


CLIMATE REPORT
NATIONAL WEATHER SERVICE WAKEFIELD, VA
525 PM EST MON JAN 21 2019


...................................

...THE ELIZABETH CITY NC CLIMATE SUMMARY FOR JANUARY 21 2019...
VALID TODAY AS OF 0500 PM LOCAL TIME.

CLIMATE NORMAL PERIOD 1981 TO 2010
CLIMATE RECORD PERIOD 1934 TO 2019


WEATHER ITEM   OBSERVED TIME   RECORD YEAR NORMAL DEPARTURE LAST
                VALUE   (LST)  VALUE       VALUE  FROM      YEAR
                                                  NORMAL
..................................................................
TEMPERATURE (F)
 TODAY
  MAXIMUM         30    326 PM  75    1935  51    -21       65
  MINIMUM         22    804 AM  -2    1985  32    -10       34
  AVERAGE         26

PRECIPITATION (IN)
  TODAY            0.00          0.87 1981   0.09  -0.09     0.00
  MONTH TO DATE    2.41                      2.10   0.31     1.56
  SINCE DEC 1      7.04                      4.66   2.38     4.62
  SINCE JAN 1      2.41                      2.10   0.31     1.56

SNOWFALL (IN)
  TODAY            0.0
  MONTH TO DATE    0.0
  SINCE NOV 1      0.0
  SINCE JUL 1      0.0
  SNOW DEPTH       0

DEGREE DAYS
 HEATING
  TODAY           39
  MONTH TO DATE  401
  SINCE DEC 1    922
  SINCE JUL 1   1439

 COOLING
  TODAY            0
  MONTH TO DATE    0
  SINCE DEC 1      0
  SINCE JAN 1      0
..................................................................


WIND (MPH)
  RESULTANT WIND SPEED  17   RESULTANT WIND DIRECTION  NW (310)
  HIGHEST WIND SPEED    26   HIGHEST WIND DIRECTION    NW (310)
  HIGHEST GUST SPEED    35   HIGHEST GUST DIRECTION    NW (320)


SKY COVER
  POSSIBLE SUNSHINE  MM
  AVERAGE SKY COVER 0.0


WEATHER CONDITIONS
 THE FOLLOWING WEATHER WAS RECORDED TODAY.
  NO SIGNIFICANT WEATHER WAS OBSERVED.


RELATIVE HUMIDITY (PERCENT)
 HIGHEST    53
 LOWEST     27
 AVERAGE    40

..........................................................


THE ELIZABETH CITY NC CLIMATE NORMALS FOR TOMORROW
                         NORMAL    RECORD    YEAR
 MAXIMUM TEMPERATURE (F)   51        79      1937
 MINIMUM TEMPERATURE (F)   32         9      2014


SUNRISE AND SUNSET
JANUARY 21 2019.......SUNRISE   713 AM EST   SUNSET   519 PM EST
JANUARY 22 2019.......SUNRISE   712 AM EST   SUNSET   520 PM EST


-  INDICATES NEGATIVE NUMBERS.
R  INDICATES RECORD WAS SET OR TIED.
MM INDICATES DATA IS MISSING.
T  INDICATES TRACE AMOUNT.




$$
