000
CDUS45 KVEF 260026
CLIEED


CLIMATE REPORT
NATIONAL WEATHER SERVICE LAS VEGAS, NV
426 PM PST SUN FEB 25 2018


...................................

...THE NEEDLES CA CLIMATE SUMMARY FOR FEBRUARY 25 2018...
VALID TODAY AS OF 0400 PM LOCAL TIME.

CLIMATE NORMAL PERIOD 1981 TO 2010
CLIMATE RECORD PERIOD 1888 TO 2018


WEATHER ITEM   OBSERVED TIME   RECORD YEAR NORMAL DEPARTURE LAST
                VALUE   (LST)  VALUE       VALUE  FROM      YEAR
                                                  NORMAL
..................................................................
TEMPERATURE (F)
 TODAY
  MAXIMUM         64    331 PM  90    1986  72     -8       68
  MINIMUM         37    540 AM  31    1960  48    -11       41
                                      1909
  AVERAGE         51                        60     -9       55

PRECIPITATION (IN)
  TODAY            0.00          0.79 2003   0.03  -0.03     0.00
  MONTH TO DATE    T                         0.71  -0.71     0.85
  SINCE OCT 1      0.41                      2.60  -2.19     2.85
  SINCE JAN 1      0.41                      1.43  -1.02     1.81

SNOWFALL (IN)
  TODAY            0.0          MM      MM   0.0    0.0      0.0
  MONTH TO DATE    0.0                       0.0    0.0      0.0
  SINCE DEC 1      0.0                       0.0    0.0      0.0
  SINCE JUL 1      0.0                       0.0    0.0      0.0

DEGREE DAYS
 HEATING
  TODAY           14                         5      9       10
  MONTH TO DATE  129                       183    -54       60
  SINCE DEC 1    460                       892   -432      633
  SINCE JUL 1    472                      1040   -568      711

 COOLING
  TODAY            0                         1     -1        0
  MONTH TO DATE   27                         4     23       41
  SINCE DEC 1     37                         5     32       42
  SINCE JAN 1     33                         5     28       41
..................................................................


WIND (MPH)
  RESULTANT WIND SPEED   7   RESULTANT WIND DIRECTION   N (10)
  HIGHEST WIND SPEED    21   HIGHEST WIND DIRECTION    NE (40)
  HIGHEST GUST SPEED    26   HIGHEST GUST DIRECTION     N (20)
  AVERAGE WIND SPEED     9.4


SKY COVER
  POSSIBLE SUNSHINE  MM
  AVERAGE SKY COVER 0.0


WEATHER CONDITIONS
 THE FOLLOWING WEATHER WAS RECORDED TODAY.
  NO SIGNIFICANT WEATHER WAS OBSERVED.


RELATIVE HUMIDITY (PERCENT)
 HIGHEST    23           700 AM
 LOWEST      7           300 PM
 AVERAGE    15

..........................................................


THE NEEDLES CA CLIMATE NORMALS FOR TOMORROW
                         NORMAL    RECORD    YEAR
 MAXIMUM TEMPERATURE (F)   73        92      1986
 MINIMUM TEMPERATURE (F)   49        33      1919
                                             1909


SUNRISE AND SUNSET
FEBRUARY 25 2018......SUNRISE   613 AM PST   SUNSET   531 PM PST
FEBRUARY 26 2018......SUNRISE   611 AM PST   SUNSET   532 PM PST


-  INDICATES NEGATIVE NUMBERS.
R  INDICATES RECORD WAS SET OR TIED.
MM INDICATES DATA IS MISSING.
T  INDICATES TRACE AMOUNT.




$$
