000
CDUS45 KVEF 210830
CLIEED


CLIMATE REPORT
NATIONAL WEATHER SERVICE LAS VEGAS, NV
129 AM PDT TUE AUG 21 2018


...................................

...THE NEEDLES CA CLIMATE SUMMARY FOR AUGUST 20 2018...

CLIMATE NORMAL PERIOD 1981 TO 2010
CLIMATE RECORD PERIOD 1888 TO 2018


WEATHER ITEM   OBSERVED TIME   RECORD YEAR NORMAL DEPARTURE LAST
                VALUE   (LST)  VALUE       VALUE  FROM      YEAR
                                                  NORMAL
..................................................................
TEMPERATURE (F)
 YESTERDAY
  MAXIMUM        113    356 PM 120    1919 107      6      108
  MINIMUM         95    344 AM  60    1917  82     13       86
  AVERAGE        104                        94     10       97

PRECIPITATION (IN)
  YESTERDAY        0.00          0.40 1951   0.01  -0.01      T
  MONTH TO DATE    0.17                      0.25  -0.08      T
  SINCE OCT 1      1.94                      3.96  -2.02     3.19
  SINCE JAN 1      1.94                      2.79  -0.85     2.15

SNOWFALL (IN)
  YESTERDAY        0.0          MM      MM   0.0             0.0
  MONTH TO DATE    0.0                       0.0             0.0
  SINCE JUN 1      0.0                       0.0             0.0
  SINCE JUL 1      0.0                       0.0             0.0

DEGREE DAYS
 HEATING
  YESTERDAY        0

 COOLING
  YESTERDAY       39
..................................................................


WIND (MPH)
  HIGHEST WIND SPEED    24   HIGHEST WIND DIRECTION    SW (220)
  HIGHEST GUST SPEED    33   HIGHEST GUST DIRECTION    SW (210)
  AVERAGE WIND SPEED    12.6


SKY COVER
  POSSIBLE SUNSHINE  MM
  AVERAGE SKY COVER 0.0


WEATHER CONDITIONS
 THE FOLLOWING WEATHER WAS RECORDED YESTERDAY.
  NO SIGNIFICANT WEATHER WAS OBSERVED.


RELATIVE HUMIDITY (PERCENT)
 HIGHEST    35
 LOWEST     11
 AVERAGE    23

..........................................................


THE NEEDLES CA CLIMATE NORMALS FOR TODAY
                         NORMAL    RECORD    YEAR
 MAXIMUM TEMPERATURE (F)  107       116      2006
 MINIMUM TEMPERATURE (F)   82        60      1918


SUNRISE AND SUNSET
AUGUST 21 2018........SUNRISE   603 AM PDT   SUNSET   719 PM PDT
AUGUST 22 2018........SUNRISE   604 AM PDT   SUNSET   718 PM PDT


-  INDICATES NEGATIVE NUMBERS.
R  INDICATES RECORD WAS SET OR TIED.
MM INDICATES DATA IS MISSING.
T  INDICATES TRACE AMOUNT.




$$
