000
CDUS45 KVEF 210834
CLIEED


CLIMATE REPORT
NATIONAL WEATHER SERVICE LAS VEGAS, NV
130 AM PDT MON OCT 21 2019


...................................

...THE NEEDLES CA CLIMATE SUMMARY FOR OCTOBER 20 2019...

CLIMATE NORMAL PERIOD 1981 TO 2010
CLIMATE RECORD PERIOD 1888 TO 2019


WEATHER ITEM   OBSERVED TIME   RECORD YEAR NORMAL DEPARTURE LAST
                VALUE   (LST)  VALUE       VALUE  FROM      YEAR
                                                  NORMAL
..................................................................
TEMPERATURE (F)
 YESTERDAY
  MAXIMUM         83    214 PM 102    2003  86     -3       91
  MINIMUM         58    527 AM  40    1949  60     -2       71
  AVERAGE         71                        73     -2       81

PRECIPITATION (IN)
  YESTERDAY        0.00          0.47 1978   0.01  -0.01      T
  MONTH TO DATE    0.00                      0.16  -0.16     0.58
  SINCE OCT 1      0.00                      0.16  -0.16     0.58
  SINCE JAN 1      4.76                      3.61   1.15     2.52

DEGREE DAYS
 HEATING
  YESTERDAY        0

 COOLING
  YESTERDAY        6
..................................................................


WIND (MPH)
  HIGHEST WIND SPEED    31   HIGHEST WIND DIRECTION     N (10)
  HIGHEST GUST SPEED    35   HIGHEST GUST DIRECTION     N (10)
  AVERAGE WIND SPEED    13.0


SKY COVER
  POSSIBLE SUNSHINE  MM
  AVERAGE SKY COVER 0.0


WEATHER CONDITIONS
 THE FOLLOWING WEATHER WAS RECORDED YESTERDAY.
  NO SIGNIFICANT WEATHER WAS OBSERVED.


RELATIVE HUMIDITY (PERCENT)
 HIGHEST    21
 LOWEST      7
 AVERAGE    14

..........................................................


THE NEEDLES CA CLIMATE NORMALS FOR TODAY
                         NORMAL    RECORD    YEAR
 MAXIMUM TEMPERATURE (F)   85       101      2003
 MINIMUM TEMPERATURE (F)   60        39      1949


SUNRISE AND SUNSET
OCTOBER 21 2019.......SUNRISE   649 AM PDT   SUNSET   557 PM PDT
OCTOBER 22 2019.......SUNRISE   650 AM PDT   SUNSET   555 PM PDT


-  INDICATES NEGATIVE NUMBERS.
R  INDICATES RECORD WAS SET OR TIED.
MM INDICATES DATA IS MISSING.
T  INDICATES TRACE AMOUNT.




$$
