000
CDUS45 KVEF 040828
CLIEED

CLIMATE REPORT
NATIONAL WEATHER SERVICE LAS VEGAS, NV
128 AM PDT TUE AUG 04 2020

...................................

...THE NEEDLES CA CLIMATE SUMMARY FOR AUGUST 3 2020...

CLIMATE NORMAL PERIOD: 1981 TO 2010
CLIMATE RECORD PERIOD: 1888 TO 2020


WEATHER ITEM   OBSERVED TIME   RECORD YEAR NORMAL DEPARTURE LAST
                VALUE   (LST)  VALUE       VALUE  FROM      YEAR
                                                  NORMAL
...................................................................
TEMPERATURE (F)
 YESTERDAY
  MAXIMUM        114   3:10 PM 119    1918 108      6      117
                                      1969
  MINIMUM         82   5:01 AM  64    1937  85     -3       92
  AVERAGE         98                        96      2      105

PRECIPITATION (IN)
  YESTERDAY        0.00          0.49 2014   0.01  -0.01     0.00
  MONTH TO DATE    0.00                      0.03  -0.03     0.00
  SINCE OCT 1      6.86                      3.74   3.12     5.19
  SINCE JAN 1      3.14                      2.57   0.57     4.16

DEGREE DAYS
 HEATING
  YESTERDAY        0                         0      0        0
  MONTH TO DATE    0                         0      0        0
  SINCE JUN 1      0                         0      0        0
  SINCE JUL 1      0                         0      0        0

 COOLING
  YESTERDAY       33                        31      2       40
  MONTH TO DATE  107                        93     14      114
  SINCE JUN 1   1961                      1842    119     1997
  SINCE JAN 1   2895                      2671    224     2796
...................................................................


WIND (MPH)
  RESULTANT WIND SPEED   5   RESULTANT WIND DIRECTION  SW (220)
  HIGHEST WIND SPEED    18   HIGHEST WIND DIRECTION    SW (240)
  HIGHEST GUST SPEED    21   HIGHEST GUST DIRECTION     W (250)
  AVERAGE WIND SPEED     7.3


SKY COVER
  AVERAGE SKY COVER 0.2


WEATHER CONDITIONS
THE FOLLOWING WEATHER WAS RECORDED YESTERDAY.
  NO SIGNIFICANT WEATHER WAS OBSERVED.


RELATIVE HUMIDITY (PERCENT)
 HIGHEST    22           5:00 AM
 LOWEST      3           6:00 PM
 AVERAGE    13

..........................................................


THE NEEDLES CA CLIMATE NORMALS FOR TODAY
                         NORMAL    RECORD    YEAR
 MAXIMUM TEMPERATURE (F)  108       117      1969
                                             2018
                                             2019
 MINIMUM TEMPERATURE (F)   84        66      1919


SUNRISE AND SUNSET
AUGUST  4 2020........SUNRISE   5:51 AM PDT   SUNSET   7:37 PM PDT
AUGUST  5 2020........SUNRISE   5:52 AM PDT   SUNSET   7:36 PM PDT


-  INDICATES NEGATIVE NUMBERS.
R  INDICATES RECORD WAS SET OR TIED.
MM INDICATES DATA IS MISSING.
T  INDICATES TRACE AMOUNT.




$$
