000
CDUS45 KVEF 100823
CLIEED

CLIMATE REPORT
NATIONAL WEATHER SERVICE LAS VEGAS, NV
123 AM PDT MON MAY 10 2021

...................................

...THE NEEDLES CA CLIMATE SUMMARY FOR MAY 9 2021...

CLIMATE NORMAL PERIOD: 1991 TO 2020
CLIMATE RECORD PERIOD: 1888 TO 2021


WEATHER ITEM   OBSERVED TIME   RECORD YEAR NORMAL DEPARTURE LAST
                VALUE   (LST)  VALUE       VALUE  FROM      YEAR
                                                  NORMAL
...................................................................
TEMPERATURE (F)
 YESTERDAY
  MAXIMUM         98   2:37 PM 110    1923  94      4      106
                                      2018
  MINIMUM         68   5:15 AM  45    1930  68      0       74
  AVERAGE         83                        81      2       90

PRECIPITATION (IN)
  YESTERDAY        0.00          0.19 1922   0.00   0.00     0.00
  MONTH TO DATE    0.00                      0.02  -0.02     0.00
  SINCE OCT 1      0.14                      3.23  -3.09     6.86
  SINCE JAN 1      0.11                      2.23  -2.12     3.14

DEGREE DAYS
 HEATING
  YESTERDAY        0                         0      0        0
  MONTH TO DATE    0                         0      0        0
  SINCE MAR 1     98                        74     24       83
  SINCE JUL 1    954                       939     15     1056

 COOLING
  YESTERDAY       18                        16      2       25
  MONTH TO DATE  174                       129     45      193
  SINCE MAR 1    586                       514     72      481
  SINCE JAN 1    589                       534     55      482
...................................................................


WIND (MPH)
  RESULTANT WIND SPEED   5   RESULTANT WIND DIRECTION  SW (240)
  HIGHEST WIND SPEED    25   HIGHEST WIND DIRECTION    SW (230)
  HIGHEST GUST SPEED    30   HIGHEST GUST DIRECTION    SW (210)
  AVERAGE WIND SPEED     9.8


SKY COVER
  AVERAGE SKY COVER 0.0


WEATHER CONDITIONS
THE FOLLOWING WEATHER WAS RECORDED YESTERDAY.
  NO SIGNIFICANT WEATHER WAS OBSERVED.


RELATIVE HUMIDITY (PERCENT)
 HIGHEST    18          10:00 PM
 LOWEST      4           4:00 PM
 AVERAGE    11

..........................................................


THE NEEDLES CA CLIMATE NORMALS FOR TODAY
                         NORMAL    RECORD    YEAR
 MAXIMUM TEMPERATURE (F)   94       110      1960
 MINIMUM TEMPERATURE (F)   68        46      1909


SUNRISE AND SUNSET
MAY 10 2021...........SUNRISE   5:39 AM PDT   SUNSET   7:31 PM PDT
MAY 11 2021...........SUNRISE   5:38 AM PDT   SUNSET   7:32 PM PDT


-  INDICATES NEGATIVE NUMBERS.
R  INDICATES RECORD WAS SET OR TIED.
MM INDICATES DATA IS MISSING.
T  INDICATES TRACE AMOUNT.




$$
