785
CDUS45 KVEF 180827
CLIEED


CLIMATE REPORT
NATIONAL WEATHER SERVICE LAS VEGAS, NV
1226 AM PST SUN NOV 18 2018


...................................

...THE NEEDLES CA CLIMATE SUMMARY FOR NOVEMBER 17 2018...

CLIMATE NORMAL PERIOD 1981 TO 2010
CLIMATE RECORD PERIOD 1888 TO 2018


WEATHER ITEM   OBSERVED TIME   RECORD YEAR NORMAL DEPARTURE LAST
                VALUE   (LST)  VALUE       VALUE  FROM      YEAR
                                                  NORMAL
..................................................................
TEMPERATURE (F)
 YESTERDAY
  MAXIMUM         77    305 PM  86    2008  73      4       82
  MINIMUM         49    612 AM  34    1958  50     -1       67
  AVERAGE         63                        61      2       75

PRECIPITATION (IN)
  YESTERDAY        0.00          0.50 1899   0.01  -0.01      T
  MONTH TO DATE    0.00                      0.21  -0.21      T
  SINCE OCT 1      0.58                      0.47   0.11      T
  SINCE JAN 1      2.52                      3.92  -1.40     2.57

SNOWFALL (IN)
  YESTERDAY        0.0          MM      MM   0.0             0.0
  MONTH TO DATE    0.0                       0.0             0.0
  SINCE SEP 1      0.0                       0.0             0.0
  SINCE JUL 1      0.0                       0.0             0.0

DEGREE DAYS
 HEATING
  YESTERDAY        2

 COOLING
  YESTERDAY        0
..................................................................


WIND (MPH)
  HIGHEST WIND SPEED    13   HIGHEST WIND DIRECTION     W (250)
  HIGHEST GUST SPEED    15   HIGHEST GUST DIRECTION    SW (230)
  AVERAGE WIND SPEED     4.7


SKY COVER
  POSSIBLE SUNSHINE  MM
  AVERAGE SKY COVER 0.0


WEATHER CONDITIONS
 THE FOLLOWING WEATHER WAS RECORDED YESTERDAY.
  NO SIGNIFICANT WEATHER WAS OBSERVED.


RELATIVE HUMIDITY (PERCENT)
 HIGHEST    26
 LOWEST     12
 AVERAGE    19

..........................................................


THE NEEDLES CA CLIMATE NORMALS FOR TODAY
                         NORMAL    RECORD    YEAR
 MAXIMUM TEMPERATURE (F)   72        84      1995
                                             1967
                                             1934
 MINIMUM TEMPERATURE (F)   49        32      1958


SUNRISE AND SUNSET
NOVEMBER 18 2018......SUNRISE   615 AM PST   SUNSET   432 PM PST
NOVEMBER 19 2018......SUNRISE   616 AM PST   SUNSET   431 PM PST


-  INDICATES NEGATIVE NUMBERS.
R  INDICATES RECORD WAS SET OR TIED.
MM INDICATES DATA IS MISSING.
T  INDICATES TRACE AMOUNT.




$$
