000
CDUS44 KBMX 152224
CLIEET


CLIMATE REPORT
NATIONAL WEATHER SERVICE BIRMINGHAM, AL
424 PM CST SAT DEC 15 2018


...................................

...THE SHELBY COUNTY AIRPORT CLIMATE SUMMARY FOR DECEMBER 15 2018...
VALID TODAY AS OF 0400 PM LOCAL TIME.

CLIMATE NORMAL PERIOD 1981 TO 2010
CLIMATE RECORD PERIOD 9999 TO 9999


WEATHER ITEM   OBSERVED TIME   RECORD YEAR NORMAL DEPARTURE LAST
                VALUE   (LST)  VALUE       VALUE  FROM      YEAR
                                                  NORMAL
..................................................................
TEMPERATURE (F)
 TODAY
  MAXIMUM         51   1109 AM  MM      MM  56     -5       44
  MINIMUM         46    226 AM  MM      MM  37      9       27
  AVERAGE         49                        46      3       36

PRECIPITATION (IN)
  TODAY            0.01                      0.15  -0.14     0.00
  MONTH TO DATE    5.82                      2.37   3.45     1.23
  SINCE DEC 1      5.82                      2.37   3.45     1.23
  SINCE JAN 1     62.51                     52.25  10.26    61.24

SNOWFALL (IN)
  TODAY           MM                        MM     MM        0.0
  MONTH TO DATE    0.0                      MM     MM        5.0
  SINCE DEC 1      0.0                      MM     MM        5.0
  SINCE JUL 1      T                        MM     MM        5.0
  SNOW DEPTH       0

DEGREE DAYS
 HEATING
  TODAY           16                        19     -3       29
  MONTH TO DATE  280                       255     25      285
  SINCE DEC 1    280                       255     25      285
  SINCE JUL 1    808                       699    109      670
..................................................................


WIND (MPH)
  HIGHEST WIND SPEED    10   HIGHEST WIND DIRECTION     S (180)
  HIGHEST GUST SPEED    14   HIGHEST GUST DIRECTION    SW (220)
  AVERAGE WIND SPEED     3.9


SKY COVER
  POSSIBLE SUNSHINE  MM
  AVERAGE SKY COVER 0.9


WEATHER CONDITIONS
 THE FOLLOWING WEATHER WAS RECORDED TODAY.
  LIGHT RAIN
  FOG


RELATIVE HUMIDITY (PERCENT)
 HIGHEST   100           500 AM
 LOWEST     74          1100 AM
 AVERAGE    87

..........................................................


THE SHELBY COUNTY AIRPORT CLIMATE NORMALS FOR TOMORROW
                         NORMAL    RECORD    YEAR
 MAXIMUM TEMPERATURE (F)   56        MM        MM
 MINIMUM TEMPERATURE (F)   37        MM        MM


SUNRISE AND SUNSET
DECEMBER 15 2018......SUNRISE   643 AM CST   SUNSET   442 PM CST
DECEMBER 16 2018......SUNRISE   644 AM CST   SUNSET   442 PM CST


-  INDICATES NEGATIVE NUMBERS.
R  INDICATES RECORD WAS SET OR TIED.
MM INDICATES DATA IS MISSING.
T  INDICATES TRACE AMOUNT.




$$
