000
CDUS44 KBMX 040810
CLIEET


CLIMATE REPORT
NATIONAL WEATHER SERVICE BIRMINGHAM, AL
300 AM CDT THU JUN 4 2020


...................................

...THE SHELBY COUNTY AIRPORT CLIMATE SUMMARY FOR JUNE 3 2020...

CLIMATE NORMAL PERIOD 1981 TO 2010
CLIMATE RECORD PERIOD 9999 TO 9999


WEATHER ITEM   OBSERVED TIME   RECORD YEAR NORMAL DEPARTURE LAST
                VALUE   (LST)  VALUE       VALUE  FROM      YEAR
                                                  NORMAL
..................................................................
TEMPERATURE (F)
 YESTERDAY
  MAXIMUM         88   1228 PM  MM      MM  85      3       93
  MINIMUM         69    456 AM  MM      MM  65      4       67
  AVERAGE         79                        75      4       80

PRECIPITATION (IN)
  YESTERDAY        0.00                      0.16  -0.16     0.00
  MONTH TO DATE    0.00                      0.50  -0.50     0.00
  SINCE JUN 1      0.00                      0.50  -0.50     0.00
  SINCE JAN 1     38.35                     24.43  13.92    25.21

DEGREE DAYS
 COOLING
  YESTERDAY       14                        10      4       15
  MONTH TO DATE   39                        30      9       40
  SINCE JUN 1     39                        30      9       40
  SINCE JAN 1    355                       299     56      437
..................................................................


WIND (MPH)
  HIGHEST WIND SPEED    10   HIGHEST WIND DIRECTION    NW (300)
  HIGHEST GUST SPEED    15   HIGHEST GUST DIRECTION    NW (320)
  AVERAGE WIND SPEED     2.8


SKY COVER
  POSSIBLE SUNSHINE  MM
  AVERAGE SKY COVER 0.2


WEATHER CONDITIONS
 THE FOLLOWING WEATHER WAS RECORDED YESTERDAY.
  FOG
  HAZE


RELATIVE HUMIDITY (PERCENT)
 HIGHEST    97           400 AM
 LOWEST     57           100 PM
 AVERAGE    77

..........................................................


THE SHELBY COUNTY AIRPORT CLIMATE NORMALS FOR TODAY
                         NORMAL    RECORD    YEAR
 MAXIMUM TEMPERATURE (F)   85        MM        MM
 MINIMUM TEMPERATURE (F)   65        MM        MM


SUNRISE AND SUNSET
JUNE  4 2020..........SUNRISE   538 AM CDT   SUNSET   753 PM CDT
JUNE  5 2020..........SUNRISE   538 AM CDT   SUNSET   754 PM CDT


-  INDICATES NEGATIVE NUMBERS.
R  INDICATES RECORD WAS SET OR TIED.
MM INDICATES DATA IS MISSING.
T  INDICATES TRACE AMOUNT.




$$
