000
CDUS44 KBMX 210738
CLIEET


CLIMATE REPORT
NATIONAL WEATHER SERVICE BIRMINGHAM, AL
238 AM CDT THU JUN 21 2018


...................................

...THE SHELBY COUNTY AIRPORT CLIMATE SUMMARY FOR JUNE 20 2018...

CLIMATE NORMAL PERIOD 1981 TO 2010
CLIMATE RECORD PERIOD 9999 TO 9999


WEATHER ITEM   OBSERVED TIME   RECORD YEAR NORMAL DEPARTURE LAST
                VALUE   (LST)  VALUE       VALUE  FROM      YEAR
                                                  NORMAL
..................................................................
TEMPERATURE (F)
 YESTERDAY
  MAXIMUM         92    249 PM  MM      MM  88      4       80
  MINIMUM         73    442 AM  MM      MM  69      4       72
  AVERAGE         83                        78      5       76

PRECIPITATION (IN)
  YESTERDAY        0.00                      0.14  -0.14     0.65
  MONTH TO DATE    2.25                      3.15  -0.90     5.54
  SINCE JUN 1      2.25                      3.15  -0.90     5.54
  SINCE JAN 1     32.56                     27.08   5.48    33.32

DEGREE DAYS
 COOLING
  YESTERDAY       18                        13      5       11
  MONTH TO DATE  298                       233     65      243
  SINCE JUN 1    298                       233     65      243
  SINCE JAN 1    702                       502    200      665
..................................................................


WIND (MPH)
  HIGHEST WIND SPEED     7   HIGHEST WIND DIRECTION     N (350)
  HIGHEST GUST SPEED    11   HIGHEST GUST DIRECTION     W (260)
  AVERAGE WIND SPEED     1.2


SKY COVER
  POSSIBLE SUNSHINE  MM
  AVERAGE SKY COVER 0.0


WEATHER CONDITIONS
 THE FOLLOWING WEATHER WAS RECORDED YESTERDAY.
  NO SIGNIFICANT WEATHER WAS OBSERVED.


RELATIVE HUMIDITY (PERCENT)
 HIGHEST    94          1200 AM
 LOWEST     47          1000 AM
 AVERAGE    71

..........................................................


THE SHELBY COUNTY AIRPORT CLIMATE NORMALS FOR TODAY
                         NORMAL    RECORD    YEAR
 MAXIMUM TEMPERATURE (F)   88        MM        MM
 MINIMUM TEMPERATURE (F)   69        MM        MM


SUNRISE AND SUNSET
JUNE 21 2018..........SUNRISE   539 AM CDT   SUNSET   759 PM CDT
JUNE 22 2018..........SUNRISE   539 AM CDT   SUNSET   800 PM CDT


-  INDICATES NEGATIVE NUMBERS.
R  INDICATES RECORD WAS SET OR TIED.
MM INDICATES DATA IS MISSING.
T  INDICATES TRACE AMOUNT.




$$
