000
CDUS44 KBMX 240808
CLIEET

CLIMATE REPORT
NATIONAL WEATHER SERVICE BIRMINGHAM AL
308 AM CDT SAT OCT 24 2020

...................................

...THE SHELBY COUNTY AIRPORT CLIMATE SUMMARY FOR OCTOBER 23 2020...

CLIMATE NORMAL PERIOD 1981 TO 2010
CLIMATE RECORD PERIOD 9999 TO 9999


WEATHER ITEM   OBSERVED TIME   RECORD YEAR NORMAL DEPARTURE LAST
                VALUE   (LST)  VALUE       VALUE  FROM      YEAR
                                                  NORMAL
...................................................................
TEMPERATURE (F)
 YESTERDAY
  MAXIMUM         84    208 PM  MM      MM  73     11       72
  MINIMUM         63    523 AM  MM      MM  50     13       39
  AVERAGE         74                        62     12       56

PRECIPITATION (IN)
  YESTERDAY        0.00                      0.10  -0.10     0.00
  MONTH TO DATE    3.02                      2.18   0.84     0.84
  SINCE SEP 1      5.00                      6.01  -1.01     1.22
  SINCE JAN 1     53.84                     44.09   9.75    34.71

SNOWFALL (IN)
  YESTERDAY        0.0                      MM     MM        0.0
  MONTH TO DATE    0.0                       0.0    0.0      0.0
  SINCE SEP 1      0.0                      MM     MM        0.0
  SINCE JUL 1      0.0                      MM     MM        0.0
  SNOW DEPTH      MM

DEGREE DAYS
 HEATING
  YESTERDAY        0                         5     -5        9
  MONTH TO DATE   31                        65    -34       52
  SINCE SEP 1     39                        72    -33       52
  SINCE JUL 1     39                        72    -33       52

 COOLING
  YESTERDAY        9                         2      7        0
  MONTH TO DATE   92                        68     24      169
  SINCE SEP 1    406                       354     52      675
  SINCE JAN 1   2113                      1952    161     2495
...................................................................


WIND (MPH)
  HIGHEST WIND SPEED     9   HIGHEST WIND DIRECTION    SE (150)
  HIGHEST GUST SPEED    12   HIGHEST GUST DIRECTION    SE (140)
  AVERAGE WIND SPEED     2.2


SKY COVER
  POSSIBLE SUNSHINE  MM
  AVERAGE SKY COVER 0.2


WEATHER CONDITIONS
THE FOLLOWING WEATHER WAS RECORDED YESTERDAY.
  NO SIGNIFICANT WEATHER WAS OBSERVED.


RELATIVE HUMIDITY (PERCENT)
 HIGHEST    97           700 AM
 LOWEST     60           200 PM
 AVERAGE    79

..........................................................


THE SHELBY COUNTY AIRPORT CLIMATE NORMALS FOR TODAY
                         NORMAL    RECORD    YEAR
 MAXIMUM TEMPERATURE (F)   73        MM        MM
 MINIMUM TEMPERATURE (F)   50        MM        MM


SUNRISE AND SUNSET
OCTOBER 24 2020.......SUNRISE   659 AM CDT   SUNSET   603 PM CDT
OCTOBER 25 2020.......SUNRISE   700 AM CDT   SUNSET   602 PM CDT


-  INDICATES NEGATIVE NUMBERS.
R  INDICATES RECORD WAS SET OR TIED.
MM INDICATES DATA IS MISSING.
T  INDICATES TRACE AMOUNT.




$$
