000
CDUS46 KEKA 200014
CLIEKA

CLIMATE REPORT
NATIONAL WEATHER SERVICE
514 PM PDT MON OCT 19 2020

...................................

...THE EUREKA CA CLIMATE SUMMARY FOR OCTOBER 19 2020...
VALID TODAY AS OF 0500 PM LOCAL TIME.

CLIMATE NORMAL PERIOD: 1981 TO 2010
CLIMATE RECORD PERIOD: 1886 TO 2020


WEATHER ITEM   OBSERVED RECORD YEAR NORMAL DEPARTURE LAST
                VALUE   VALUE       VALUE  FROM      YEAR
                                           NORMAL
............................................................
TEMPERATURE (F)
 TODAY
  MAXIMUM         60     78    1913  62     -2       62
  MINIMUM         52     34    1949  47      5       47
  AVERAGE         56                 54      2       55

PRECIPITATION (IN)
  TODAY            0.01   1.99 2007   0.08  -0.07     0.49
  MONTH TO DATE    0.40               1.01  -0.61     1.49
  SINCE OCT 1      0.40               1.01  -0.61     1.49
  SINCE JAN 1     20.02              25.37  -5.35    34.60

SNOWFALL (IN)
  TODAY            0.0    0.0  2001   0.0    0.0      0.0
                               2002
  MONTH TO DATE    0.0                0.0    0.0      0.0
  SINCE SEP 1      0.0                0.0    0.0      0.0
  SINCE JUL 1      0.0                0.0    0.0      0.0
  SNOW DEPTH       0

............................................................


WIND (MPH)
  HIGHEST WIND SPEED     5   HIGHEST WIND DIRECTION    NE (35)
  HIGHEST GUST SPEED     6   HIGHEST GUST DIRECTION    MM
  AVERAGE WIND SPEED     1.7


SKY COVER
  AVERAGE SKY COVER 0.8


WEATHER CONDITIONS
THE FOLLOWING WEATHER WAS RECORDED TODAY.
  LIGHT RAIN
  FOG

..........................................................


THE EUREKA CA CLIMATE NORMALS FOR TOMORROW
                         NORMAL    RECORD    YEAR
 MAXIMUM TEMPERATURE (F)   62        77      1998
 MINIMUM TEMPERATURE (F)   47        35      1949


SUNRISE AND SUNSET
OCTOBER 19 2020.......SUNRISE   7:33 AM PDT   SUNSET   6:29 PM PDT
OCTOBER 20 2020.......SUNRISE   7:34 AM PDT   SUNSET   6:28 PM PDT


-  INDICATES NEGATIVE NUMBERS.
R  INDICATES RECORD WAS SET OR TIED.
MM INDICATES DATA IS MISSING.
T  INDICATES TRACE AMOUNT.




$$
