000
CDUS46 KEKA 161215
CLIEKA


CLIMATE REPORT
NATIONAL WEATHER SERVICE EUREKA CA
414 AM PST WED JAN 16 2019


...................................

...THE EUREKA CA CLIMATE SUMMARY FOR JANUARY 15 2019...

CLIMATE NORMAL PERIOD 1981 TO 2010
CLIMATE RECORD PERIOD 1886 TO 2019


WEATHER ITEM   OBSERVED RECORD YEAR NORMAL DEPARTURE LAST
                VALUE   VALUE       VALUE  FROM      YEAR
                                           NORMAL
...........................................................
TEMPERATURE (F)
 YESTERDAY
  MAXIMUM         62     70    2014  56      6       64
  MINIMUM         43     23    1888  41      2       44
  AVERAGE         53                 48      5       54

PRECIPITATION (IN)
  YESTERDAY        0.07   2.20 1890   0.21  -0.14     0.29
  MONTH TO DATE    1.55               3.34  -1.79     2.09
  SINCE OCT 1     12.29              19.31  -7.02    13.07
  SINCE JAN 1      1.55               3.34  -1.79     2.09

SNOWFALL (IN)
  YESTERDAY        0.0    0.0  2002   0.0    0.0     MM
  MONTH TO DATE    0.0                0.0    0.0      0.0
  SINCE DEC 1      0.0                T      0.0      0.0
  SINCE JUL 1      0.0                T      0.0      0.0
  SNOW DEPTH       0

DEGREE DAYS
 HEATING
  YESTERDAY       12                 17     -5       11
  MONTH TO DATE  233                255    -22      207
  SINCE DEC 1    737                788    -51      747
  SINCE JUL 1   2159               2210    -51     2007

 COOLING
  YESTERDAY        0                  0      0        0
  MONTH TO DATE    0                  0      0        0
  SINCE DEC 1      0                  0      0        0
  SINCE JAN 1      0                  0      0        0
...........................................................


WIND (MPH)
  HIGHEST WIND SPEED    13   HIGHEST WIND DIRECTION     S (180)
  HIGHEST GUST SPEED    20   HIGHEST GUST DIRECTION     S (180)
  AVERAGE WIND SPEED     6.5


SKY COVER
  AVERAGE SKY COVER 0.9


WEATHER CONDITIONS
 THE FOLLOWING WEATHER WAS RECORDED YESTERDAY.
  LIGHT RAIN


..........................................................


THE EUREKA CA CLIMATE NORMALS FOR TODAY
                         NORMAL    RECORD    YEAR
 MAXIMUM TEMPERATURE (F)   56        70      1985
 MINIMUM TEMPERATURE (F)   41        27      1917
                                             1887


SUNRISE AND SUNSET
JANUARY 16 2019.......SUNRISE   738 AM PST   SUNSET   515 PM PST
JANUARY 17 2019.......SUNRISE   738 AM PST   SUNSET   516 PM PST


-  INDICATES NEGATIVE NUMBERS.
R  INDICATES RECORD WAS SET OR TIED.
MM INDICATES DATA IS MISSING.
T  INDICATES TRACE AMOUNT.




&&

..........................................................

TOTAL SEASON     NORMAL   % OF NORMAL     LAST SEASON

    12.29         19.31        64            13.07


$$
