000
CDUS46 KEKA 161216
CLIEKA


CLIMATE REPORT
NATIONAL WEATHER SERVICE EUREKA CA
516 AM PDT MON JUL 16 2018


...................................

...THE EUREKA CA CLIMATE SUMMARY FOR JULY 15 2018...

CLIMATE NORMAL PERIOD 1981 TO 2010
CLIMATE RECORD PERIOD 1886 TO 2018


WEATHER ITEM   OBSERVED RECORD YEAR NORMAL DEPARTURE LAST
                VALUE   VALUE       VALUE  FROM      YEAR
                                           NORMAL
...........................................................
TEMPERATURE (F)
 YESTERDAY
  MAXIMUM         65     70    2004  63      2       63
  MINIMUM         53     43    1887  52      1       52
  AVERAGE         59                 58      1       58

PRECIPITATION (IN)
  YESTERDAY        0.00   0.42 1916   0.01  -0.01     0.00
  MONTH TO DATE    T                  0.11  -0.11     0.07
  SINCE OCT 1     36.72              39.36  -2.64    62.78
  SINCE JAN 1     25.74              23.39   2.35    37.01

SNOWFALL (IN)
  YESTERDAY        0.0    0.0  2002   0.0    0.0      0.0
                               2001
  MONTH TO DATE    0.0                0.0    0.0      0.0
  SINCE JUN 1      0.0                0.0    0.0      0.0
  SINCE JUL 1      0.0                0.0    0.0      0.0
  SNOW DEPTH       0

DEGREE DAYS
 HEATING
  YESTERDAY        6                  7     -1        7
  MONTH TO DATE  102                116    -14      112
  SINCE JUN 1    370                382    -12      342
  SINCE JUL 1    102                116    -14      112

 COOLING
  YESTERDAY        0                  0      0        0
  MONTH TO DATE    0                  0      0        0
  SINCE JUN 1      0                  0      0        0
  SINCE JAN 1      0                  0      0        0
...........................................................


WIND (MPH)
  HIGHEST WIND SPEED    10   HIGHEST WIND DIRECTION     W (250)
  HIGHEST GUST SPEED    16   HIGHEST GUST DIRECTION    MM
  AVERAGE WIND SPEED     6.0


SKY COVER
  AVERAGE SKY COVER 0.8


WEATHER CONDITIONS
 THE FOLLOWING WEATHER WAS RECORDED YESTERDAY.
  FOG W/VISIBILITY <= 1/4 MILE


..........................................................


THE EUREKA CA CLIMATE NORMALS FOR TODAY
                         NORMAL    RECORD    YEAR
 MAXIMUM TEMPERATURE (F)   63        73      1888
 MINIMUM TEMPERATURE (F)   52        46      1887


SUNRISE AND SUNSET
JULY 16 2018..........SUNRISE   559 AM PDT   SUNSET   846 PM PDT
JULY 17 2018..........SUNRISE   600 AM PDT   SUNSET   845 PM PDT


-  INDICATES NEGATIVE NUMBERS.
R  INDICATES RECORD WAS SET OR TIED.
MM INDICATES DATA IS MISSING.
T  INDICATES TRACE AMOUNT.




&&

..........................................................

TOTAL SEASON     NORMAL   % OF NORMAL     LAST SEASON

    36.72         39.36        93            62.78


$$
