000
CDUS46 KEKA 230019
CLIEKA


CLIMATE REPORT
NATIONAL WEATHER SERVICE EUREKA CA
519 PM PDT SUN APR 22 2018


...................................

...THE EUREKA CA CLIMATE SUMMARY FOR APRIL 22 2018...
VALID TODAY AS OF 0500 PM LOCAL TIME.

CLIMATE NORMAL PERIOD 1981 TO 2010
CLIMATE RECORD PERIOD 1886 TO 2018


WEATHER ITEM   OBSERVED RECORD YEAR NORMAL DEPARTURE LAST
                VALUE   VALUE       VALUE  FROM      YEAR
                                           NORMAL
...........................................................
TEMPERATURE (F)
 TODAY
  MAXIMUM         59     75    1982  58      1       60
  MINIMUM         47     37    1968  45      2       48
                               1920
                               1901
  AVERAGE         53                 51      2       54

PRECIPITATION (IN)
  TODAY            0.00   1.46 1983   0.10  -0.10     0.01
  MONTH TO DATE    3.78               2.61   1.17     4.21
  SINCE OCT 1     33.99              36.01  -2.02    59.56
  SINCE JAN 1     23.01              20.04   2.97    33.79

SNOWFALL (IN)
  TODAY            0.0    0.0  2002   0.0    0.0      0.0
                               2001
  MONTH TO DATE    0.0                0.0    0.0       T
  SINCE MAR 1      T                  0.0    0.0       T
  SINCE JUL 1      T                  0.2   -0.2       T
  SNOW DEPTH      MM

...........................................................


WIND (MPH)
  HIGHEST WIND SPEED    17   HIGHEST WIND DIRECTION     N (360)
  HIGHEST GUST SPEED    23   HIGHEST GUST DIRECTION     N (340)
  AVERAGE WIND SPEED     5.8


SKY COVER
  AVERAGE SKY COVER 0.4


WEATHER CONDITIONS
 THE FOLLOWING WEATHER WAS RECORDED TODAY.
  NO SIGNIFICANT WEATHER WAS OBSERVED.


..........................................................


THE EUREKA CA CLIMATE NORMALS FOR TOMORROW
                         NORMAL    RECORD    YEAR
 MAXIMUM TEMPERATURE (F)   58        68      1888
 MINIMUM TEMPERATURE (F)   45        38      1960
                                             1892


SUNRISE AND SUNSET
APRIL 22 2018.........SUNRISE   627 AM PDT   SUNSET   804 PM PDT
APRIL 23 2018.........SUNRISE   626 AM PDT   SUNSET   805 PM PDT


-  INDICATES NEGATIVE NUMBERS.
R  INDICATES RECORD WAS SET OR TIED.
MM INDICATES DATA IS MISSING.
T  INDICATES TRACE AMOUNT.




&&

..........................................................

TOTAL SEASON     NORMAL   % OF NORMAL     LAST SEASON

    33.99         36.01        94            59.56


$$
