616
CDUS46 KEKA 171209
CLIEKA


CLIMATE REPORT
NATIONAL WEATHER SERVICE EUREKA CA
509 AM PDT WED OCT 17 2018


...................................

...THE EUREKA CA CLIMATE SUMMARY FOR OCTOBER 16 2018...

CLIMATE NORMAL PERIOD 1981 TO 2010
CLIMATE RECORD PERIOD 1886 TO 2018


WEATHER ITEM   OBSERVED RECORD YEAR NORMAL DEPARTURE LAST
                VALUE   VALUE       VALUE  FROM      YEAR
                                           NORMAL
...........................................................
TEMPERATURE (F)
 YESTERDAY
  MAXIMUM         60     77    1960  62     -2       64
  MINIMUM         39     38    1999  47     -8       42
  AVERAGE         50                 54     -4       53

PRECIPITATION (IN)
  YESTERDAY        0.00   1.25 2016   0.07  -0.07     0.00
  MONTH TO DATE    0.33               0.78  -0.45     0.01
  SINCE OCT 1      0.33               0.78  -0.45     0.01
  SINCE JAN 1     26.34              25.14   1.20    38.08

SNOWFALL (IN)
  YESTERDAY        0.0    0.0  2002   0.0    0.0      0.0
                               2001
  MONTH TO DATE    0.0                0.0    0.0      0.0
  SINCE SEP 1      0.0                0.0    0.0      0.0
  SINCE JUL 1      0.0                0.0    0.0      0.0
  SNOW DEPTH       0

DEGREE DAYS
 HEATING
  YESTERDAY       15                 11      4       12
  MONTH TO DATE  169                159     10      200
  SINCE SEP 1    409                398     11      347
  SINCE JUL 1    831                824      7      738

 COOLING
  YESTERDAY        0                  0      0        0
  MONTH TO DATE    0                  0      0        0
  SINCE SEP 1      0                  0      0       13
  SINCE JAN 1      0                  0      0       13
...........................................................


WIND (MPH)
  HIGHEST WIND SPEED     8   HIGHEST WIND DIRECTION     N (340)
  HIGHEST GUST SPEED     9   HIGHEST GUST DIRECTION    MM
  AVERAGE WIND SPEED     2.3


SKY COVER
  AVERAGE SKY COVER 0.3


WEATHER CONDITIONS
 THE FOLLOWING WEATHER WAS RECORDED YESTERDAY.
  FOG
  HAZE


..........................................................


THE EUREKA CA CLIMATE NORMALS FOR TODAY
                         NORMAL    RECORD    YEAR
 MAXIMUM TEMPERATURE (F)   62        74      1967
 MINIMUM TEMPERATURE (F)   47        38      1893
                                             1890


SUNRISE AND SUNSET
OCTOBER 17 2018.......SUNRISE   730 AM PDT   SUNSET   633 PM PDT
OCTOBER 18 2018.......SUNRISE   731 AM PDT   SUNSET   632 PM PDT


-  INDICATES NEGATIVE NUMBERS.
R  INDICATES RECORD WAS SET OR TIED.
MM INDICATES DATA IS MISSING.
T  INDICATES TRACE AMOUNT.




&&

..........................................................

TOTAL SEASON     NORMAL   % OF NORMAL     LAST SEASON

     0.33          0.78        42             0.01


$$
