000
CDUS46 KEKA 200011
CLIEKA


CLIMATE REPORT
NATIONAL WEATHER SERVICE EUREKA CA
511 PM PDT SAT OCT 19 2019


...................................

...THE EUREKA CA CLIMATE SUMMARY FOR OCTOBER 19 2019...
VALID TODAY AS OF 0500 PM LOCAL TIME.

CLIMATE NORMAL PERIOD 1981 TO 2010
CLIMATE RECORD PERIOD 1886 TO 2019


WEATHER ITEM   OBSERVED RECORD YEAR NORMAL DEPARTURE LAST
                VALUE   VALUE       VALUE  FROM      YEAR
                                           NORMAL
...........................................................
TEMPERATURE (F)
 TODAY
  MAXIMUM         62     78    1913  62      0       52
  MINIMUM         55     34    1949  47      8       49
  AVERAGE         59                 54      5       51

PRECIPITATION (IN)
  TODAY            0.49   1.99 2007   0.08   0.41      T
  MONTH TO DATE    1.49               1.01   0.48     0.33
  SINCE OCT 1      1.49               1.01   0.48     0.33
  SINCE JAN 1     34.60              25.37   9.23    26.34

SNOWFALL (IN)
  TODAY            0.0    0.0  2002   0.0    0.0      0.0
                               2001
  MONTH TO DATE    0.0                0.0    0.0      0.0
  SINCE SEP 1      0.0                0.0    0.0      0.0
  SINCE JUL 1      0.0                0.0    0.0      0.0
  SNOW DEPTH      MM

...........................................................


WIND (MPH)
  HIGHEST WIND SPEED    12   HIGHEST WIND DIRECTION     S (180)
  HIGHEST GUST SPEED    12   HIGHEST GUST DIRECTION    MM
  AVERAGE WIND SPEED     6.0


SKY COVER
  AVERAGE SKY COVER 0.9


WEATHER CONDITIONS
 THE FOLLOWING WEATHER WAS RECORDED TODAY.
  HEAVY RAIN
  RAIN
  LIGHT RAIN
  FOG


..........................................................


THE EUREKA CA CLIMATE NORMALS FOR TOMORROW
                         NORMAL    RECORD    YEAR
 MAXIMUM TEMPERATURE (F)   62        77      1998
 MINIMUM TEMPERATURE (F)   47        35      1949


SUNRISE AND SUNSET
OCTOBER 19 2019.......SUNRISE   732 AM PDT   SUNSET   630 PM PDT
OCTOBER 20 2019.......SUNRISE   733 AM PDT   SUNSET   629 PM PDT


-  INDICATES NEGATIVE NUMBERS.
R  INDICATES RECORD WAS SET OR TIED.
MM INDICATES DATA IS MISSING.
T  INDICATES TRACE AMOUNT.




&&

..........................................................

TOTAL SEASON     NORMAL   % OF NORMAL     LAST SEASON

     1.49          1.01        148             0.33


$$
