000
CDUS46 KEKA 211214
CLIEKA


CLIMATE REPORT
NATIONAL WEATHER SERVICE EUREKA CA
414 AM PST WED FEB 21 2018


...................................

...THE EUREKA CA CLIMATE SUMMARY FOR FEBRUARY 20 2018...

CLIMATE NORMAL PERIOD 1981 TO 2010
CLIMATE RECORD PERIOD 1886 TO 2018


WEATHER ITEM   OBSERVED RECORD YEAR NORMAL DEPARTURE LAST
                VALUE   VALUE       VALUE  FROM      YEAR
                                           NORMAL
...........................................................
TEMPERATURE (F)
 YESTERDAY
  MAXIMUM         46     72    1964  56    -10       58
  MINIMUM         29     28    1887  42    -13       51
  AVERAGE         38                 49    -11       55

PRECIPITATION (IN)
  YESTERDAY        T      3.22 1921   0.21  -0.21     1.15
  MONTH TO DATE    1.23               4.03  -2.80     9.10
  SINCE OCT 1     20.07              26.50  -6.43    45.38
  SINCE JAN 1      9.09              10.53  -1.44    19.61

SNOWFALL (IN)
  YESTERDAY        0.0   MM      MM   0.0    0.0      0.0
  MONTH TO DATE    T                  0.2   -0.2      0.0
  SINCE DEC 1      T                  0.2   -0.2       T
  SINCE JUL 1      T                  0.2   -0.2       T
  SNOW DEPTH       0

DEGREE DAYS
 HEATING
  YESTERDAY       27                 16     11       10
  MONTH TO DATE  354                320     34      259
  SINCE DEC 1   1362               1369     -7     1486
  SINCE JUL 1   2622               2791   -169     2720

 COOLING
  YESTERDAY        0                  0      0        0
  MONTH TO DATE    0                  0      0        0
  SINCE DEC 1      0                  0      0        0
  SINCE JAN 1      0                  0      0        0
...........................................................


WIND (MPH)
  HIGHEST WIND SPEED     6   HIGHEST WIND DIRECTION     W (270)
  HIGHEST GUST SPEED     9   HIGHEST GUST DIRECTION    MM
  AVERAGE WIND SPEED     3.2


SKY COVER
  AVERAGE SKY COVER 0.9


WEATHER CONDITIONS
 THE FOLLOWING WEATHER WAS RECORDED YESTERDAY.
  LIGHT RAIN


..........................................................


THE EUREKA CA CLIMATE NORMALS FOR TODAY
                         NORMAL    RECORD    YEAR
 MAXIMUM TEMPERATURE (F)   56        70      1981
 MINIMUM TEMPERATURE (F)   42        31      1975
                                             1952
                                             1897


SUNRISE AND SUNSET
FEBRUARY 21 2018......SUNRISE   702 AM PST   SUNSET   559 PM PST
FEBRUARY 22 2018......SUNRISE   701 AM PST   SUNSET   600 PM PST


-  INDICATES NEGATIVE NUMBERS.
R  INDICATES RECORD WAS SET OR TIED.
MM INDICATES DATA IS MISSING.
T  INDICATES TRACE AMOUNT.




&&

..........................................................

TOTAL SEASON     NORMAL   % OF NORMAL     LAST SEASON

    20.07         26.50        76            45.38


$$
