000
CDUS41 KRLX 250735
CLIEKN


CLIMATE REPORT
NATIONAL WEATHER SERVICE CHARLESTON WV
335 AM EDT TUE SEP 25 2018


...................................

...THE ELKINS WV CLIMATE SUMMARY FOR SEPTEMBER 24 2018...

CLIMATE NORMAL PERIOD 1981 TO 2010
CLIMATE RECORD PERIOD 1899 TO 2018


WEATHER ITEM   OBSERVED TIME   RECORD YEAR NORMAL DEPARTURE LAST
                VALUE   (LST)  VALUE       VALUE  FROM      YEAR
                                                  NORMAL
..................................................................
TEMPERATURE (F)
 YESTERDAY
  MAXIMUM         69   1234 PM  90    1930  71     -2       86
                                      1908
  MINIMUM         60    508 AM  27    1963  47     13       47
  AVERAGE         65                        59      6       67

PRECIPITATION (IN)
  YESTERDAY        0.38          2.04 1988   0.11   0.27     0.00
  MONTH TO DATE    6.01                      2.94   3.07     1.04
  SINCE JAN 1     53.68                     35.75  17.93    35.48

SNOWFALL (IN)
  YESTERDAY        0.0           0.0  2016   0.0    0.0      0.0
  MONTH TO DATE    0.0                       0.0    0.0      0.0
  SINCE SEP 1      0.0                       0.0    0.0      0.0
  SNOW DEPTH       0

DEGREE DAYS
 HEATING
  YESTERDAY        0                         7     -7        0
  MONTH TO DATE    4                        83    -79       72
  SINCE SEP 1      4                        83    -79       72
  SINCE JUL 1      8                       113   -105       94

 COOLING
  YESTERDAY        0                         1     -1        2
  MONTH TO DATE  153                        42    111       42
  SINCE SEP 1    153                        42    111       42
  SINCE JAN 1    778                       468    310      504
..................................................................


WIND (MPH)
  HIGHEST WIND SPEED    13   HIGHEST WIND DIRECTION     S (170)
  HIGHEST GUST SPEED    16   HIGHEST GUST DIRECTION    SE (150)
  AVERAGE WIND SPEED     3.4


SKY COVER
  POSSIBLE SUNSHINE  MM
  AVERAGE SKY COVER 0.9


WEATHER CONDITIONS
 THE FOLLOWING WEATHER WAS RECORDED YESTERDAY.
  HEAVY RAIN
  RAIN
  LIGHT RAIN
  FOG


RELATIVE HUMIDITY (PERCENT)
 HIGHEST    97           300 AM
 LOWEST     78           300 PM
 AVERAGE    88

..........................................................


THE ELKINS WV CLIMATE NORMALS FOR TODAY
                         NORMAL    RECORD    YEAR
 MAXIMUM TEMPERATURE (F)   70        90      1908
 MINIMUM TEMPERATURE (F)   47        27      1963


SUNRISE AND SUNSET
SEPTEMBER 25 2018.....SUNRISE   710 AM EDT   SUNSET   712 PM EDT
SEPTEMBER 26 2018.....SUNRISE   711 AM EDT   SUNSET   710 PM EDT


-  INDICATES NEGATIVE NUMBERS.
R  INDICATES RECORD WAS SET OR TIED.
MM INDICATES DATA IS MISSING.
T  INDICATES TRACE AMOUNT.




$$
