000
CDUS41 KRLX 202123
CLIEKN


CLIMATE REPORT
NATIONAL WEATHER SERVICE CHARLESTON WV
522 PM EDT SUN OCT 20 2019


...................................

...THE ELKINS WV CLIMATE SUMMARY FOR OCTOBER 20 2019...
VALID TODAY AS OF 0500 PM LOCAL TIME.

CLIMATE NORMAL PERIOD 1981 TO 2010
CLIMATE RECORD PERIOD 1899 TO 2019


WEATHER ITEM   OBSERVED TIME   RECORD YEAR NORMAL DEPARTURE LAST
                VALUE   (LST)  VALUE       VALUE  FROM      YEAR
                                                  NORMAL
..................................................................
TEMPERATURE (F)
 TODAY
  MAXIMUM         64    359 PM  83    2016  63      1       54
  MINIMUM         50    733 AM  15    1992  37     13       38
  AVERAGE         57                        50      7       46

PRECIPITATION (IN)
  TODAY            0.34          3.29 1985   0.08   0.26     0.75
  MONTH TO DATE    3.32                      1.80   1.52     4.35
  SINCE SEP 1      3.80                      5.43  -1.63    12.51
  SINCE JAN 1     41.51                     38.24   3.27    60.18

DEGREE DAYS
 HEATING
  TODAY            8                        15     -7       19
  MONTH TO DATE  160                       244    -84      164
  SINCE SEP 1    172                       374   -202      180
  SINCE JUL 1    179                       404   -225      184

 COOLING
  TODAY            0                         0      0        0
  MONTH TO DATE   29                         0     29       45
  SINCE SEP 1    173                        45    128      207
  SINCE JAN 1    844                       471    373      832
..................................................................


WIND (MPH)
  HIGHEST WIND SPEED     7   HIGHEST WIND DIRECTION    SE (150)
  HIGHEST GUST SPEED     9   HIGHEST GUST DIRECTION    SE (130)
  AVERAGE WIND SPEED     2.2


SKY COVER
  POSSIBLE SUNSHINE  MM
  AVERAGE SKY COVER 1.0


WEATHER CONDITIONS
 THE FOLLOWING WEATHER WAS RECORDED TODAY.
  RAIN
  LIGHT RAIN
  FOG
  HAZE


RELATIVE HUMIDITY (PERCENT)
 HIGHEST    86           200 AM
 LOWEST     66          1200 AM
 AVERAGE    76

..........................................................


THE ELKINS WV CLIMATE NORMALS FOR TOMORROW
                         NORMAL    RECORD    YEAR
 MAXIMUM TEMPERATURE (F)   63        83      1949
 MINIMUM TEMPERATURE (F)   36        11      1952


SUNRISE AND SUNSET
OCTOBER 20 2019.......SUNRISE   734 AM EDT   SUNSET   634 PM EDT
OCTOBER 21 2019.......SUNRISE   735 AM EDT   SUNSET   633 PM EDT


-  INDICATES NEGATIVE NUMBERS.
R  INDICATES RECORD WAS SET OR TIED.
MM INDICATES DATA IS MISSING.
T  INDICATES TRACE AMOUNT.




$$
