000
CDUS41 KRLX 040729
CLIEKN

CLIMATE REPORT
NATIONAL WEATHER SERVICE CHARLESTON WV
329 AM EDT THU JUN 04 2020

...................................

...THE ELKINS WV CLIMATE SUMMARY FOR JUNE 3 2020...

CLIMATE NORMAL PERIOD: 1981 TO 2010
CLIMATE RECORD PERIOD: 1899 TO 2020


WEATHER ITEM   OBSERVED TIME   RECORD YEAR NORMAL DEPARTURE LAST
                VALUE   (LST)  VALUE       VALUE  FROM      YEAR
                                                  NORMAL
...................................................................
TEMPERATURE (F)
 YESTERDAY
  MAXIMUM         86   2:43 PM  89    1951  75     11       66
  MINIMUM         62  11:39 PM  33    1966  51     11       44
  AVERAGE         74                        63     11       55

PRECIPITATION (IN)
  YESTERDAY        0.29          1.68 1941   0.14   0.15     0.00
  MONTH TO DATE    0.29                      0.44  -0.15     0.44
  SINCE JUN 1      0.29                      0.44  -0.15     0.44
  SINCE JAN 1     22.80                     19.65   3.15    21.11

DEGREE DAYS
 HEATING
  YESTERDAY        0                         4     -4       10
  MONTH TO DATE   12                        12      0       10
  SINCE JUN 1     12                        12      0       10
  SINCE JUL 1   4856                      5809   -953     5065

 COOLING
  YESTERDAY        9                         2      7        0
  MONTH TO DATE    9                         5      4        5
  SINCE JUN 1      9                         5      4        5
  SINCE JAN 1     64                        28     36       88
...................................................................


WIND (MPH)
  HIGHEST WIND SPEED    23   HIGHEST WIND DIRECTION    SW (240)
  HIGHEST GUST SPEED    31   HIGHEST GUST DIRECTION    SW (240)
  AVERAGE WIND SPEED    11.0


SKY COVER
  AVERAGE SKY COVER 0.5


WEATHER CONDITIONS
THE FOLLOWING WEATHER WAS RECORDED YESTERDAY.
  THUNDERSTORM
  HEAVY RAIN
  RAIN
  LIGHT RAIN
  FOG


RELATIVE HUMIDITY (PERCENT)
 HIGHEST    90
 LOWEST     41
 AVERAGE    66

..........................................................


THE ELKINS WV CLIMATE NORMALS FOR TODAY
                         NORMAL    RECORD    YEAR
 MAXIMUM TEMPERATURE (F)   75        91      1925
 MINIMUM TEMPERATURE (F)   52        31      1977


SUNRISE AND SUNSET
JUNE  4 2020..........SUNRISE   5:55 AM EDT   SUNSET   8:41 PM EDT
JUNE  5 2020..........SUNRISE   5:55 AM EDT   SUNSET   8:42 PM EDT


-  INDICATES NEGATIVE NUMBERS.
R  INDICATES RECORD WAS SET OR TIED.
MM INDICATES DATA IS MISSING.
T  INDICATES TRACE AMOUNT.




$$
