000
CDUS41 KRLX 152218
CLIEKN


CLIMATE REPORT
NATIONAL WEATHER SERVICE CHARLESTON WV
518 PM EST SAT DEC 15 2018


...................................

...THE ELKINS WV CLIMATE SUMMARY FOR DECEMBER 15 2018...
VALID TODAY AS OF 0500 PM LOCAL TIME.

CLIMATE NORMAL PERIOD 1981 TO 2010
CLIMATE RECORD PERIOD 1899 TO 2018


WEATHER ITEM   OBSERVED TIME   RECORD YEAR NORMAL DEPARTURE LAST
                VALUE   (LST)  VALUE       VALUE  FROM      YEAR
                                                  NORMAL
..................................................................
TEMPERATURE (F)
 TODAY
  MAXIMUM         55    353 PM  71    1971  42     13       27
  MINIMUM         46    810 AM  -4    1914  23     23       24
  AVERAGE         51                        32     19       26

PRECIPITATION (IN)
  TODAY            0.38          1.92 1948   0.11   0.27      T
  MONTH TO DATE    1.50                      1.68  -0.18     0.65
  SINCE DEC 1      1.50                      1.68  -0.18     0.65
  SINCE JAN 1     67.50                     44.35  23.15    44.36

DEGREE DAYS
 HEATING
  TODAY           14                        33    -19       39
  MONTH TO DATE  453                       459     -6      467
  SINCE DEC 1    453                       459     -6      467
  SINCE JUL 1   1649                      1743    -94     1552

 COOLING
  TODAY            0                         0      0        0
  MONTH TO DATE    0                         0      0        0
  SINCE DEC 1      0                         0      0        0
  SINCE JAN 1    832                       475    357      544
..................................................................


WIND (MPH)
  HIGHEST WIND SPEED    12   HIGHEST WIND DIRECTION     S (170)
  HIGHEST GUST SPEED    18   HIGHEST GUST DIRECTION    SE (120)
  AVERAGE WIND SPEED     2.9


SKY COVER
  POSSIBLE SUNSHINE  MM
  AVERAGE SKY COVER 1.0


WEATHER CONDITIONS
 THE FOLLOWING WEATHER WAS RECORDED TODAY.
  HEAVY RAIN
  RAIN
  LIGHT RAIN
  FOG


RELATIVE HUMIDITY (PERCENT)
 HIGHEST    93          1200 AM
 LOWEST     66           400 PM
 AVERAGE    80

..........................................................


THE ELKINS WV CLIMATE NORMALS FOR TOMORROW
                         NORMAL    RECORD    YEAR
 MAXIMUM TEMPERATURE (F)   42        65      1984
 MINIMUM TEMPERATURE (F)   22       -10      1914


SUNRISE AND SUNSET
DECEMBER 15 2018......SUNRISE   731 AM EST   SUNSET   458 PM EST
DECEMBER 16 2018......SUNRISE   731 AM EST   SUNSET   459 PM EST


-  INDICATES NEGATIVE NUMBERS.
R  INDICATES RECORD WAS SET OR TIED.
MM INDICATES DATA IS MISSING.
T  INDICATES TRACE AMOUNT.




$$
