457
CDUS41 KRLX 210727
CLIEKN


CLIMATE REPORT
NATIONAL WEATHER SERVICE CHARLESTON WV
327 AM EDT THU JUN 21 2018


...................................

...THE ELKINS WV CLIMATE SUMMARY FOR JUNE 20 2018...

CLIMATE NORMAL PERIOD 1981 TO 2010
CLIMATE RECORD PERIOD 1899 TO 2018


WEATHER ITEM   OBSERVED TIME   RECORD YEAR NORMAL DEPARTURE LAST
                VALUE   (LST)  VALUE       VALUE  FROM      YEAR
                                                  NORMAL
..................................................................
TEMPERATURE (F)
 YESTERDAY
  MAXIMUM         83    327 PM  92    1931  79      4       78
  MINIMUM         66   1020 PM  42    1959  56     10       55
  AVERAGE         75                        68      7       67

PRECIPITATION (IN)
  YESTERDAY        0.38          0.93 1906   0.14   0.24     0.00
  MONTH TO DATE    4.90                      2.84   2.06     1.98
  SINCE JAN 1     33.18                     22.05  11.13    22.68

SNOWFALL (IN)
  YESTERDAY        0.0           0.0  2017   0.0    0.0      0.0
                                      2001
  MONTH TO DATE    0.0                       0.0    0.0      0.0
  SINCE SEP 1     65.1                      83.5  -18.4     44.5
  SNOW DEPTH       0

DEGREE DAYS
 HEATING
  YESTERDAY        0                         1     -1        0
  MONTH TO DATE   21                        46    -25       42
  SINCE JUN 1     21                        46    -25       42
  SINCE JUL 1   5497                      5843   -346     4631

 COOLING
  YESTERDAY       10                         4      6        2
  MONTH TO DATE   89                        49     40       71
  SINCE JUN 1     89                        49     40       71
  SINCE JAN 1    207                        72    135      115
..................................................................


WIND (MPH)
  HIGHEST WIND SPEED    21   HIGHEST WIND DIRECTION    NW (300)
  HIGHEST GUST SPEED    26   HIGHEST GUST DIRECTION    NW (300)
  AVERAGE WIND SPEED     3.2


SKY COVER
  POSSIBLE SUNSHINE  MM
  AVERAGE SKY COVER 0.8


WEATHER CONDITIONS
 THE FOLLOWING WEATHER WAS RECORDED YESTERDAY.
  HEAVY RAIN
  RAIN
  LIGHT RAIN
  FOG
  FOG W/VISIBILITY <= 1/4 MILE


RELATIVE HUMIDITY (PERCENT)
 HIGHEST   100           100 AM
 LOWEST     62           100 PM
 AVERAGE    81

..........................................................


THE ELKINS WV CLIMATE NORMALS FOR TODAY
                         NORMAL    RECORD    YEAR
 MAXIMUM TEMPERATURE (F)   79        92      1953
 MINIMUM TEMPERATURE (F)   56        39      1980
                                             1968
                                             1940


SUNRISE AND SUNSET
JUNE 21 2018..........SUNRISE   554 AM EDT   SUNSET   848 PM EDT
JUNE 22 2018..........SUNRISE   555 AM EDT   SUNSET   848 PM EDT


-  INDICATES NEGATIVE NUMBERS.
R  INDICATES RECORD WAS SET OR TIED.
MM INDICATES DATA IS MISSING.
T  INDICATES TRACE AMOUNT.




$$
