000
CDUS41 KRLX 310723
CLIEKN

CLIMATE REPORT
NATIONAL WEATHER SERVICE CHARLESTON WV
323 AM EDT SAT OCT 31 2020

...................................

...THE ELKINS WV CLIMATE SUMMARY FOR OCTOBER 30 2020...

CLIMATE NORMAL PERIOD: 1981 TO 2010
CLIMATE RECORD PERIOD: 1899 TO 2020


WEATHER ITEM   OBSERVED TIME   RECORD YEAR NORMAL DEPARTURE LAST
                VALUE   (LST)  VALUE       VALUE  FROM      YEAR
                                                  NORMAL
...................................................................
TEMPERATURE (F)
 YESTERDAY
  MAXIMUM         48  12:41 AM  78    1971  60    -12       65
  MINIMUM         36  11:59 PM  15    1969  34      2       44
  AVERAGE         42                        47     -5       55

PRECIPITATION (IN)
  YESTERDAY        0.13          1.38 1962   0.10   0.03     0.08
  MONTH TO DATE    2.35                      2.75  -0.40     4.53
  SINCE SEP 1      4.99                      6.38  -1.39     5.01
  SINCE JAN 1     49.18                     39.19   9.99    42.72

SNOWFALL (IN)
  YESTERDAY        0.0          10.0  2012   0.1   -0.1      0.0
  MONTH TO DATE    0.0                       0.4   -0.4      0.0
  SINCE SEP 1      0.0                       0.4   -0.4      0.0
  SINCE JUL 1      0.0                       0.4   -0.4      0.0
  SNOW DEPTH       0

DEGREE DAYS
 HEATING
  YESTERDAY       23                        18      5       10
  MONTH TO DATE  302                       412   -110      259
  SINCE SEP 1    413                       542   -129      271
  SINCE JUL 1    413                       572   -159      278

 COOLING
  YESTERDAY        0                         0      0        0
  MONTH TO DATE    0                         0      0       29
  SINCE SEP 1     68                        45     23      173
  SINCE JAN 1    750                       471    279      844
...................................................................


WIND (MPH)
  HIGHEST WIND SPEED    20   HIGHEST WIND DIRECTION     W (290)
  HIGHEST GUST SPEED    27   HIGHEST GUST DIRECTION     W (290)
  AVERAGE WIND SPEED     6.9


SKY COVER
  AVERAGE SKY COVER 1.0


WEATHER CONDITIONS
THE FOLLOWING WEATHER WAS RECORDED YESTERDAY.
  RAIN
  LIGHT RAIN
  FOG


RELATIVE HUMIDITY (PERCENT)
 HIGHEST    93
 LOWEST     70
 AVERAGE    82

..........................................................


THE ELKINS WV CLIMATE NORMALS FOR TODAY
                         NORMAL    RECORD    YEAR
 MAXIMUM TEMPERATURE (F)   60        77      1950
                                             2003
                                             2019
 MINIMUM TEMPERATURE (F)   34        16      1988


SUNRISE AND SUNSET
OCTOBER 31 2020.......SUNRISE   7:46 AM EDT   SUNSET   6:19 PM EDT
NOVEMBER  1 2020......SUNRISE   6:47 AM EST   SUNSET   5:18 PM EST


-  INDICATES NEGATIVE NUMBERS.
R  INDICATES RECORD WAS SET OR TIED.
MM INDICATES DATA IS MISSING.
T  INDICATES TRACE AMOUNT.




$$
