306
CDUS45 KLKN 180039
CLIEKO


CLIMATE REPORT
NATIONAL WEATHER SERVICE ELKO NV
538 PM PDT TUE JUL 17 2018


...................................

...THE ELKO AIRPORT NV CLIMATE SUMMARY FOR JULY 17 2018...
VALID TODAY AS OF 0500 PM LOCAL TIME.

CLIMATE NORMAL PERIOD 1981 TO 2010
CLIMATE RECORD PERIOD 1888 TO 2018


WEATHER ITEM   OBSERVED TIME   RECORD YEAR NORMAL DEPARTURE LAST
                VALUE   (LST)  VALUE       VALUE  FROM      YEAR
                                                  NORMAL
..................................................................
TEMPERATURE (F)
 TODAY
  MAXIMUM         97    334 PM 103    1919  91      6       95
  MINIMUM         55    449 AM  34    1993  51      4       57
  AVERAGE         76                        71      5       76

PRECIPITATION (IN)
  TODAY            0.00          0.22 1976   0.02  -0.02     0.00
  MONTH TO DATE    T                         0.19  -0.19      T
  SINCE OCT 1      7.93                      8.79  -0.86    13.46
  SINCE JAN 1      6.23                      5.73   0.50     7.83

SNOWFALL (IN)
  TODAY            0.0           0.0  1888   0.0    0.0      0.0
  MONTH TO DATE    0.0                       0.0    0.0      0.0
  SINCE JUN 1      0.0                       0.0    0.0       T
  SINCE JUL 1      0.0                       0.0    0.0      0.0
  SNOW DEPTH       0

DEGREE DAYS
 HEATING
  TODAY            0                         1     -1        0
  MONTH TO DATE    0                        17    -17        0
  SINCE JUN 1     62                       148    -86       62
  SINCE JUL 1      0                        17    -17        0

 COOLING
  TODAY           11                         6      5       11
  MONTH TO DATE  188                        88    100      197
  SINCE JUN 1    253                       135    118      310
  SINCE JAN 1    254                       139    115      314
..................................................................


WIND (MPH)
  HIGHEST WIND SPEED    24   HIGHEST WIND DIRECTION     W (290)
  HIGHEST GUST SPEED    30   HIGHEST GUST DIRECTION     W (290)



WEATHER CONDITIONS
 THE FOLLOWING WEATHER WAS RECORDED TODAY.
  NO SIGNIFICANT WEATHER WAS OBSERVED.


RELATIVE HUMIDITY (PERCENT)
 HIGHEST    51           200 AM
 LOWEST     11           200 PM
 AVERAGE    31

..........................................................


THE ELKO AIRPORT NV CLIMATE NORMALS FOR TOMORROW
                         NORMAL    RECORD    YEAR
 MAXIMUM TEMPERATURE (F)   91       103      1931
 MINIMUM TEMPERATURE (F)   51        32      1916


SUNRISE AND SUNSET
JULY 17 2018..........SUNRISE   526 AM PDT   SUNSET   812 PM PDT
JULY 18 2018..........SUNRISE   527 AM PDT   SUNSET   811 PM PDT


-  INDICATES NEGATIVE NUMBERS.
R  INDICATES RECORD WAS SET OR TIED.
MM INDICATES DATA IS MISSING.
T  INDICATES TRACE AMOUNT.




$$
