000
CDUS45 KLKN 200933
CLIEKO


CLIMATE REPORT
NATIONAL WEATHER SERVICE ELKO NV
232 AM PDT TUE OCT 20 2020


...................................

...THE ELKO AIRPORT NV CLIMATE SUMMARY FOR OCTOBER 19 2020...

CLIMATE NORMAL PERIOD 1981 TO 2010
CLIMATE RECORD PERIOD 1888 TO 2020


WEATHER ITEM   OBSERVED TIME   RECORD YEAR NORMAL DEPARTURE LAST
                VALUE   (LST)  VALUE       VALUE  FROM      YEAR
                                                  NORMAL
..................................................................
TEMPERATURE (F)
 YESTERDAY
  MAXIMUM         72    257 PM  82    1921  63      9       49
  MINIMUM         30    543 AM   8    1995  28      2       28
                                      1916
  AVERAGE         51                        45      6       39

PRECIPITATION (IN)
  YESTERDAY        0.00          0.80 1936   0.02  -0.02     0.13
  MONTH TO DATE    0.01                      0.41  -0.40     0.13
  SINCE OCT 1      0.01                      0.41  -0.40     0.13
  SINCE JAN 1      4.07                      7.26  -3.19    12.62

SNOWFALL (IN)
  YESTERDAY        0.0           1.6  1949   0.0    0.0      0.0
  MONTH TO DATE    0.0                       0.2   -0.2      0.0
  SINCE SEP 1      0.0                       0.3   -0.3       T
  SINCE JUL 1      0.0                       0.3   -0.3       T
  SNOW DEPTH       0

DEGREE DAYS
 HEATING
  YESTERDAY       14                        20     -6       26
  MONTH TO DATE  201                       307   -106      396
  SINCE SEP 1    320                       514   -194      608
  SINCE JUL 1    327                       565   -238      613

 COOLING
  YESTERDAY        0                         0      0        0
  MONTH TO DATE    0                         0      0        0
  SINCE SEP 1     62                        21     41       47
  SINCE JAN 1    698                       383    315      503
..................................................................


WIND (MPH)
  HIGHEST WIND SPEED    17   HIGHEST WIND DIRECTION     W (250)
  HIGHEST GUST SPEED    27   HIGHEST GUST DIRECTION     W (250)
  AVERAGE WIND SPEED     4.7



WEATHER CONDITIONS
 THE FOLLOWING WEATHER WAS RECORDED YESTERDAY.
  NO SIGNIFICANT WEATHER WAS OBSERVED.


RELATIVE HUMIDITY (PERCENT)
 HIGHEST    61           500 AM
 LOWEST     17           200 PM
 AVERAGE    39

..........................................................


THE ELKO AIRPORT NV CLIMATE NORMALS FOR TODAY
                         NORMAL    RECORD    YEAR
 MAXIMUM TEMPERATURE (F)   63        82      1921
 MINIMUM TEMPERATURE (F)   27         8      1996
                                             1898


SUNRISE AND SUNSET
OCTOBER 20 2020.......SUNRISE   701 AM PDT   SUNSET   554 PM PDT
OCTOBER 21 2020.......SUNRISE   702 AM PDT   SUNSET   553 PM PDT


-  INDICATES NEGATIVE NUMBERS.
R  INDICATES RECORD WAS SET OR TIED.
MM INDICATES DATA IS MISSING.
T  INDICATES TRACE AMOUNT.




$$
