000
CDUS45 KLKN 050927
CLIEKO


CLIMATE REPORT
NATIONAL WEATHER SERVICE ELKO NV
226 AM PDT FRI JUN 5 2020


...................................

...THE ELKO AIRPORT NV CLIMATE SUMMARY FOR JUNE 4 2020...

CLIMATE NORMAL PERIOD 1981 TO 2010
CLIMATE RECORD PERIOD 1888 TO 2020


WEATHER ITEM   OBSERVED TIME   RECORD YEAR NORMAL DEPARTURE LAST
                VALUE   (LST)  VALUE       VALUE  FROM      YEAR
                                                  NORMAL
..................................................................
TEMPERATURE (F)
 YESTERDAY
  MAXIMUM         87    434 PM  94    1977  75     12       81
                                      1926
  MINIMUM         50    356 AM  26    1951  42      8       50
                                      1892
  AVERAGE         69                        58     11       66

PRECIPITATION (IN)
  YESTERDAY        0.00          0.66 1997   0.03  -0.03     0.00
  MONTH TO DATE    0.00                      0.12  -0.12     0.01
  SINCE OCT 1      5.62                      8.07  -2.45    13.02
  SINCE JAN 1      3.34                      5.01  -1.67     9.89

SNOWFALL (IN)
  YESTERDAY        0.0           T    1953   0.0    0.0      0.0
                                      1943
  MONTH TO DATE    0.0                       0.0    0.0      0.0
  SINCE JUN 1      0.0                       0.0    0.0      0.0
  SINCE JUL 1     28.5                      41.3  -12.8     54.5
  SNOW DEPTH       0

DEGREE DAYS
 HEATING
  YESTERDAY        0                         7     -7        0
  MONTH TO DATE    2                        30    -28       15
  SINCE JUN 1      2                        30    -28       15
  SINCE JUL 1   6282                      6965   -683     6716

 COOLING
  YESTERDAY        4                         1      3        1
  MONTH TO DATE   12                         3      9        1
  SINCE JUN 1     12                         3      9        1
  SINCE JAN 1     43                         7     36        1
..................................................................


WIND (MPH)
  HIGHEST WIND SPEED    18   HIGHEST WIND DIRECTION    SW (220)
  HIGHEST GUST SPEED    23   HIGHEST GUST DIRECTION    SW (230)
  AVERAGE WIND SPEED     5.8



WEATHER CONDITIONS
 THE FOLLOWING WEATHER WAS RECORDED YESTERDAY.
  NO SIGNIFICANT WEATHER WAS OBSERVED.


RELATIVE HUMIDITY (PERCENT)
 HIGHEST    52           400 AM
 LOWEST     13           400 PM
 AVERAGE    33

..........................................................


THE ELKO AIRPORT NV CLIMATE NORMALS FOR TODAY
                         NORMAL    RECORD    YEAR
 MAXIMUM TEMPERATURE (F)   76        98      1977
 MINIMUM TEMPERATURE (F)   42        23      1914


SUNRISE AND SUNSET
JUNE  5 2020..........SUNRISE   512 AM PDT   SUNSET   812 PM PDT
JUNE  6 2020..........SUNRISE   512 AM PDT   SUNSET   812 PM PDT


-  INDICATES NEGATIVE NUMBERS.
R  INDICATES RECORD WAS SET OR TIED.
MM INDICATES DATA IS MISSING.
T  INDICATES TRACE AMOUNT.




$$
