000
CDUS45 KLKN 230026
CLIEKO


CLIMATE REPORT
NATIONAL WEATHER SERVICE ELKO NV
526 PM PDT MON OCT 22 2018


...................................

...THE ELKO AIRPORT NV CLIMATE SUMMARY FOR OCTOBER 22 2018...
VALID TODAY AS OF 0500 PM LOCAL TIME.

CLIMATE NORMAL PERIOD 1981 TO 2010
CLIMATE RECORD PERIOD 1888 TO 2018


WEATHER ITEM   OBSERVED TIME   RECORD YEAR NORMAL DEPARTURE LAST
                VALUE   (LST)  VALUE       VALUE  FROM      YEAR
                                                  NORMAL
..................................................................
TEMPERATURE (F)
 TODAY
  MAXIMUM         61    317 PM  83    2003  62     -1       69
  MINIMUM         48    650 AM   8    1996  27     21       28
  AVERAGE         55                        44     11       49

PRECIPITATION (IN)
  TODAY            0.12          1.30 1889   0.03   0.09     0.00
  MONTH TO DATE    0.74                      0.49   0.25     0.13
  SINCE OCT 1      0.74                      0.49   0.25     0.13
  SINCE JAN 1      7.26                      7.34  -0.08    10.06

SNOWFALL (IN)
  TODAY            0.0           0.3  1985   0.0    0.0      0.0
  MONTH TO DATE    0.0                       0.3   -0.3       T
  SINCE SEP 1      0.0                       0.4   -0.4       T
  SINCE JUL 1      0.0                       0.4   -0.4       T
  SNOW DEPTH       0

DEGREE DAYS
 HEATING
  TODAY           10                        21    -11       16
  MONTH TO DATE  383                       368     15      459
  SINCE SEP 1    512                       575    -63      710
  SINCE JUL 1    525                       626   -101      714

 COOLING
  TODAY            0                         0      0        0
  MONTH TO DATE    0                         0      0        0
  SINCE SEP 1     24                        21      3       89
  SINCE JAN 1    678                       383    295      785
..................................................................


WIND (MPH)
  HIGHEST WIND SPEED    13   HIGHEST WIND DIRECTION     S (160)
  HIGHEST GUST SPEED    18   HIGHEST GUST DIRECTION     S (160)



WEATHER CONDITIONS
 THE FOLLOWING WEATHER WAS RECORDED TODAY.
  RAIN
  LIGHT RAIN
  FOG


RELATIVE HUMIDITY (PERCENT)
 HIGHEST    93           500 AM
 LOWEST     51           300 PM
 AVERAGE    72

..........................................................


THE ELKO AIRPORT NV CLIMATE NORMALS FOR TOMORROW
                         NORMAL    RECORD    YEAR
 MAXIMUM TEMPERATURE (F)   61        77      1937
 MINIMUM TEMPERATURE (F)   27         8      1895


SUNRISE AND SUNSET
OCTOBER 22 2018.......SUNRISE   702 AM PDT   SUNSET   552 PM PDT
OCTOBER 23 2018.......SUNRISE   703 AM PDT   SUNSET   551 PM PDT


-  INDICATES NEGATIVE NUMBERS.
R  INDICATES RECORD WAS SET OR TIED.
MM INDICATES DATA IS MISSING.
T  INDICATES TRACE AMOUNT.




$$
