000
CDUS45 KLKN 160942
CLIEKO


CLIMATE REPORT
NATIONAL WEATHER SERVICE ELKO NV
141 AM PST SAT FEB 16 2019


...................................

...THE ELKO AIRPORT NV CLIMATE SUMMARY FOR FEBRUARY 15 2019...

CLIMATE NORMAL PERIOD 1981 TO 2010
CLIMATE RECORD PERIOD 1888 TO 2019


WEATHER ITEM   OBSERVED TIME   RECORD YEAR NORMAL DEPARTURE LAST
                VALUE   (LST)  VALUE       VALUE  FROM      YEAR
                                                  NORMAL
..................................................................
TEMPERATURE (F)
 YESTERDAY
  MAXIMUM         38   1023 AM  63    2014  41     -3       37
  MINIMUM         19   1155 PM -20    1895  18      1       16
  AVERAGE         29                        30     -1       27

PRECIPITATION (IN)
  YESTERDAY        0.02          0.32 1982   0.03  -0.01      T
  MONTH TO DATE    2.20                      0.44   1.76     0.21
  SINCE OCT 1      6.48                      4.62   1.86     2.38
  SINCE JAN 1      3.35                      1.56   1.79     0.68

SNOWFALL (IN)
  YESTERDAY        0.7           4.5  2012   0.2    0.5       T
  MONTH TO DATE   16.6                       3.8   12.8      3.3
  SINCE DEC 1     36.5                      24.2   12.3      9.6
  SINCE JUL 1     38.7                      29.9    8.8     10.3
  SNOW DEPTH       3

DEGREE DAYS
 HEATING
  YESTERDAY       36                        35      1       38
  MONTH TO DATE  553                       556     -3      450
  SINCE DEC 1   2871                      3003   -132     2521
  SINCE JUL 1   4498                      4741   -243     4109

 COOLING
  YESTERDAY        0                         0      0        0
  MONTH TO DATE    0                         0      0        0
  SINCE DEC 1      0                         0      0        0
  SINCE JAN 1      0                         0      0        0
..................................................................


WIND (MPH)
  HIGHEST WIND SPEED    25   HIGHEST WIND DIRECTION     W (280)
  HIGHEST GUST SPEED    30   HIGHEST GUST DIRECTION     W (260)
  AVERAGE WIND SPEED     7.7



WEATHER CONDITIONS
 THE FOLLOWING WEATHER WAS RECORDED YESTERDAY.
  HEAVY SNOW
  SNOW
  LIGHT SNOW
  FOG


RELATIVE HUMIDITY (PERCENT)
 HIGHEST    88          1000 PM
 LOWEST     59          1000 AM
 AVERAGE    74

..........................................................


THE ELKO AIRPORT NV CLIMATE NORMALS FOR TODAY
                         NORMAL    RECORD    YEAR
 MAXIMUM TEMPERATURE (F)   42        65      1977
 MINIMUM TEMPERATURE (F)   19       -17      1932


SUNRISE AND SUNSET
FEBRUARY 16 2019......SUNRISE   636 AM PST   SUNSET   519 PM PST
FEBRUARY 17 2019......SUNRISE   635 AM PST   SUNSET   520 PM PST


-  INDICATES NEGATIVE NUMBERS.
R  INDICATES RECORD WAS SET OR TIED.
MM INDICATES DATA IS MISSING.
T  INDICATES TRACE AMOUNT.




$$
