000
CDUS45 KLKN 220934
CLIEKO


CLIMATE REPORT
NATIONAL WEATHER SERVICE ELKO NV
233 AM PDT TUE OCT 22 2019


...................................

...THE ELKO AIRPORT NV CLIMATE SUMMARY FOR OCTOBER 21 2019...

CLIMATE NORMAL PERIOD 1981 TO 2010
CLIMATE RECORD PERIOD 1888 TO 2019


WEATHER ITEM   OBSERVED TIME   RECORD YEAR NORMAL DEPARTURE LAST
                VALUE   (LST)  VALUE       VALUE  FROM      YEAR
                                                  NORMAL
..................................................................
TEMPERATURE (F)
 YESTERDAY
  MAXIMUM         62    252 PM  83    2003  62      0       71
  MINIMUM         31    117 AM   1    1996  27      4       29
  AVERAGE         47                        45      2       50

PRECIPITATION (IN)
  YESTERDAY        0.00          0.48 1941   0.02  -0.02     0.01
  MONTH TO DATE    0.13                      0.46  -0.33     0.62
  SINCE OCT 1      0.13                      0.46  -0.33     0.62
  SINCE JAN 1     12.62                      7.31   5.31     7.14

SNOWFALL (IN)
  YESTERDAY        0.0           2.0  1920   0.1   -0.1      0.0
  MONTH TO DATE    0.0                       0.3   -0.3      0.0
  SINCE SEP 1      T                         0.4   -0.4      0.0
  SINCE JUL 1      T                         0.4   -0.4      0.0
  SNOW DEPTH       0

DEGREE DAYS
 HEATING
  YESTERDAY       18                        20     -2       15
  MONTH TO DATE  440                       347     93      373
  SINCE SEP 1    652                       554     98      502
  SINCE JUL 1    657                       605     52      515

 COOLING
  YESTERDAY        0                         0      0        0
  MONTH TO DATE    0                         0      0        0
  SINCE SEP 1     47                        21     26       24
  SINCE JAN 1    503                       383    120      678
..................................................................


WIND (MPH)
  HIGHEST WIND SPEED    18   HIGHEST WIND DIRECTION     W (270)
  HIGHEST GUST SPEED    21   HIGHEST GUST DIRECTION     W (270)
  AVERAGE WIND SPEED     7.2



WEATHER CONDITIONS
 THE FOLLOWING WEATHER WAS RECORDED YESTERDAY.
  NO SIGNIFICANT WEATHER WAS OBSERVED.


RELATIVE HUMIDITY (PERCENT)
 HIGHEST    70           200 AM
 LOWEST     24           400 PM
 AVERAGE    47

..........................................................


THE ELKO AIRPORT NV CLIMATE NORMALS FOR TODAY
                         NORMAL    RECORD    YEAR
 MAXIMUM TEMPERATURE (F)   62        83      2003
 MINIMUM TEMPERATURE (F)   27         8      1996


SUNRISE AND SUNSET
OCTOBER 22 2019.......SUNRISE   702 AM PDT   SUNSET   553 PM PDT
OCTOBER 23 2019.......SUNRISE   703 AM PDT   SUNSET   551 PM PDT


-  INDICATES NEGATIVE NUMBERS.
R  INDICATES RECORD WAS SET OR TIED.
MM INDICATES DATA IS MISSING.
T  INDICATES TRACE AMOUNT.




$$
