793
CDUS45 KLKN 220926
CLIEKO

CLIMATE REPORT
NATIONAL WEATHER SERVICE ELKO, NV
226 AM PDT MON JUL 22 2024

...................................

...THE ELKO AIRPORT NV CLIMATE SUMMARY FOR JULY 21 2024...

CLIMATE NORMAL PERIOD 1991 TO 2020
CLIMATE RECORD PERIOD 1888 TO 2024


WEATHER ITEM   OBSERVED TIME   RECORD YEAR NORMAL DEPARTURE LAST
                VALUE   (LST)  VALUE       VALUE  FROM      YEAR
                                                  NORMAL
...................................................................
TEMPERATURE (F)
 YESTERDAY
  MAXIMUM        101    125 PM 103    1931  93      8       99
  MINIMUM         56    418 AM  35    1897  53      3       51
  AVERAGE         79                        73      6       75

PRECIPITATION (IN)
  YESTERDAY        0.00          0.40 1913   0.02  -0.02     0.00
  MONTH TO DATE    T                         0.24  -0.24      T
  SINCE OCT 1     10.06                      8.95   1.11    13.03
  SINCE JAN 1      7.55                      6.13   1.42     7.49

SNOWFALL (IN)
  YESTERDAY        0.0           0.0  1888   0.0    0.0      0.0
  MONTH TO DATE    0.0                       0.0    0.0      0.0
  SINCE JUN 1      0.0                       0.0    0.0      0.0
  SINCE JUL 1      0.0                       0.0    0.0      0.0
  SNOW DEPTH       0

DEGREE DAYS
 HEATING
  YESTERDAY        0                         0      0        0
  MONTH TO DATE    0                         9     -9        0
  SINCE JUN 1     42                       126    -84      105
  SINCE JUL 1      0                         9     -9        0

 COOLING
  YESTERDAY       14                         8      6       10
  MONTH TO DATE  219                       144     75      185
  SINCE JUN 1    378                       207    171      193
  SINCE JAN 1    379                       213    166      196
...................................................................


WIND (MPH)
  HIGHEST WIND SPEED    30   HIGHEST WIND DIRECTION    SW (210)
  HIGHEST GUST SPEED    40   HIGHEST GUST DIRECTION    SW (210)
  AVERAGE WIND SPEED     3.4


WEATHER CONDITIONS
THE FOLLOWING WEATHER WAS RECORDED YESTERDAY.
  NO SIGNIFICANT WEATHER WAS OBSERVED.


RELATIVE HUMIDITY (PERCENT)
 HIGHEST    62           500 AM
 LOWEST     12          1200 PM
 AVERAGE    37

..........................................................


THE ELKO AIRPORT NV CLIMATE NORMALS FOR TODAY
                         NORMAL    RECORD    YEAR
 MAXIMUM TEMPERATURE (F)   93       103      2003
                                             2023
 MINIMUM TEMPERATURE (F)   53        35      1954
                                             1987


SUNRISE AND SUNSET
JULY 22 2024..........SUNRISE   531 AM PDT   SUNSET   808 PM PDT
JULY 23 2024..........SUNRISE   532 AM PDT   SUNSET   807 PM PDT


-  INDICATES NEGATIVE NUMBERS.
R  INDICATES RECORD WAS SET OR TIED.
MM INDICATES DATA IS MISSING.
T  INDICATES TRACE AMOUNT.




$$