000
CDUS44 KSHV 121031
CLIELD


CLIMATE REPORT
NATIONAL WEATHER SERVICE SHREVEPORT, LA
420 AM CST WED DEC 12 2018


...................................

...THE EL DORADO CLIMATE SUMMARY FOR DECEMBER 12 2018...
VALID TODAY AS OF 0400 AM LOCAL TIME.

CLIMATE NORMAL PERIOD 1981 TO 2010
CLIMATE RECORD PERIOD 1907 TO 2018


WEATHER ITEM   OBSERVED TIME   RECORD YEAR NORMAL DEPARTURE LAST
                VALUE   (LST)  VALUE       VALUE  FROM      YEAR
                                                  NORMAL
..................................................................
TEMPERATURE (F)
 TODAY
  MAXIMUM         44   1200 AM  78    1996  57    -13       57
  MINIMUM         43    400 AM  10    1962  35      8       30
  AVERAGE         44                        46     -2       44

PRECIPITATION (IN)
  TODAY           MM             2.51 2001   0.17  MM        0.00
  MONTH TO DATE    4.70                      2.21   2.49     0.62
  SINCE DEC 1      4.70                      2.21   2.49     0.62
  SINCE JAN 1     52.38                     49.95   2.43    41.69

SNOWFALL (IN)
  TODAY           MM
  MONTH TO DATE    T
  SINCE DEC 1      T
  SINCE JUL 1      0.2
  SNOW DEPTH      MM

DEGREE DAYS
 HEATING
  TODAY           21                        19      2       21
  MONTH TO DATE  255                       215     40      187
  SINCE DEC 1    255                       215     40      187
  SINCE JUL 1    838                       694    144      589

 COOLING
  TODAY            0                         0      0        0
  MONTH TO DATE    0                         0      0        0
  SINCE DEC 1      0                         0      0        0
  SINCE JAN 1   2677                      2126    551     2241
..................................................................


WIND (MPH)
  HIGHEST WIND SPEED     9   HIGHEST WIND DIRECTION     S (180)
  HIGHEST GUST SPEED    MM   HIGHEST GUST DIRECTION    MM
  AVERAGE WIND SPEED     7.4


SKY COVER
  POSSIBLE SUNSHINE  MM
  AVERAGE SKY COVER 0.0


WEATHER CONDITIONS
 THE FOLLOWING WEATHER WAS RECORDED TODAY.
  NO SIGNIFICANT WEATHER WAS OBSERVED.


RELATIVE HUMIDITY (PERCENT)
 HIGHEST    82           100 AM
 LOWEST     70          1200 AM
 AVERAGE    76

..........................................................


THE EL DORADO CLIMATE NORMALS FOR TOMORROW
                         NORMAL    RECORD    YEAR
 MAXIMUM TEMPERATURE (F)   56        78      1933
 MINIMUM TEMPERATURE (F)   35         9      1962


SUNRISE AND SUNSET
DECEMBER 12 2018......SUNRISE   705 AM CST   SUNSET   505 PM CST
DECEMBER 13 2018......SUNRISE   706 AM CST   SUNSET   505 PM CST


-  INDICATES NEGATIVE NUMBERS.
R  INDICATES RECORD WAS SET OR TIED.
MM INDICATES DATA IS MISSING.
T  INDICATES TRACE AMOUNT.




$$
