000
CDUS44 KSHV 190756
CLIELD


CLIMATE REPORT
NATIONAL WEATHER SERVICE SHREVEPORT, LA
255 AM CDT WED SEP 19 2018


...................................

...THE EL DORADO CLIMATE SUMMARY FOR SEPTEMBER 18 2018...

CLIMATE NORMAL PERIOD 1981 TO 2010
CLIMATE RECORD PERIOD 1907 TO 2018


WEATHER ITEM   OBSERVED TIME   RECORD YEAR NORMAL DEPARTURE LAST
                VALUE   (LST)  VALUE       VALUE  FROM      YEAR
                                                  NORMAL
..................................................................
TEMPERATURE (F)
 YESTERDAY
  MAXIMUM         98    209 PM 100    2010  86     12       92
                                      2005
                                      1930
  MINIMUM         71    557 AM  44    1981  62      9       69
  AVERAGE         85                        74     11       81

PRECIPITATION (IN)
  YESTERDAY        0.00          1.39 1987   0.09  -0.09     0.00
  MONTH TO DATE    2.40                      1.80   0.60     1.23
  SINCE DEC 1     40.70                     41.53  -0.83    44.86
  SINCE JAN 1     35.07                     36.35  -1.28    38.57

SNOWFALL (IN)
  YESTERDAY        0.0
  MONTH TO DATE    0.0
  SINCE SEP 1      0.0
  SINCE JUL 1      0.0
  SNOW DEPTH       0

DEGREE DAYS
 HEATING
  YESTERDAY        0                         0      0        0
  MONTH TO DATE    0                         0      0        3
  SINCE SEP 1      0                         0      0        3
  SINCE JUL 1      0                         0      0        3

 COOLING
  YESTERDAY       20                         9     11       16
  MONTH TO DATE  271                       213     58      156
  SINCE SEP 1    271                       213     58      156
  SINCE JAN 1   2392                      1940    452     1891
..................................................................


WIND (MPH)
  HIGHEST WIND SPEED     9   HIGHEST WIND DIRECTION    NE (30)
  HIGHEST GUST SPEED    11   HIGHEST GUST DIRECTION     N (20)
  AVERAGE WIND SPEED     1.6


SKY COVER
  POSSIBLE SUNSHINE  MM
  AVERAGE SKY COVER 0.2


WEATHER CONDITIONS
 THE FOLLOWING WEATHER WAS RECORDED YESTERDAY.
  NO SIGNIFICANT WEATHER WAS OBSERVED.


RELATIVE HUMIDITY (PERCENT)
 HIGHEST   100           100 AM
 LOWEST     45           400 PM
 AVERAGE    73

..........................................................


THE EL DORADO CLIMATE NORMALS FOR TODAY
                         NORMAL    RECORD    YEAR
 MAXIMUM TEMPERATURE (F)   86       101      1936
 MINIMUM TEMPERATURE (F)   62        42      1981


SUNRISE AND SUNSET
SEPTEMBER 19 2018.....SUNRISE   657 AM CDT   SUNSET   712 PM CDT
SEPTEMBER 20 2018.....SUNRISE   658 AM CDT   SUNSET   711 PM CDT


-  INDICATES NEGATIVE NUMBERS.
R  INDICATES RECORD WAS SET OR TIED.
MM INDICATES DATA IS MISSING.
T  INDICATES TRACE AMOUNT.




$$
