399
CDUS44 KSHV 212140
CLIELD


CLIMATE REPORT
NATIONAL WEATHER SERVICE SHREVEPORT, LA
440 PM CDT MON OCT 21 2019


...................................

...THE EL DORADO CLIMATE SUMMARY FOR OCTOBER 21 2019...
VALID TODAY AS OF 0400 PM LOCAL TIME.

CLIMATE NORMAL PERIOD 1981 TO 2010
CLIMATE RECORD PERIOD 1907 TO 2019


WEATHER ITEM   OBSERVED TIME   RECORD YEAR NORMAL DEPARTURE LAST
                VALUE   (LST)  VALUE       VALUE  FROM      YEAR
                                                  NORMAL
..................................................................
TEMPERATURE (F)
 TODAY
  MAXIMUM         77    154 PM  93    1939  75      2       63
  MINIMUM         64    609 AM  30    1952  50     14       40
  AVERAGE         71                        62      9       52

PRECIPITATION (IN)
  TODAY            0.74          2.90 1990   0.18   0.56     0.00
  MONTH TO DATE    7.00                      3.49   3.51     3.72
  SINCE DEC 1     64.89                     46.33  18.56    46.79
  SINCE JAN 1     53.59                     41.15  12.44    41.16

SNOWFALL (IN)
  TODAY            0.0
  MONTH TO DATE    0.0
  SINCE SEP 1      0.0
  SINCE JUL 1      0.0
  SNOW DEPTH       0

DEGREE DAYS
 HEATING
  TODAY            0                         5     -5       13
  MONTH TO DATE   60                        60      0       62
  SINCE SEP 1     60                        72    -12       64
  SINCE JUL 1     60                        72    -12       64

 COOLING
  TODAY            6                         2      4        0
  MONTH TO DATE  123                        67     56      145
  SINCE SEP 1    660                       367    293      533
  SINCE JAN 1   2476                      2094    382     2654
..................................................................


WIND (MPH)
  HIGHEST WIND SPEED    24   HIGHEST WIND DIRECTION     W (290)
  HIGHEST GUST SPEED    33   HIGHEST GUST DIRECTION     W (290)
  AVERAGE WIND SPEED    10.4


SKY COVER
  POSSIBLE SUNSHINE  MM
  AVERAGE SKY COVER 0.7


WEATHER CONDITIONS
 THE FOLLOWING WEATHER WAS RECORDED TODAY.
  THUNDERSTORM
  HEAVY RAIN
  RAIN
  LIGHT RAIN
  FOG


RELATIVE HUMIDITY (PERCENT)
 HIGHEST   100           800 AM
 LOWEST     36           300 PM
 AVERAGE    68

..........................................................


THE EL DORADO CLIMATE NORMALS FOR TOMORROW
                         NORMAL    RECORD    YEAR
 MAXIMUM TEMPERATURE (F)   74        93      1939
 MINIMUM TEMPERATURE (F)   49        31      1917


SUNRISE AND SUNSET
OCTOBER 21 2019.......SUNRISE   720 AM CDT   SUNSET   631 PM CDT
OCTOBER 22 2019.......SUNRISE   721 AM CDT   SUNSET   630 PM CDT


-  INDICATES NEGATIVE NUMBERS.
R  INDICATES RECORD WAS SET OR TIED.
MM INDICATES DATA IS MISSING.
T  INDICATES TRACE AMOUNT.




$$
