000
CDUS44 KSHV 040739
CLIELD


CLIMATE REPORT
NATIONAL WEATHER SERVICE SHREVEPORT, LA
239 AM CDT THU JUN 4 2020


...................................

...THE EL DORADO CLIMATE SUMMARY FOR JUNE 3 2020...

CLIMATE NORMAL PERIOD 1981 TO 2010
CLIMATE RECORD PERIOD 1907 TO 2020


WEATHER ITEM   OBSERVED TIME   RECORD YEAR NORMAL DEPARTURE LAST
                VALUE   (LST)  VALUE       VALUE  FROM      YEAR
                                                  NORMAL
..................................................................
TEMPERATURE (F)
 YESTERDAY
  MAXIMUM         92    322 PM 100    1977  87      5       93
  MINIMUM         66    454 AM  49    1970  65      1       68
  AVERAGE         79                        76      3       81

PRECIPITATION (IN)
  YESTERDAY        0.00          5.02 1990   0.14  -0.14     0.42
  MONTH TO DATE    T                         0.44  -0.44     0.42
  SINCE DEC 1     32.71                     28.60   4.11    47.11
  SINCE JAN 1     30.95                     23.42   7.53    35.81

SNOWFALL (IN)
  YESTERDAY        0.0
  MONTH TO DATE    0.0
  SINCE JUN 1      0.0
  SINCE JUL 1      T
  SNOW DEPTH       0

DEGREE DAYS
 HEATING
  YESTERDAY        0                         0      0        0
  MONTH TO DATE    0                         0      0        0
  SINCE JUN 1      0                         0      0        0
  SINCE JUL 1   2304                      2673   -369     2580

 COOLING
  YESTERDAY       14                        11      3       16
  MONTH TO DATE   32                        32      0       45
  SINCE JUN 1     32                        32      0       45
  SINCE JAN 1    347                       343      4      402
..................................................................


WIND (MPH)
  HIGHEST WIND SPEED    15   HIGHEST WIND DIRECTION     S (170)
  HIGHEST GUST SPEED    22   HIGHEST GUST DIRECTION     S (190)
  AVERAGE WIND SPEED     3.3


SKY COVER
  POSSIBLE SUNSHINE  MM
  AVERAGE SKY COVER 0.2


WEATHER CONDITIONS
 THE FOLLOWING WEATHER WAS RECORDED YESTERDAY.
  NO SIGNIFICANT WEATHER WAS OBSERVED.


RELATIVE HUMIDITY (PERCENT)
 HIGHEST   100          1200 AM
 LOWEST     49           300 PM
 AVERAGE    75

..........................................................


THE EL DORADO CLIMATE NORMALS FOR TODAY
                         NORMAL    RECORD    YEAR
 MAXIMUM TEMPERATURE (F)   87       101      1977
 MINIMUM TEMPERATURE (F)   65        51      1919


SUNRISE AND SUNSET
JUNE  4 2020..........SUNRISE   602 AM CDT   SUNSET   817 PM CDT
JUNE  5 2020..........SUNRISE   602 AM CDT   SUNSET   818 PM CDT


-  INDICATES NEGATIVE NUMBERS.
R  INDICATES RECORD WAS SET OR TIED.
MM INDICATES DATA IS MISSING.
T  INDICATES TRACE AMOUNT.




$$
