000
CDUS44 KSHV 310731
CLIELD


CLIMATE REPORT
NATIONAL WEATHER SERVICE SHREVEPORT, LA
231 AM CDT SAT OCT 31 2020


...................................

...THE EL DORADO CLIMATE SUMMARY FOR OCTOBER 30 2020...

CLIMATE NORMAL PERIOD 1981 TO 2010
CLIMATE RECORD PERIOD 1907 TO 2020


WEATHER ITEM   OBSERVED TIME   RECORD YEAR NORMAL DEPARTURE LAST
                VALUE   (LST)  VALUE       VALUE  FROM      YEAR
                                                  NORMAL
..................................................................
TEMPERATURE (F)
 YESTERDAY
  MAXIMUM         63    256 PM  90    1937  72     -9       65
  MINIMUM         40    640 AM  24    1917  47     -7       44
  AVERAGE         52                        59     -7       55

PRECIPITATION (IN)
  YESTERDAY        0.00          2.02 1985   0.17  -0.17     0.92
  MONTH TO DATE    3.86                      5.03  -1.17    10.27
  SINCE DEC 1     58.86                     47.87  10.99    68.16
  SINCE JAN 1     57.10                     42.69  14.41    56.86

SNOWFALL (IN)
  YESTERDAY        0.0
  MONTH TO DATE    0.0
  SINCE SEP 1      0.0
  SINCE JUL 1      0.0
  SNOW DEPTH       0

DEGREE DAYS
 HEATING
  YESTERDAY       13                         7      6       10
  MONTH TO DATE  130                       114     16      128
  SINCE SEP 1    132                       126      6      128
  SINCE JUL 1    132                       126      6      128

 COOLING
  YESTERDAY        0                         1     -1        0
  MONTH TO DATE   72                        82    -10      117
  SINCE SEP 1    364                       382    -18      654
  SINCE JAN 1   2111                      2109      2     2470
..................................................................


WIND (MPH)
  HIGHEST WIND SPEED    15   HIGHEST WIND DIRECTION    NE (50)
  HIGHEST GUST SPEED    20   HIGHEST GUST DIRECTION    NE (40)
  AVERAGE WIND SPEED     4.9


SKY COVER
  POSSIBLE SUNSHINE  MM
  AVERAGE SKY COVER 0.1


WEATHER CONDITIONS
 THE FOLLOWING WEATHER WAS RECORDED YESTERDAY.
  NO SIGNIFICANT WEATHER WAS OBSERVED.


RELATIVE HUMIDITY (PERCENT)
 HIGHEST   100           200 AM
 LOWEST     46           200 PM
 AVERAGE    73

..........................................................


THE EL DORADO CLIMATE NORMALS FOR TODAY
                         NORMAL    RECORD    YEAR
 MAXIMUM TEMPERATURE (F)   71        90      1937
 MINIMUM TEMPERATURE (F)   47        26      1993


SUNRISE AND SUNSET
OCTOBER 31 2020.......SUNRISE   729 AM CDT   SUNSET   620 PM CDT
NOVEMBER  1 2020......SUNRISE   630 AM CST   SUNSET   519 PM CST


-  INDICATES NEGATIVE NUMBERS.
R  INDICATES RECORD WAS SET OR TIED.
MM INDICATES DATA IS MISSING.
T  INDICATES TRACE AMOUNT.




$$
