000
CDUS44 KSHV 170849
CLIELD


CLIMATE REPORT
NATIONAL WEATHER SERVICE SHREVEPORT, LA
248 AM CST SAT FEB 17 2018


...................................

...THE EL DORADO CLIMATE SUMMARY FOR FEBRUARY 16 2018...

CLIMATE NORMAL PERIOD 1981 TO 2010
CLIMATE RECORD PERIOD 1907 TO 2018


WEATHER ITEM   OBSERVED TIME   RECORD YEAR NORMAL DEPARTURE LAST
                VALUE   (LST)  VALUE       VALUE  FROM      YEAR
                                                  NORMAL
..................................................................
TEMPERATURE (F)
 YESTERDAY
  MAXIMUM         MM        MM  85    1927  59     MM       65
  MINIMUM         MM        MM  20    1991  37     MM       30
  AVERAGE         MM                        48     MM       48

PRECIPITATION (IN)
  YESTERDAY        T             2.06 2001   0.17  -0.17     0.00
  MONTH TO DATE    5.37                      2.69   2.68     1.46
  SINCE DEC 1     14.07                     12.17   1.90    11.94
  SINCE JAN 1      8.44                      6.99   1.45     5.65

SNOWFALL (IN)
  YESTERDAY        0.0
  MONTH TO DATE    0.0
  SINCE DEC 1      2.8
  SINCE JUL 1      2.8
  SNOW DEPTH       0

DEGREE DAYS
 HEATING
  YESTERDAY       MM                        17     MM       17
  MONTH TO DATE  265                       300    -35      187
  SINCE DEC 1   1612                      1564     48     1105
  SINCE JUL 1   2014                      2043    -29     1378

 COOLING
  YESTERDAY       MM                         0     MM        0
  MONTH TO DATE    5                         0      5       10
  SINCE DEC 1      5                         6     -1       33
  SINCE JAN 1      5                         2      3       19
..................................................................


WIND (MPH)
  HIGHEST WIND SPEED    15   HIGHEST WIND DIRECTION    NE (30)
  HIGHEST GUST SPEED    22   HIGHEST GUST DIRECTION     N (10)
  AVERAGE WIND SPEED    10.7


SKY COVER
  POSSIBLE SUNSHINE  MM
  AVERAGE SKY COVER 0.5


WEATHER CONDITIONS
 THE FOLLOWING WEATHER WAS RECORDED YESTERDAY.
  LIGHT RAIN
  FOG


RELATIVE HUMIDITY (PERCENT)
 HIGHEST   100           100 PM
 LOWEST     77           400 PM
 AVERAGE    89

..........................................................


THE EL DORADO CLIMATE NORMALS FOR TODAY
                         NORMAL    RECORD    YEAR
 MAXIMUM TEMPERATURE (F)   60        81      1986
 MINIMUM TEMPERATURE (F)   37        17      1980


SUNRISE AND SUNSET
FEBRUARY 17 2018......SUNRISE   653 AM CST   SUNSET   558 PM CST
FEBRUARY 18 2018......SUNRISE   652 AM CST   SUNSET   559 PM CST


-  INDICATES NEGATIVE NUMBERS.
R  INDICATES RECORD WAS SET OR TIED.
MM INDICATES DATA IS MISSING.
T  INDICATES TRACE AMOUNT.




$$
