339
CDUS44 KSHV 172135
CLIELD


CLIMATE REPORT
NATIONAL WEATHER SERVICE SHREVEPORT, LA
433 PM CDT SUN JUN 17 2018


...................................

...THE EL DORADO CLIMATE SUMMARY FOR JUNE 17 2018...
VALID TODAY AS OF 0400 PM LOCAL TIME.

CLIMATE NORMAL PERIOD 1981 TO 2010
CLIMATE RECORD PERIOD 1907 TO 2018


WEATHER ITEM   OBSERVED TIME   RECORD YEAR NORMAL DEPARTURE LAST
                VALUE   (LST)  VALUE       VALUE  FROM      YEAR
                                                  NORMAL
..................................................................
TEMPERATURE (F)
 TODAY
  MAXIMUM         93   1240 PM 104    1936  89      4       90
  MINIMUM         72    511 AM  47    1917  68      4       73
  AVERAGE         83                        79      4       82

PRECIPITATION (IN)
  TODAY            T             1.00 1982   0.19  -0.19     0.00
  MONTH TO DATE    1.84                      2.68  -0.84     0.82
  SINCE DEC 1     34.32                     30.84   3.48    33.49
  SINCE JAN 1     28.69                     25.66   3.03    27.20

DEGREE DAYS
 HEATING
  TODAY            0                         0      0        0
  MONTH TO DATE    0                         0      0        0
  SINCE JUN 1      0                         0      0        0
  SINCE JUL 1   2515                      2673   -158     1723

 COOLING
  TODAY           18                        14      4       17
  MONTH TO DATE  274                       204     70      213
  SINCE JUN 1    274                       204     70      213
  SINCE JAN 1    723                       515    208      559
..................................................................


WIND (MPH)
  HIGHEST WIND SPEED    15   HIGHEST WIND DIRECTION    SE (130)
  HIGHEST GUST SPEED    21   HIGHEST GUST DIRECTION     E (110)
  AVERAGE WIND SPEED     5.7


SKY COVER
  POSSIBLE SUNSHINE  MM
  AVERAGE SKY COVER 0.2


WEATHER CONDITIONS
 THE FOLLOWING WEATHER WAS RECORDED TODAY.
  LIGHT RAIN


RELATIVE HUMIDITY (PERCENT)
 HIGHEST   100           300 AM
 LOWEST     56          1200 PM
 AVERAGE    78

..........................................................


THE EL DORADO CLIMATE NORMALS FOR TOMORROW
                         NORMAL    RECORD    YEAR
 MAXIMUM TEMPERATURE (F)   90       105      1918
 MINIMUM TEMPERATURE (F)   68        52      1917


SUNRISE AND SUNSET
JUNE 17 2018..........SUNRISE   602 AM CDT   SUNSET   823 PM CDT
JUNE 18 2018..........SUNRISE   602 AM CDT   SUNSET   823 PM CDT


-  INDICATES NEGATIVE NUMBERS.
R  INDICATES RECORD WAS SET OR TIED.
MM INDICATES DATA IS MISSING.
T  INDICATES TRACE AMOUNT.




$$
