243
CDUS44 KEPZ 250933
CLIELP


CLIMATE REPORT
NATIONAL WEATHER SERVICE EL PASO, TX
332 AM MDT FRI MAY 25 2018


...................................

...THE EL PASO CLIMATE SUMMARY FOR MAY 24 2018...

CLIMATE NORMAL PERIOD 1981 TO 2010
CLIMATE RECORD PERIOD 1879 TO 2018


WEATHER ITEM   OBSERVED TIME   RECORD YEAR NORMAL DEPARTURE LAST
                VALUE   (LST)  VALUE       VALUE  FROM      YEAR
                                                  NORMAL
..................................................................
TEMPERATURE (F)
 YESTERDAY
  MAXIMUM         96    428 PM 102    2000  90      6       95
  MINIMUM         68    543 AM  36    1939  62      6       58
  AVERAGE         82                        76      6       77

PRECIPITATION (IN)
  YESTERDAY        0.00          0.25 1994   0.02  -0.02     0.00
  MONTH TO DATE    0.41                      0.35   0.06      T
  SINCE MAR 1      0.62                      0.84  -0.22     0.14
  SINCE JAN 1      1.39                      1.70  -0.31     1.35

SNOWFALL (IN)
  YESTERDAY        0.0                                       0.0
  MONTH TO DATE    0.0                                       0.0
  SINCE MAR 1      0.0                                       0.0
  SINCE JUL 1      0.1                                        T
  SNOW DEPTH       0

DEGREE DAYS
 HEATING
  YESTERDAY        0                         0      0        0
  MONTH TO DATE    0                         6     -6        2
  SINCE MAR 1    148                       368   -220      108
  SINCE JUL 1   1643                      2471   -828     1577

 COOLING
  YESTERDAY       17                        11      6       12
  MONTH TO DATE  327                       197    130      210
  SINCE MAR 1    548                       289    259      449
  SINCE JAN 1    548                       289    259      452
..................................................................


WIND (MPH)
  HIGHEST WIND SPEED    16   HIGHEST WIND DIRECTION     W (270)
  HIGHEST GUST SPEED    21   HIGHEST GUST DIRECTION    SW (230)
  AVERAGE WIND SPEED     3.6


SKY COVER
  POSSIBLE SUNSHINE  MM
  AVERAGE SKY COVER 0.2


WEATHER CONDITIONS
 THE FOLLOWING WEATHER WAS RECORDED YESTERDAY.
  NO SIGNIFICANT WEATHER WAS OBSERVED.


RELATIVE HUMIDITY (PERCENT)
 HIGHEST    53           600 AM
 LOWEST      6           500 PM
 AVERAGE    30

..........................................................


THE EL PASO CLIMATE NORMALS FOR TODAY
                         NORMAL    RECORD    YEAR
 MAXIMUM TEMPERATURE (F)   91       102      2006
 MINIMUM TEMPERATURE (F)   63        48      1975
                                             1908


SUNRISE AND SUNSET
MAY 25 2018...........SUNRISE   603 AM MDT   SUNSET   802 PM MDT
MAY 26 2018...........SUNRISE   603 AM MDT   SUNSET   803 PM MDT


-  INDICATES NEGATIVE NUMBERS.
R  INDICATES RECORD WAS SET OR TIED.
MM INDICATES DATA IS MISSING.
T  INDICATES TRACE AMOUNT.




$$
