000
CDUS44 KEPZ 232331
CLIELP


CLIMATE REPORT
NATIONAL WEATHER SERVICE EL PASO, TX
531 PM MDT TUE OCT 23 2018


...................................

...THE EL PASO CLIMATE SUMMARY FOR OCTOBER 23 2018...
VALID TODAY AS OF 500 PM LOCAL TIME.

CLIMATE NORMAL PERIOD 1981 TO 2010
CLIMATE RECORD PERIOD 1879 TO 2018


WEATHER ITEM   OBSERVED TIME   RECORD YEAR NORMAL DEPARTURE LAST
                VALUE   (LST)  VALUE       VALUE  FROM      YEAR
                                                  NORMAL
..................................................................
TEMPERATURE (F)
 TODAY
  MAXIMUM         69    349 PM  89    1889  76     -7       85
  MINIMUM         60   1228 AM  28    1996  49     11       48

PRECIPITATION (IN)
  TODAY            0.01                      0.02  -0.01     0.00
  MONTH TO DATE    1.23                      0.46   0.77     0.03
  SINCE SEP 1      2.44                      1.97   0.47     1.19
  SINCE JAN 1      6.72                      8.29  -1.57     9.11

SNOWFALL (IN)
  TODAY            0.0                                       0.0
  MONTH TO DATE    0.0                                       0.0
  SINCE JUL 1      0.0                                       0.0

..................................................................


WIND (MPH)
  HIGHEST WIND SPEED    15   HIGHEST WIND DIRECTION    SE (120)
  HIGHEST GUST SPEED    20   HIGHEST GUST DIRECTION    SE (130)


SKY COVER
  AVERAGE SKY COVER 0.9


WEATHER CONDITIONS
 THE FOLLOWING WEATHER WAS RECORDED TODAY.
  RAIN
  LIGHT RAIN
  FOG


RELATIVE HUMIDITY (PERCENT)
 HIGHEST    78          1200 AM
 LOWEST     63           400 PM

..........................................................


THE EL PASO CLIMATE NORMALS FOR TOMORROW
                         NORMAL    RECORD    YEAR
 MAXIMUM TEMPERATURE (F)   76        87      2016
                                             2003
                                             1973
 MINIMUM TEMPERATURE (F)   49        32      1908


SUNRISE AND SUNSET
OCTOBER 23 2018.......SUNRISE   715 AM MDT   SUNSET   624 PM MDT
OCTOBER 24 2018.......SUNRISE   716 AM MDT   SUNSET   623 PM MDT


-  INDICATES NEGATIVE NUMBERS.
R  INDICATES RECORD WAS SET OR TIED.
MM INDICATES DATA IS MISSING.
T  INDICATES TRACE AMOUNT.




$$
