000
CDUS44 KEPZ 140927
CLIELP


CLIMATE REPORT
NATIONAL WEATHER SERVICE EL PASO, TX
326 AM MDT TUE AUG 14 2018


...................................

...THE EL PASO CLIMATE SUMMARY FOR AUGUST 13 2018...

CLIMATE NORMAL PERIOD 1981 TO 2010
CLIMATE RECORD PERIOD 1879 TO 2018


WEATHER ITEM   OBSERVED TIME   RECORD YEAR NORMAL DEPARTURE LAST
                VALUE   (LST)  VALUE       VALUE  FROM      YEAR
                                                  NORMAL
..................................................................
TEMPERATURE (F)
 YESTERDAY
  MAXIMUM         94    412 PM 102    2010  93      1       96
                                      2002
                                      1994
  MINIMUM         67    559 AM  56    1879  70     -3       76
  AVERAGE         81                        81      0       86

PRECIPITATION (IN)
  YESTERDAY        0.00          1.80 1941   0.07  -0.07     0.00
  MONTH TO DATE    1.05                      0.97   0.08     0.25
  SINCE JUN 1      2.78                      3.46  -0.68     4.78
  SINCE JAN 1      4.17                      5.28  -1.11     6.16

SNOWFALL (IN)
  YESTERDAY        0.0                                       0.0
  MONTH TO DATE    0.0                                       0.0
  SINCE JUN 1      0.0                                       0.0
  SINCE JUL 1      0.0                                       0.0
  SNOW DEPTH       0

DEGREE DAYS
 HEATING
  YESTERDAY        0                         0      0        0
  MONTH TO DATE    0                         0      0        0
  SINCE JUN 1      0                         0      0        0
  SINCE JUL 1      0                         0      0        0

 COOLING
  YESTERDAY       16                        16      0       21
  MONTH TO DATE  258                       218     40      243
  SINCE JUN 1   1594                      1272    322     1460
  SINCE JAN 1   2271                      1649    622     2014
..................................................................


WIND (MPH)
  HIGHEST WIND SPEED    12   HIGHEST WIND DIRECTION     S (180)
  HIGHEST GUST SPEED    14   HIGHEST GUST DIRECTION     S (170)
  AVERAGE WIND SPEED     5.2


SKY COVER
  POSSIBLE SUNSHINE  MM
  AVERAGE SKY COVER 0.2


WEATHER CONDITIONS
 THE FOLLOWING WEATHER WAS RECORDED YESTERDAY.
  NO SIGNIFICANT WEATHER WAS OBSERVED.


RELATIVE HUMIDITY (PERCENT)
 HIGHEST    81           600 AM
 LOWEST     18           300 PM
 AVERAGE    50

..........................................................


THE EL PASO CLIMATE NORMALS FOR TODAY
                         NORMAL    RECORD    YEAR
 MAXIMUM TEMPERATURE (F)   93       102      2015
 MINIMUM TEMPERATURE (F)   70        57      1880


SUNRISE AND SUNSET
AUGUST 14 2018........SUNRISE   630 AM MDT   SUNSET   750 PM MDT
AUGUST 15 2018........SUNRISE   631 AM MDT   SUNSET   749 PM MDT


-  INDICATES NEGATIVE NUMBERS.
R  INDICATES RECORD WAS SET OR TIED.
MM INDICATES DATA IS MISSING.
T  INDICATES TRACE AMOUNT.




$$
