000
CDUS44 KEPZ 200934
CLIELP

CLIMATE REPORT
NATIONAL WEATHER SERVICE EL PASO TX/SANTA TERESA NM
334 AM MDT WED OCT 20 2021

...................................

...THE EL PASO CLIMATE SUMMARY FOR OCTOBER 19 2021...

CLIMATE NORMAL PERIOD 1991 TO 2020
CLIMATE RECORD PERIOD 1879 TO 2021


WEATHER ITEM   OBSERVED TIME   RECORD YEAR NORMAL DEPARTURE LAST
                VALUE   (LST)  VALUE       VALUE  FROM      YEAR
                                                  NORMAL
...................................................................
TEMPERATURE (F)
 YESTERDAY
  MAXIMUM         81    342 PM  90    2020  79      2       90
  MINIMUM         59    615 AM  30    1882  53      6       53
  AVERAGE         70                        66      4       72

PRECIPITATION (IN)
  YESTERDAY        0.00          0.88 2014   0.01  -0.01     0.00
  MONTH TO DATE    T                         0.38  -0.38     0.00
  SINCE SEP 1      0.47                      1.90  -1.43     0.59
  SINCE JAN 1     11.10                      7.51   3.59     5.64

SNOWFALL (IN)
  YESTERDAY        0.0                                       0.0
  MONTH TO DATE    0.0                                       0.0
  SINCE OCT 1      0.0                                       0.0
  SINCE JUL 1      0.0                                       0.0
  SNOW DEPTH       0

DEGREE DAYS
 HEATING
  YESTERDAY        0                         2     -2        0
  MONTH TO DATE    7                        18    -11        0
  SINCE SEP 1      7                        21    -14       14
  SINCE JUL 1      7                        21    -14       14

 COOLING
  YESTERDAY        5                         3      2        7
  MONTH TO DATE  103                        93     10      162
  SINCE SEP 1    504                       451     53      512
  SINCE JAN 1   2649                      2634     15     3245
...................................................................


WIND (MPH)
  HIGHEST WIND SPEED    23   HIGHEST WIND DIRECTION     W (250)
  HIGHEST GUST SPEED    30   HIGHEST GUST DIRECTION     W (260)
  AVERAGE WIND SPEED     9.7


SKY COVER
  POSSIBLE SUNSHINE  MM
  AVERAGE SKY COVER 0.1


WEATHER CONDITIONS
THE FOLLOWING WEATHER WAS RECORDED YESTERDAY.
  NO SIGNIFICANT WEATHER WAS OBSERVED.


RELATIVE HUMIDITY (PERCENT)
 HIGHEST    57           600 AM
 LOWEST     20           500 PM
 AVERAGE    39

..........................................................


THE EL PASO CLIMATE NORMALS FOR TODAY
                         NORMAL    RECORD    YEAR
 MAXIMUM TEMPERATURE (F)   78        89      2020
 MINIMUM TEMPERATURE (F)   52        28      1882


SUNRISE AND SUNSET
OCTOBER 20 2021.......SUNRISE   713 AM MDT   SUNSET   627 PM MDT
OCTOBER 21 2021.......SUNRISE   714 AM MDT   SUNSET   626 PM MDT


-  INDICATES NEGATIVE NUMBERS.
R  INDICATES RECORD WAS SET OR TIED.
MM INDICATES DATA IS MISSING.
T  INDICATES TRACE AMOUNT.




$$
