000
CDUS44 KEPZ 152336
CLIELP


CLIMATE REPORT
NATIONAL WEATHER SERVICE EL PASO, TX
436 PM MST SUN DEC 15 2019


...................................

...THE EL PASO CLIMATE SUMMARY FOR DECEMBER 15 2019...
VALID TODAY AS OF 0400 PM LOCAL TIME.

CLIMATE NORMAL PERIOD 1981 TO 2010
CLIMATE RECORD PERIOD 1879 TO 2019


WEATHER ITEM   OBSERVED TIME   RECORD YEAR NORMAL DEPARTURE LAST
                VALUE   (LST)  VALUE       VALUE  FROM      YEAR
                                                  NORMAL
..................................................................
TEMPERATURE (F)
 TODAY
  MAXIMUM         72    301 PM  74    2016  57     15       57
                                      1889
  MINIMUM         56    410 AM   6    1987  32     24       28

PRECIPITATION (IN)
  TODAY            0.00                      0.03  -0.03     0.00
  MONTH TO DATE    0.58                      0.40   0.18     0.15
  SINCE DEC 1      0.58                      0.40   0.18     0.15
  SINCE JAN 1      7.94                      9.33  -1.39     8.09

SNOWFALL (IN)
  TODAY            0.0                                       0.0
  MONTH TO DATE    0.0                                       0.0
  SINCE JUL 1      0.0                                       0.0

..................................................................


WIND (MPH)
  HIGHEST WIND SPEED    35   HIGHEST WIND DIRECTION     W (260)
  HIGHEST GUST SPEED    44   HIGHEST GUST DIRECTION     W (260)


SKY COVER
  AVERAGE SKY COVER 0.2


WEATHER CONDITIONS
 THE FOLLOWING WEATHER WAS RECORDED TODAY.
  NO SIGNIFICANT WEATHER WAS OBSERVED.


RELATIVE HUMIDITY (PERCENT)
 HIGHEST    40           200 AM
 LOWEST     20           400 PM

..........................................................


THE EL PASO CLIMATE NORMALS FOR TOMORROW
                         NORMAL    RECORD    YEAR
 MAXIMUM TEMPERATURE (F)   57        76      2016
                                             1908
 MINIMUM TEMPERATURE (F)   32         7      1987


SUNRISE AND SUNSET
DECEMBER 15 2019......SUNRISE   658 AM MST   SUNSET   503 PM MST
DECEMBER 16 2019......SUNRISE   659 AM MST   SUNSET   504 PM MST


-  INDICATES NEGATIVE NUMBERS.
R  INDICATES RECORD WAS SET OR TIED.
MM INDICATES DATA IS MISSING.
T  INDICATES TRACE AMOUNT.




$$
