000
CDUS44 KEPZ 202329
CLIELP


CLIMATE REPORT
NATIONAL WEATHER SERVICE EL PASO, TX
528 PM MDT SUN MAY 20 2018


...................................

...THE EL PASO CLIMATE SUMMARY FOR MAY 20 2018...
VALID TODAY AS OF 500 PM LOCAL TIME.

CLIMATE NORMAL PERIOD 1981 TO 2010
CLIMATE RECORD PERIOD 1879 TO 2018


WEATHER ITEM   OBSERVED TIME   RECORD YEAR NORMAL DEPARTURE LAST
                VALUE   (LST)  VALUE       VALUE  FROM      YEAR
                                                  NORMAL
..................................................................
TEMPERATURE (F)
 TODAY
  MAXIMUM         89    329 PM 100    2008  89      0       83
                                      2005
                                      1969
  MINIMUM         58    353 AM  46    1917  61     -3       58

PRECIPITATION (IN)
  TODAY            0.00                      0.02  -0.02     0.00
  MONTH TO DATE    0.00                      0.28  -0.28      T
  SINCE MAR 1      0.21                      0.77  -0.56     0.14
  SINCE JAN 1      0.98                      1.63  -0.65     1.35

..................................................................


WIND (MPH)
  HIGHEST WIND SPEED    18   HIGHEST WIND DIRECTION     E (100)
  HIGHEST GUST SPEED    35   HIGHEST GUST DIRECTION     E (100)


SKY COVER
  AVERAGE SKY COVER 0.2


WEATHER CONDITIONS
 THE FOLLOWING WEATHER WAS RECORDED TODAY.
  NO SIGNIFICANT WEATHER WAS OBSERVED.


RELATIVE HUMIDITY (PERCENT)
 HIGHEST    37           700 AM
 LOWEST     10          1200 AM

..........................................................


THE EL PASO CLIMATE NORMALS FOR TOMORROW
                         NORMAL    RECORD    YEAR
 MAXIMUM TEMPERATURE (F)   89       101      2005
 MINIMUM TEMPERATURE (F)   62        42      1974


SUNRISE AND SUNSET
MAY 20 2018...........SUNRISE   606 AM MDT   SUNSET   759 PM MDT
MAY 21 2018...........SUNRISE   605 AM MDT   SUNSET   800 PM MDT


-  INDICATES NEGATIVE NUMBERS.
R  INDICATES RECORD WAS SET OR TIED.
MM INDICATES DATA IS MISSING.
T  INDICATES TRACE AMOUNT.




$$
