468
CDUS44 KEPZ 182336
CLIELP
TTAA00 KLBB 182335


CLIMATE REPORT
NATIONAL WEATHER SERVICE EL PASO, TX
535 PM MDT FRI OCT 18 2019


...................................

...THE EL PASO CLIMATE SUMMARY FOR OCTOBER 18 2019...
VALID TODAY AS OF 0500 PM LOCAL TIME.

CLIMATE NORMAL PERIOD 1981 TO 2010
CLIMATE RECORD PERIOD 1879 TO 2019


WEATHER ITEM   OBSERVED TIME   RECORD YEAR NORMAL DEPARTURE LAST
                VALUE   (LST)  VALUE       VALUE  FROM      YEAR
                                                  NORMAL
..................................................................
TEMPERATURE (F)
 TODAY
  MAXIMUM         82    235 PM  92    1991  78      4       55
  MINIMUM         64    511 AM  33    1966  51     13       49

PRECIPITATION (IN)
  TODAY            T                         0.01  -0.01     0.07
  MONTH TO DATE    1.34                      0.37   0.97     1.22
  SINCE SEP 1      2.88                      1.88   1.00     2.43
  SINCE JAN 1      5.63                      8.20  -2.57     6.71

SNOWFALL (IN)
  TODAY            0.0                                       0.0
  MONTH TO DATE    0.0                                       0.0
  SINCE JUL 1      0.0                                       0.0

..................................................................


WIND (MPH)
  HIGHEST WIND SPEED    32   HIGHEST WIND DIRECTION     W (280)
  HIGHEST GUST SPEED    41   HIGHEST GUST DIRECTION     W (250)


SKY COVER
  AVERAGE SKY COVER 0.3


WEATHER CONDITIONS
 THE FOLLOWING WEATHER WAS RECORDED TODAY.
  LIGHT RAIN


RELATIVE HUMIDITY (PERCENT)
 HIGHEST    67           300 AM
 LOWEST     25           300 PM

..........................................................


THE EL PASO CLIMATE NORMALS FOR TOMORROW
                         NORMAL    RECORD    YEAR
 MAXIMUM TEMPERATURE (F)   77        88      2016
                                             1988
 MINIMUM TEMPERATURE (F)   51        30      1882


SUNRISE AND SUNSET
OCTOBER 18 2019.......SUNRISE   711 AM MDT   SUNSET   630 PM MDT
OCTOBER 19 2019.......SUNRISE   712 AM MDT   SUNSET   629 PM MDT


-  INDICATES NEGATIVE NUMBERS.
R  INDICATES RECORD WAS SET OR TIED.
MM INDICATES DATA IS MISSING.
T  INDICATES TRACE AMOUNT.




$$
