000
CDUS44 KEPZ 180929
CLIELP


CLIMATE REPORT
NATIONAL WEATHER SERVICE EL PASO, TX
227 AM MST MON FEB 18 2019


...................................

...THE EL PASO CLIMATE SUMMARY FOR FEBRUARY 17 2019...

CLIMATE NORMAL PERIOD 1981 TO 2010
CLIMATE RECORD PERIOD 1879 TO 2019


WEATHER ITEM   OBSERVED TIME   RECORD YEAR NORMAL DEPARTURE LAST
                VALUE   (LST)  VALUE       VALUE  FROM      YEAR
                                                  NORMAL
..................................................................
TEMPERATURE (F)
 YESTERDAY
  MAXIMUM         59    457 PM  81    2016  64     -5       61
  MINIMUM         42    740 AM  12    1910  38      4       49
  AVERAGE         51                        51      0       55

PRECIPITATION (IN)
  YESTERDAY        0.00          0.68 1905   0.01  -0.01      T
  MONTH TO DATE    0.11                      0.30  -0.19     0.67
  SINCE DEC 1      0.64                      1.48  -0.84     1.45
  SINCE JAN 1      0.21                      0.70  -0.49     0.77

SNOWFALL (IN)
  YESTERDAY        0.0                                       0.0
  MONTH TO DATE    0.0                                       0.0
  SINCE DEC 1      0.4                                       0.1
  SINCE JUL 1      0.4                                       0.1
  SNOW DEPTH       0

DEGREE DAYS
 HEATING
  YESTERDAY       14                        14      0       10
  MONTH TO DATE  199                       274    -75      134
  SINCE DEC 1   1289                      1517   -228     1203
  SINCE JUL 1   1716                      1959   -243     1366

 COOLING
  YESTERDAY        0                         0      0        0
  MONTH TO DATE    2                         0      2        0
  SINCE DEC 1      2                         0      2        0
  SINCE JAN 1      2                         0      2        0
..................................................................


WIND (MPH)
  HIGHEST WIND SPEED    25   HIGHEST WIND DIRECTION     W (260)
  HIGHEST GUST SPEED    36   HIGHEST GUST DIRECTION     W (260)
  AVERAGE WIND SPEED     9.7


SKY COVER
  POSSIBLE SUNSHINE  MM
  AVERAGE SKY COVER 0.2


WEATHER CONDITIONS
 THE FOLLOWING WEATHER WAS RECORDED YESTERDAY.
  NO SIGNIFICANT WEATHER WAS OBSERVED.


RELATIVE HUMIDITY (PERCENT)
 HIGHEST    40           600 AM
 LOWEST     11           500 PM
 AVERAGE    26

..........................................................


THE EL PASO CLIMATE NORMALS FOR TODAY
                         NORMAL    RECORD    YEAR
 MAXIMUM TEMPERATURE (F)   64        85      2016
 MINIMUM TEMPERATURE (F)   38        15      1883


SUNRISE AND SUNSET
FEBRUARY 18 2019......SUNRISE   645 AM MST   SUNSET   555 PM MST
FEBRUARY 19 2019......SUNRISE   644 AM MST   SUNSET   555 PM MST


-  INDICATES NEGATIVE NUMBERS.
R  INDICATES RECORD WAS SET OR TIED.
MM INDICATES DATA IS MISSING.
T  INDICATES TRACE AMOUNT.




$$
