000
CDUS44 KEPZ 260930
CLIELP

CLIMATE REPORT
NATIONAL WEATHER SERVICE EL PASO TX/SANTA TERESA NM
330 AM MDT MON OCT 26 2020

...................................

...THE EL PASO CLIMATE SUMMARY FOR OCTOBER 25 2020...

CLIMATE NORMAL PERIOD 1981 TO 2010
CLIMATE RECORD PERIOD 1879 TO 2020


WEATHER ITEM   OBSERVED TIME   RECORD YEAR NORMAL DEPARTURE LAST
                VALUE   (LST)  VALUE       VALUE  FROM      YEAR
                                                  NORMAL
...................................................................
TEMPERATURE (F)
 YESTERDAY
  MAXIMUM         87    224 PM  90    1982  75     12       59
  MINIMUM         62    640 AM  34    1906  49     13       34
                                      2019
  AVERAGE         75                        62     13       47

PRECIPITATION (IN)
  YESTERDAY        0.00          0.86 1984   0.02  -0.02     0.00
  MONTH TO DATE    0.00                      0.50  -0.50     1.34
  SINCE SEP 1      0.59                      2.01  -1.42     2.88
  SINCE JAN 1      5.64                      8.33  -2.69     5.63

SNOWFALL (IN)
  YESTERDAY        0.0                                       0.0
  MONTH TO DATE    0.0                                       0.0
  SINCE OCT 1      0.0                                       0.0
  SINCE JUL 1      0.0                                       0.0
  SNOW DEPTH       0

DEGREE DAYS
 HEATING
  YESTERDAY        0                         4     -4       18
  MONTH TO DATE    0                        49    -49       41
  SINCE SEP 1     14                        53    -39       41
  SINCE JUL 1     14                        53    -39       41

 COOLING
  YESTERDAY       10                         1      9        0
  MONTH TO DATE  202                        78    124      130
  SINCE SEP 1    552                       395    157      599
  SINCE JAN 1   3285                      2324    961     3004
...................................................................


WIND (MPH)
  HIGHEST WIND SPEED    29   HIGHEST WIND DIRECTION     W (260)
  HIGHEST GUST SPEED    39   HIGHEST GUST DIRECTION     W (260)
  AVERAGE WIND SPEED    14.7


SKY COVER
  POSSIBLE SUNSHINE  MM
  AVERAGE SKY COVER 0.6


WEATHER CONDITIONS
THE FOLLOWING WEATHER WAS RECORDED YESTERDAY.
  NO SIGNIFICANT WEATHER WAS OBSERVED.


RELATIVE HUMIDITY (PERCENT)
 HIGHEST    41           600 AM
 LOWEST     14           300 PM
 AVERAGE    28

..........................................................


THE EL PASO CLIMATE NORMALS FOR TODAY
                         NORMAL    RECORD    YEAR
 MAXIMUM TEMPERATURE (F)   75        90      1979
 MINIMUM TEMPERATURE (F)   48        33      2019


SUNRISE AND SUNSET
OCTOBER 26 2020.......SUNRISE   718 AM MDT   SUNSET   621 PM MDT
OCTOBER 27 2020.......SUNRISE   718 AM MDT   SUNSET   620 PM MDT


-  INDICATES NEGATIVE NUMBERS.
R  INDICATES RECORD WAS SET OR TIED.
MM INDICATES DATA IS MISSING.
T  INDICATES TRACE AMOUNT.




$$
