000
CDUS44 KEPZ 222328
CLIELP


CLIMATE REPORT
NATIONAL WEATHER SERVICE EL PASO, TX
428 PM MST THU FEB 22 2018


...................................

...THE EL PASO CLIMATE SUMMARY FOR FEBRUARY 22 2018...
VALID TODAY AS OF 400 PM LOCAL TIME.

CLIMATE NORMAL PERIOD 1981 TO 2010
CLIMATE RECORD PERIOD 1879 TO 2018


WEATHER ITEM   OBSERVED TIME   RECORD YEAR NORMAL DEPARTURE LAST
                VALUE   (LST)  VALUE       VALUE  FROM      YEAR
                                                  NORMAL
..................................................................
TEMPERATURE (F)
 TODAY
  MAXIMUM         63    359 PM  79    2017  65     -2       79
                                      1996
  MINIMUM         35    626 AM  15    1964  39     -4       47

PRECIPITATION (IN)
  TODAY            0.00                      0.01  -0.01     0.00
  MONTH TO DATE    0.67                      0.38   0.29     0.16
  SINCE DEC 1      1.45                      1.56  -0.11     2.07
  SINCE JAN 1      0.77                      0.78  -0.01     1.21

SNOWFALL (IN)
  TODAY            0.0                                       0.0
  MONTH TO DATE    0.0                                        T
  SINCE JUL 1      0.1                                        T

..................................................................


WIND (MPH)
  HIGHEST WIND SPEED    24   HIGHEST WIND DIRECTION     W (270)
  HIGHEST GUST SPEED    31   HIGHEST GUST DIRECTION     W (260)


SKY COVER
  AVERAGE SKY COVER 0.1


WEATHER CONDITIONS
 THE FOLLOWING WEATHER WAS RECORDED TODAY.
  NO SIGNIFICANT WEATHER WAS OBSERVED.


RELATIVE HUMIDITY (PERCENT)
 HIGHEST    64           700 AM
 LOWEST     19           300 PM

..........................................................


THE EL PASO CLIMATE NORMALS FOR TOMORROW
                         NORMAL    RECORD    YEAR
 MAXIMUM TEMPERATURE (F)   65        84      1904
 MINIMUM TEMPERATURE (F)   39        20      1976
                                             1964


SUNRISE AND SUNSET
FEBRUARY 22 2018......SUNRISE   640 AM MST   SUNSET   558 PM MST
FEBRUARY 23 2018......SUNRISE   639 AM MST   SUNSET   559 PM MST


-  INDICATES NEGATIVE NUMBERS.
R  INDICATES RECORD WAS SET OR TIED.
MM INDICATES DATA IS MISSING.
T  INDICATES TRACE AMOUNT.




$$
