000
CDUS45 KLKN 220035
CLIELY


CLIMATE REPORT
NATIONAL WEATHER SERVICE ELKO NV
433 PM PST MON JAN 21 2019


...................................

...THE ELY AIRPORT NV CLIMATE SUMMARY FOR JANUARY 21 2019...
VALID TODAY AS OF 0400 PM LOCAL TIME.

CLIMATE NORMAL PERIOD 1981 TO 2010
CLIMATE RECORD PERIOD 1893 TO 2019


WEATHER ITEM   OBSERVED TIME   RECORD YEAR NORMAL DEPARTURE LAST
                VALUE   (LST)  VALUE       VALUE  FROM      YEAR
                                                  NORMAL
..................................................................
TEMPERATURE (F)
 TODAY
  MAXIMUM         37   1230 AM  59    1994  40     -3       27
  MINIMUM         24    359 PM -13    1966  11     13       -7
  AVERAGE         31                        26      5       10

PRECIPITATION (IN)
  TODAY            0.32          0.64 1964   0.02   0.30     0.00
  MONTH TO DATE    0.89                      0.48   0.41     1.14
  SINCE OCT 1      3.13                      2.77   0.36     1.72
  SINCE JAN 1      0.89                      0.48   0.41     1.14

SNOWFALL (IN)
  TODAY            5.1           9.9  2010   0.3    4.8      0.0
  MONTH TO DATE   13.4                       6.4    7.0     16.9
  SINCE DEC 1     20.6                      14.8    5.8     18.4
  SINCE JUL 1     25.7                      24.3    1.4     23.4
  SNOW DEPTH       3

DEGREE DAYS
 HEATING
  TODAY           34                        40     -6       55
  MONTH TO DATE  753                       840    -87      669
  SINCE DEC 1   1963                      2072   -109     1754
  SINCE JUL 1   3688                      3940   -252     3398

 COOLING
  TODAY            0                         0      0        0
  MONTH TO DATE    0                         0      0        0
  SINCE DEC 1      0                         0      0        0
  SINCE JAN 1      0                         0      0        0
..................................................................


WIND (MPH)
  HIGHEST WIND SPEED    26   HIGHEST WIND DIRECTION     W (290)
  HIGHEST GUST SPEED    37   HIGHEST GUST DIRECTION     W (280)



WEATHER CONDITIONS
 THE FOLLOWING WEATHER WAS RECORDED TODAY.
  LIGHT SNOW


RELATIVE HUMIDITY (PERCENT)
 HIGHEST   100           300 AM
 LOWEST     63           200 PM
 AVERAGE    82

..........................................................


THE ELY AIRPORT NV CLIMATE NORMALS FOR TOMORROW
                         NORMAL    RECORD    YEAR
 MAXIMUM TEMPERATURE (F)   40        62      1912
 MINIMUM TEMPERATURE (F)   11       -20      1962


SUNRISE AND SUNSET
JANUARY 21 2019.......SUNRISE   655 AM PST   SUNSET   447 PM PST
JANUARY 22 2019.......SUNRISE   654 AM PST   SUNSET   448 PM PST


-  INDICATES NEGATIVE NUMBERS.
R  INDICATES RECORD WAS SET OR TIED.
MM INDICATES DATA IS MISSING.
T  INDICATES TRACE AMOUNT.




$$
