053
CDUS45 KLKN 140929
CLIELY


CLIMATE REPORT
NATIONAL WEATHER SERVICE ELKO NV
229 AM PDT MON OCT 14 2019


...................................

...THE ELY AIRPORT NV CLIMATE SUMMARY FOR OCTOBER 13 2019...

CLIMATE NORMAL PERIOD 1981 TO 2010
CLIMATE RECORD PERIOD 1893 TO 2019


WEATHER ITEM   OBSERVED TIME   RECORD YEAR NORMAL DEPARTURE LAST
                VALUE   (LST)  VALUE       VALUE  FROM      YEAR
                                                  NORMAL
..................................................................
TEMPERATURE (F)
 YESTERDAY
  MAXIMUM         66    135 PM  82    2015  64      2       65
  MINIMUM         20    611 AM   7    2008  29     -9       27
  AVERAGE         43                        46     -3       46

PRECIPITATION (IN)
  YESTERDAY        0.00          0.45 2013   0.03  -0.03     0.00
  MONTH TO DATE    0.00                      0.42  -0.42     1.39
  SINCE OCT 1      0.00                      0.42  -0.42     1.39
  SINCE JAN 1     12.86                      7.89   4.97     6.98

SNOWFALL (IN)
  YESTERDAY        0.0           4.0  1899   0.1   -0.1      0.0
  MONTH TO DATE    0.0                       1.0   -1.0      0.0
  SINCE SEP 1      T                         1.4   -1.4      0.0
  SINCE JUL 1      T                         1.4   -1.4      0.0
  SNOW DEPTH       0

DEGREE DAYS
 HEATING
  YESTERDAY       22                        19      3       19
  MONTH TO DATE  304                       217     87      223
  SINCE SEP 1    561                       469     92      361
  SINCE JUL 1    578                       533     45      372

 COOLING
  YESTERDAY        0                         0      0        0
  MONTH TO DATE    0                         0      0        0
  SINCE SEP 1     22                         6     16        9
  SINCE JAN 1    249                       218     31      381
..................................................................


WIND (MPH)
  HIGHEST WIND SPEED    17   HIGHEST WIND DIRECTION     W (250)
  HIGHEST GUST SPEED    25   HIGHEST GUST DIRECTION     S (200)
  AVERAGE WIND SPEED     9.0



WEATHER CONDITIONS
 THE FOLLOWING WEATHER WAS RECORDED YESTERDAY.
  NO SIGNIFICANT WEATHER WAS OBSERVED.


RELATIVE HUMIDITY (PERCENT)
 HIGHEST    34           600 AM
 LOWEST      5           100 PM
 AVERAGE    20

..........................................................


THE ELY AIRPORT NV CLIMATE NORMALS FOR TODAY
                         NORMAL    RECORD    YEAR
 MAXIMUM TEMPERATURE (F)   63        80      2015
 MINIMUM TEMPERATURE (F)   28        13      1966


SUNRISE AND SUNSET
OCTOBER 14 2019.......SUNRISE   648 AM PDT   SUNSET   602 PM PDT
OCTOBER 15 2019.......SUNRISE   649 AM PDT   SUNSET   601 PM PDT


-  INDICATES NEGATIVE NUMBERS.
R  INDICATES RECORD WAS SET OR TIED.
MM INDICATES DATA IS MISSING.
T  INDICATES TRACE AMOUNT.




$$
