958
CDUS45 KLKN 180033
CLIELY


CLIMATE REPORT
NATIONAL WEATHER SERVICE ELKO NV
533 PM PDT WED OCT 17 2018


...................................

...THE ELY AIRPORT NV CLIMATE SUMMARY FOR OCTOBER 17 2018...
VALID TODAY AS OF 0500 PM LOCAL TIME.

CLIMATE NORMAL PERIOD 1981 TO 2010
CLIMATE RECORD PERIOD 1893 TO 2018


WEATHER ITEM   OBSERVED TIME   RECORD YEAR NORMAL DEPARTURE LAST
                VALUE   (LST)  VALUE       VALUE  FROM      YEAR
                                                  NORMAL
..................................................................
TEMPERATURE (F)
 TODAY
  MAXIMUM         60    256 PM  80    1958  62     -2       76
  MINIMUM         23    643 AM  11    1999  28     -5       26
                                      1996
  AVERAGE         42                        45     -3       51

PRECIPITATION (IN)
  TODAY            0.00          0.53 2015   0.03  -0.03     0.00
  MONTH TO DATE    1.39                      0.55   0.84     0.04
  SINCE OCT 1      1.39                      0.55   0.84     0.04
  SINCE JAN 1      6.98                      8.02  -1.04     9.14

SNOWFALL (IN)
  TODAY            0.0           1.4  1984   0.1   -0.1      0.0
  MONTH TO DATE    0.0                       1.4   -1.4      0.0
  SINCE SEP 1      0.0                       1.8   -1.8      5.0
  SINCE JUL 1      0.0                       1.8   -1.8      5.0
  SNOW DEPTH       0

DEGREE DAYS
 HEATING
  TODAY           23                        20      3       14
  MONTH TO DATE  335                       295     40      368
  SINCE SEP 1    473                       547    -74      658
  SINCE JUL 1    484                       611   -127      664

 COOLING
  TODAY            0                         0      0        0
  MONTH TO DATE    0                         0      0        0
  SINCE SEP 1      9                         6      3       24
  SINCE JAN 1    381                       218    163      433
..................................................................


WIND (MPH)
  HIGHEST WIND SPEED    17   HIGHEST WIND DIRECTION     N (350)
  HIGHEST GUST SPEED    21   HIGHEST GUST DIRECTION     N (360)



WEATHER CONDITIONS
 THE FOLLOWING WEATHER WAS RECORDED TODAY.
  NO SIGNIFICANT WEATHER WAS OBSERVED.


RELATIVE HUMIDITY (PERCENT)
 HIGHEST    81           700 AM
 LOWEST     20           300 PM
 AVERAGE    51

..........................................................


THE ELY AIRPORT NV CLIMATE NORMALS FOR TOMORROW
                         NORMAL    RECORD    YEAR
 MAXIMUM TEMPERATURE (F)   62        80      2003
 MINIMUM TEMPERATURE (F)   28         5      1984


SUNRISE AND SUNSET
OCTOBER 17 2018.......SUNRISE   651 AM PDT   SUNSET   558 PM PDT
OCTOBER 18 2018.......SUNRISE   652 AM PDT   SUNSET   556 PM PDT


-  INDICATES NEGATIVE NUMBERS.
R  INDICATES RECORD WAS SET OR TIED.
MM INDICATES DATA IS MISSING.
T  INDICATES TRACE AMOUNT.




$$
