000
CDUS45 KLKN 260929
CLIELY


CLIMATE REPORT
NATIONAL WEATHER SERVICE ELKO NV
229 AM PDT MON OCT 26 2020


...................................

...THE ELY AIRPORT NV CLIMATE SUMMARY FOR OCTOBER 25 2020...

CLIMATE NORMAL PERIOD 1981 TO 2010
CLIMATE RECORD PERIOD 1893 TO 2020


WEATHER ITEM   OBSERVED TIME   RECORD YEAR NORMAL DEPARTURE LAST
                VALUE   (LST)  VALUE       VALUE  FROM      YEAR
                                                  NORMAL
..................................................................
TEMPERATURE (F)
 YESTERDAY
  MAXIMUM         41    122 PM  76    1959  59    -18       70
  MINIMUM         13   1159 PM  12    1956  26    -13       20
  AVERAGE         27                        42    -15       45

PRECIPITATION (IN)
  YESTERDAY        0.00          0.25 1896   0.04  -0.04     0.00
  MONTH TO DATE    0.00                      0.81  -0.81      T
  SINCE OCT 1      0.00                      0.81  -0.81      T
  SINCE JAN 1      4.07                      8.28  -4.21    12.86

SNOWFALL (IN)
  YESTERDAY        0.0           2.6  1989   0.1   -0.1      0.0
  MONTH TO DATE    0.0                       2.2   -2.2      0.0
  SINCE SEP 1      0.0                       2.6   -2.6       T
  SINCE JUL 1      0.0                       2.6   -2.6       T
  SNOW DEPTH       0

DEGREE DAYS
 HEATING
  YESTERDAY       38                        23     15       20
  MONTH TO DATE  352                       467   -115      568
  SINCE SEP 1    517                       719   -202      825
  SINCE JUL 1    526                       783   -257      842

 COOLING
  YESTERDAY        0                         0      0        0
  MONTH TO DATE    0                         0      0        0
  SINCE SEP 1     28                         6     22       22
  SINCE JAN 1    372                       218    154      249
..................................................................


WIND (MPH)
  HIGHEST WIND SPEED    30   HIGHEST WIND DIRECTION     N (360)
  HIGHEST GUST SPEED    38   HIGHEST GUST DIRECTION     N (360)
  AVERAGE WIND SPEED    16.0



WEATHER CONDITIONS
 THE FOLLOWING WEATHER WAS RECORDED YESTERDAY.
  NO SIGNIFICANT WEATHER WAS OBSERVED.


RELATIVE HUMIDITY (PERCENT)
 HIGHEST    69           700 AM
 LOWEST     27           100 PM
 AVERAGE    48

..........................................................


THE ELY AIRPORT NV CLIMATE NORMALS FOR TODAY
                         NORMAL    RECORD    YEAR
 MAXIMUM TEMPERATURE (F)   58        74      1988
                                             1983
 MINIMUM TEMPERATURE (F)   26        10      2006


SUNRISE AND SUNSET
OCTOBER 26 2020.......SUNRISE   701 AM PDT   SUNSET   545 PM PDT
OCTOBER 27 2020.......SUNRISE   702 AM PDT   SUNSET   543 PM PDT


-  INDICATES NEGATIVE NUMBERS.
R  INDICATES RECORD WAS SET OR TIED.
MM INDICATES DATA IS MISSING.
T  INDICATES TRACE AMOUNT.




$$
