000
CDUS45 KLKN 220027
CLIELY


CLIMATE REPORT
NATIONAL WEATHER SERVICE ELKO NV
427 PM PST FRI FEB 21 2020


...................................

...THE ELY AIRPORT NV CLIMATE SUMMARY FOR FEBRUARY 21 2020...
VALID TODAY AS OF 0400 PM LOCAL TIME.

CLIMATE NORMAL PERIOD 1981 TO 2010
CLIMATE RECORD PERIOD 1893 TO 2020


WEATHER ITEM   OBSERVED TIME   RECORD YEAR NORMAL DEPARTURE LAST
                VALUE   (LST)  VALUE       VALUE  FROM      YEAR
                                                  NORMAL
..................................................................
TEMPERATURE (F)
 TODAY
  MAXIMUM         54    237 PM  65    1982  44     10       23
  MINIMUM         11    541 AM -18    1897  17     -6        2
  AVERAGE         33                        30      3       13

PRECIPITATION (IN)
  TODAY            0.00          0.60 1894   0.03  -0.03      T
  MONTH TO DATE    0.14                      0.54  -0.40     1.76
  SINCE OCT 1      2.25                      3.53  -1.28     4.89
  SINCE JAN 1      0.56                      1.24  -0.68     2.65

SNOWFALL (IN)
  TODAY            0.0           6.0  1894   0.3   -0.3       T
  MONTH TO DATE    2.8                       6.0   -3.2     18.5
  SINCE DEC 1     11.5                      23.5  -12.0     39.1
  SINCE JUL 1     22.2                      33.0  -10.8     44.2
  SNOW DEPTH       0

DEGREE DAYS
 HEATING
  TODAY           32                        34     -2       52
  MONTH TO DATE  766                       774     -8      939
  SINCE DEC 1   2980                      3235   -255     3275
  SINCE JUL 1   4898                      5103   -205     5000

 COOLING
  TODAY            0                         0      0        0
  MONTH TO DATE    0                         0      0        0
  SINCE DEC 1      0                         0      0        0
  SINCE JAN 1      0                         0      0        0
..................................................................


WIND (MPH)
  HIGHEST WIND SPEED    15   HIGHEST WIND DIRECTION    SW (230)
  HIGHEST GUST SPEED    20   HIGHEST GUST DIRECTION    SW (220)



WEATHER CONDITIONS
 THE FOLLOWING WEATHER WAS RECORDED TODAY.
  NO SIGNIFICANT WEATHER WAS OBSERVED.


RELATIVE HUMIDITY (PERCENT)
 HIGHEST    76           600 AM
 LOWEST     18          1200 PM
 AVERAGE    47

..........................................................


THE ELY AIRPORT NV CLIMATE NORMALS FOR TOMORROW
                         NORMAL    RECORD    YEAR
 MAXIMUM TEMPERATURE (F)   44        63      1958
 MINIMUM TEMPERATURE (F)   18       -22      1897


SUNRISE AND SUNSET
FEBRUARY 21 2020......SUNRISE   624 AM PST   SUNSET   523 PM PST
FEBRUARY 22 2020......SUNRISE   623 AM PST   SUNSET   524 PM PST


-  INDICATES NEGATIVE NUMBERS.
R  INDICATES RECORD WAS SET OR TIED.
MM INDICATES DATA IS MISSING.
T  INDICATES TRACE AMOUNT.




$$
