000
CDUS45 KLKN 170932
CLIELY


CLIMATE REPORT
NATIONAL WEATHER SERVICE ELKO NV
231 AM PDT TUE JUL 17 2018


...................................

...THE ELY AIRPORT NV CLIMATE SUMMARY FOR JULY 16 2018...

CLIMATE NORMAL PERIOD 1981 TO 2010
CLIMATE RECORD PERIOD 1893 TO 2018


WEATHER ITEM   OBSERVED TIME   RECORD YEAR NORMAL DEPARTURE LAST
                VALUE   (LST)  VALUE       VALUE  FROM      YEAR
                                                  NORMAL
..................................................................
TEMPERATURE (F)
 YESTERDAY
  MAXIMUM         91    436 PM  99    2005  88      3       96
  MINIMUM         57    425 AM  39    1956  49      8       52
  AVERAGE         74                        68      6       74

PRECIPITATION (IN)
  YESTERDAY        T             0.80 1894   0.02  -0.02      T
  MONTH TO DATE    1.06                      0.26   0.80     0.03
  SINCE OCT 1      5.85                      7.65  -1.80     8.00
  SINCE JAN 1      5.27                      5.36  -0.09     6.22

SNOWFALL (IN)
  YESTERDAY        0.0           0.0  1893   0.0    0.0      0.0
  MONTH TO DATE    0.0                       0.0    0.0      0.0
  SINCE JUN 1      0.0                       0.1   -0.1       T
  SINCE JUL 1      0.0                       0.0    0.0      0.0
  SNOW DEPTH       0

DEGREE DAYS
 HEATING
  YESTERDAY        0                         1     -1        0
  MONTH TO DATE    1                        19    -18        0
  SINCE JUN 1     85                       194   -109       72
  SINCE JUL 1      1                        19    -18        0

 COOLING
  YESTERDAY        9                         4      5        9
  MONTH TO DATE   96                        50     46      115
  SINCE JUN 1    134                        73     61      177
  SINCE JAN 1    134                        74     60      177
..................................................................


WIND (MPH)
  HIGHEST WIND SPEED    25   HIGHEST WIND DIRECTION    NW (310)
  HIGHEST GUST SPEED    32   HIGHEST GUST DIRECTION    NW (320)
  AVERAGE WIND SPEED     7.7



WEATHER CONDITIONS
 THE FOLLOWING WEATHER WAS RECORDED YESTERDAY.
  THUNDERSTORM
  LIGHT RAIN


RELATIVE HUMIDITY (PERCENT)
 HIGHEST    80           500 AM
 LOWEST     17           500 PM
 AVERAGE    49

..........................................................


THE ELY AIRPORT NV CLIMATE NORMALS FOR TODAY
                         NORMAL    RECORD    YEAR
 MAXIMUM TEMPERATURE (F)   88       100      1998
 MINIMUM TEMPERATURE (F)   49        35      1993


SUNRISE AND SUNSET
JULY 17 2018..........SUNRISE   527 AM PDT   SUNSET   804 PM PDT
JULY 18 2018..........SUNRISE   528 AM PDT   SUNSET   803 PM PDT


-  INDICATES NEGATIVE NUMBERS.
R  INDICATES RECORD WAS SET OR TIED.
MM INDICATES DATA IS MISSING.
T  INDICATES TRACE AMOUNT.




$$
