000
CDUS43 KTOP 302158
CLIEMP


CLIMATE REPORT
NATIONAL WEATHER SERVICE TOPEKA KS
458 PM CDT SAT MAY 30 2020


...................................

...THE EMPORIA KS CLIMATE SUMMARY FOR MAY 30 2020...
VALID TODAY AS OF 0400 PM LOCAL TIME.

CLIMATE NORMAL PERIOD 1981 TO 2010
CLIMATE RECORD PERIOD 9999 TO 9999


WEATHER ITEM   OBSERVED NORMAL DEPARTURE LAST
                VALUE   VALUE  FROM      YEAR
                               NORMAL
...............................................
TEMPERATURE (F)
 TODAY
  MAXIMUM         82     80      2       80
  MINIMUM         56     59     -3       54
  AVERAGE         69     69      0       67

PRECIPITATION (IN)
  TODAY            0.00   0.20  -0.20     0.00
  MONTH TO DATE    5.39   4.72   0.67    13.00
  SINCE MAR 1      9.98  10.63  -0.65    19.78
  SINCE JAN 1     12.91  12.49   0.42    22.21

DEGREE DAYS
 HEATING
  TODAY            0      1     -1        0
  MONTH TO DATE  131     81     50      134
  SINCE MAR 1    934    988    -54     1118
  SINCE JUL 1   4609   4810   -201     5161

 COOLING
  TODAY            4      5     -1        2
  MONTH TO DATE   61     90    -29       67
  SINCE MAR 1     73    113    -40       90
  SINCE JAN 1     73    113    -40       90
...............................................


WIND (MPH)
  HIGHEST WIND SPEED    14   HIGHEST WIND DIRECTION    SE (140)
  HIGHEST GUST SPEED    20   HIGHEST GUST DIRECTION    SE (120)
  AVERAGE WIND SPEED     6.3



WEATHER CONDITIONS
 THE FOLLOWING WEATHER WAS RECORDED TODAY.
  NO SIGNIFICANT WEATHER WAS OBSERVED.


RELATIVE HUMIDITY (PERCENT)
 HIGHEST   100
 LOWEST     45
 AVERAGE    73

..........................................................


THE EMPORIA KS CLIMATE NORMALS FOR TOMORROW
                         NORMAL
 MAXIMUM TEMPERATURE (F)   80
 MINIMUM TEMPERATURE (F)   59


SUNRISE AND SUNSET
MAY 30 2020...........SUNRISE   604 AM CDT   SUNSET   842 PM CDT
MAY 31 2020...........SUNRISE   603 AM CDT   SUNSET   842 PM CDT


-  INDICATES NEGATIVE NUMBERS.
R  INDICATES RECORD WAS SET OR TIED.
MM INDICATES DATA IS MISSING.
T  INDICATES TRACE AMOUNT.




$$
