000
CDUS43 KTOP 192137
CLIEMP


CLIMATE REPORT
NATIONAL WEATHER SERVICE TOPEKA KS
437 PM CDT SAT OCT 19 2019


...................................

...THE EMPORIA KS CLIMATE SUMMARY FOR OCTOBER 19 2019...
VALID TODAY AS OF 0400 PM LOCAL TIME.

CLIMATE NORMAL PERIOD 1981 TO 2010
CLIMATE RECORD PERIOD 9999 TO 9999


WEATHER ITEM   OBSERVED NORMAL DEPARTURE LAST
                VALUE   VALUE  FROM      YEAR
                               NORMAL
...............................................
TEMPERATURE (F)
 TODAY
  MAXIMUM         70     68      2       66
  MINIMUM         52     44      8       51
  AVERAGE         61     56      5       59

PRECIPITATION (IN)
  TODAY            0.10   0.11  -0.01      T
  MONTH TO DATE    1.76   1.85  -0.09     7.99
  SINCE SEP 1      4.78   5.24  -0.46    10.76
  SINCE JAN 1     40.82  31.85   8.97    33.87

DEGREE DAYS
 HEATING
  TODAY            4     10     -6        6
  MONTH TO DATE  163    136     27      169
  SINCE SEP 1    163    185    -22      211
  SINCE JUL 1    163    186    -23      211

 COOLING
  TODAY            0      1     -1        0
  MONTH TO DATE   24     27     -3       38
  SINCE SEP 1    355    192    163      239
  SINCE JAN 1   1486   1400     86     1702
...............................................


WIND (MPH)
  HIGHEST WIND SPEED    16   HIGHEST WIND DIRECTION     N (340)
  HIGHEST GUST SPEED    23   HIGHEST GUST DIRECTION    NW (330)
  AVERAGE WIND SPEED     8.1



WEATHER CONDITIONS
 THE FOLLOWING WEATHER WAS RECORDED TODAY.
  THUNDERSTORM
  LIGHT RAIN
  FOG


RELATIVE HUMIDITY (PERCENT)
 HIGHEST   100
 LOWEST     40
 AVERAGE    70

..........................................................


THE EMPORIA KS CLIMATE NORMALS FOR TOMORROW
                         NORMAL
 MAXIMUM TEMPERATURE (F)   67
 MINIMUM TEMPERATURE (F)   44


SUNRISE AND SUNSET
OCTOBER 19 2019.......SUNRISE   737 AM CDT   SUNSET   642 PM CDT
OCTOBER 20 2019.......SUNRISE   738 AM CDT   SUNSET   640 PM CDT


-  INDICATES NEGATIVE NUMBERS.
R  INDICATES RECORD WAS SET OR TIED.
MM INDICATES DATA IS MISSING.
T  INDICATES TRACE AMOUNT.




$$
