000
CDUS43 KTOP 160709
CLIEMP


CLIMATE REPORT
NATIONAL WEATHER SERVICE TOPEKA KS
107 AM CST SAT FEB 16 2019


...................................

...THE EMPORIA KS CLIMATE SUMMARY FOR FEBRUARY 15 2019...

CLIMATE NORMAL PERIOD 1981 TO 2010
CLIMATE RECORD PERIOD 9999 TO 9999


WEATHER ITEM   OBSERVED NORMAL DEPARTURE LAST
                VALUE   VALUE  FROM      YEAR
                               NORMAL
...............................................
TEMPERATURE (F)
 YESTERDAY
  MAXIMUM         22     46    -24       71
  MINIMUM         13     24    -11       37
  AVERAGE         18     35    -17       54

PRECIPITATION (IN)
  YESTERDAY        0.10   0.03   0.07      T
  MONTH TO DATE    0.29   0.66  -0.37     0.01
  SINCE DEC 1      3.22   2.64   0.58     0.92
  SINCE JAN 1      1.44   1.29   0.15     0.68

DEGREE DAYS
 HEATING
  YESTERDAY       47     30     17       11
  MONTH TO DATE  490    474     16      531
  SINCE DEC 1   2407   2522   -115     2550
  SINCE JUL 1   3552   3462     90     3369

 COOLING
  YESTERDAY        0      0      0        0
  MONTH TO DATE    0      0      0        0
  SINCE DEC 1      0      0      0        0
  SINCE JAN 1      0      0      0        0
...............................................


WIND (MPH)
  HIGHEST WIND SPEED    22   HIGHEST WIND DIRECTION    NE (30)
  HIGHEST GUST SPEED    30   HIGHEST GUST DIRECTION    NE (30)
  AVERAGE WIND SPEED    13.4


SKY COVER
  AVERAGE SKY COVER 0.8


WEATHER CONDITIONS
 THE FOLLOWING WEATHER WAS RECORDED YESTERDAY.
  SNOW
  LIGHT SNOW
  FOG
  HAZE


RELATIVE HUMIDITY (PERCENT)
 HIGHEST    96
 LOWEST     67
 AVERAGE    82

..........................................................


THE EMPORIA KS CLIMATE NORMALS FOR TODAY
                         NORMAL
 MAXIMUM TEMPERATURE (F)   46
 MINIMUM TEMPERATURE (F)   24


SUNRISE AND SUNSET
FEBRUARY 16 2019......SUNRISE   714 AM CST   SUNSET   604 PM CST
FEBRUARY 17 2019......SUNRISE   713 AM CST   SUNSET   605 PM CST


-  INDICATES NEGATIVE NUMBERS.
R  INDICATES RECORD WAS SET OR TIED.
MM INDICATES DATA IS MISSING.
T  INDICATES TRACE AMOUNT.




$$
