000
CDUS43 KTOP 220633
CLIEMP


CLIMATE REPORT
NATIONAL WEATHER SERVICE TOPEKA KS
132 AM CDT THU OCT 22 2020


...................................

...THE EMPORIA KS CLIMATE SUMMARY FOR OCTOBER 21 2020...

CLIMATE NORMAL PERIOD 1981 TO 2010
CLIMATE RECORD PERIOD 9999 TO 9999


WEATHER ITEM   OBSERVED NORMAL DEPARTURE LAST
                VALUE   VALUE  FROM      YEAR
                               NORMAL
...............................................
TEMPERATURE (F)
 YESTERDAY
  MAXIMUM         52     67    -15       61
  MINIMUM         41     44     -3       42
  AVERAGE         47     55     -8       52

PRECIPITATION (IN)
  YESTERDAY        T      0.11  -0.11     0.00
  MONTH TO DATE    T      2.06  -2.06     1.91
  SINCE SEP 1      1.74   5.45  -3.71     4.93
  SINCE JAN 1     24.34  32.06  -7.72    40.97

DEGREE DAYS
 HEATING
  YESTERDAY       18     10      8       13
  MONTH TO DATE  151    156     -5      187
  SINCE SEP 1    202    205     -3      187
  SINCE JUL 1    202    206     -4      187

 COOLING
  YESTERDAY        0      1     -1        0
  MONTH TO DATE   45     29     16       24
  SINCE SEP 1    190    194     -4      355
  SINCE JAN 1   1525   1402    123     1486
...............................................


WIND (MPH)
  HIGHEST WIND SPEED    16   HIGHEST WIND DIRECTION     E (90)
  HIGHEST GUST SPEED    20   HIGHEST GUST DIRECTION     E (90)
  AVERAGE WIND SPEED     7.5


SKY COVER
  AVERAGE SKY COVER 0.9


WEATHER CONDITIONS
 THE FOLLOWING WEATHER WAS RECORDED YESTERDAY.
  THUNDERSTORM
  FOG
  FOG W/VISIBILITY <= 1/4 MILE


RELATIVE HUMIDITY (PERCENT)
 HIGHEST   100
 LOWEST     80
 AVERAGE    90

..........................................................


THE EMPORIA KS CLIMATE NORMALS FOR TODAY
                         NORMAL
 MAXIMUM TEMPERATURE (F)   67
 MINIMUM TEMPERATURE (F)   43


SUNRISE AND SUNSET
OCTOBER 22 2020.......SUNRISE   741 AM CDT   SUNSET   637 PM CDT
OCTOBER 23 2020.......SUNRISE   742 AM CDT   SUNSET   635 PM CDT


-  INDICATES NEGATIVE NUMBERS.
R  INDICATES RECORD WAS SET OR TIED.
MM INDICATES DATA IS MISSING.
T  INDICATES TRACE AMOUNT.




$$
