000
CDUS43 KTOP 222131
CLIEMP


CLIMATE REPORT
NATIONAL WEATHER SERVICE TOPEKA KS
431 PM CDT MON OCT 22 2018


...................................

...THE EMPORIA KS CLIMATE SUMMARY FOR OCTOBER 22 2018...
VALID TODAY AS OF 0400 PM LOCAL TIME.

CLIMATE NORMAL PERIOD 1981 TO 2010
CLIMATE RECORD PERIOD 9999 TO 9999


WEATHER ITEM   OBSERVED NORMAL DEPARTURE LAST
                VALUE   VALUE  FROM      YEAR
                               NORMAL
...............................................
TEMPERATURE (F)
 TODAY
  MAXIMUM         73     67      6       68
  MINIMUM         43     43      0       43
  AVERAGE         58     55      3       56

PRECIPITATION (IN)
  TODAY            0.00   0.10  -0.10      T
  MONTH TO DATE    7.99   2.16   5.83     3.67
  SINCE SEP 1     10.76   5.55   5.21     6.34
  SINCE JAN 1     33.87  32.16   1.71    32.79

DEGREE DAYS
 HEATING
  TODAY            7     11     -4        9
  MONTH TO DATE  200    167     33       78
  SINCE SEP 1    242    216     26       92
  SINCE JUL 1    242    217     25       92

 COOLING
  TODAY            0      0      0        0
  MONTH TO DATE   38     29      9       61
  SINCE SEP 1    239    194     45      265
  SINCE JAN 1   1702   1402    300     1355
...............................................


WIND (MPH)
  HIGHEST WIND SPEED    15   HIGHEST WIND DIRECTION     S (190)
  HIGHEST GUST SPEED    20   HIGHEST GUST DIRECTION     S (200)
  AVERAGE WIND SPEED     9.5



WEATHER CONDITIONS
 THE FOLLOWING WEATHER WAS RECORDED TODAY.
  NO SIGNIFICANT WEATHER WAS OBSERVED.


RELATIVE HUMIDITY (PERCENT)
 HIGHEST    86
 LOWEST     41
 AVERAGE    64

..........................................................


THE EMPORIA KS CLIMATE NORMALS FOR TOMORROW
                         NORMAL
 MAXIMUM TEMPERATURE (F)   66
 MINIMUM TEMPERATURE (F)   43


SUNRISE AND SUNSET
OCTOBER 22 2018.......SUNRISE   741 AM CDT   SUNSET   637 PM CDT
OCTOBER 23 2018.......SUNRISE   742 AM CDT   SUNSET   636 PM CDT


-  INDICATES NEGATIVE NUMBERS.
R  INDICATES RECORD WAS SET OR TIED.
MM INDICATES DATA IS MISSING.
T  INDICATES TRACE AMOUNT.




$$
