402
CDUS46 KOTX 110855
CLIEPH


CLIMATE REPORT
NATIONAL WEATHER SERVICE SPOKANE, WA
1255 AM PST TUE DEC 11 2018


...................................

...THE EPHRATA WA AIRPORT CLIMATE SUMMARY FOR DECEMBER 10 2018...

CLIMATE NORMAL PERIOD 1981 TO 2010
CLIMATE RECORD PERIOD 9999 TO 9999


WEATHER ITEM   OBSERVED TIME   RECORD YEAR NORMAL DEPARTURE LAST
                VALUE   (LST)  VALUE       VALUE  FROM      YEAR
                                                  NORMAL
..................................................................
TEMPERATURE (F)
 YESTERDAY
  MAXIMUM         31    217 PM  58    1956  34     -3       33
  MINIMUM         29   1159 PM   0    1963  22      7       29
  AVERAGE         30                        28      2       31

PRECIPITATION (IN)
  YESTERDAY        0.00          0.60 1992   0.04  -0.04     0.00
  MONTH TO DATE    0.25                      0.41  -0.16     0.01
  SINCE OCT 1      1.89                      2.00  -0.11     2.18
  SINCE JAN 1      6.89                      7.02  -0.13     8.08

SNOWFALL (IN)
  YESTERDAY       MM

DEGREE DAYS
 HEATING
  YESTERDAY       35                        37     -2       34
  MONTH TO DATE  347                       358    -11      327
  SINCE DEC 1    347                       358    -11      327
  SINCE JUL 1   1666                      1777   -111     1707

 COOLING
  YESTERDAY        0                         0      0        0
  MONTH TO DATE    0                         0      0        0
  SINCE DEC 1      0                         0      0        0
  SINCE JAN 1    984                       772    212     1072
..................................................................


WIND (MPH)
  HIGHEST WIND SPEED     8   HIGHEST WIND DIRECTION     S (160)
  HIGHEST GUST SPEED     9   HIGHEST GUST DIRECTION    NE (50)
  AVERAGE WIND SPEED     3.0


SKY COVER
  POSSIBLE SUNSHINE  MM
  AVERAGE SKY COVER 1.0


WEATHER CONDITIONS
 THE FOLLOWING WEATHER WAS RECORDED YESTERDAY.
  FOG
  FOG W/VISIBILITY <= 1/4 MILE


RELATIVE HUMIDITY (PERCENT)
 HIGHEST   100          1200 AM
 LOWEST     92           700 AM
 AVERAGE    96

..........................................................


THE EPHRATA WA AIRPORT CLIMATE NORMALS FOR TODAY
                         NORMAL    RECORD    YEAR
 MAXIMUM TEMPERATURE (F)   34        53      2004
 MINIMUM TEMPERATURE (F)   22        -2      1963


SUNRISE AND SUNSET
DECEMBER 11 2018......SUNRISE   735 AM PST   SUNSET   408 PM PST
DECEMBER 12 2018......SUNRISE   736 AM PST   SUNSET   408 PM PST


-  INDICATES NEGATIVE NUMBERS.
R  INDICATES RECORD WAS SET OR TIED.
MM INDICATES DATA IS MISSING.
T  INDICATES TRACE AMOUNT.




$$
