000
CDUS46 KOTX 230832
CLIEPH


CLIMATE REPORT
NATIONAL WEATHER SERVICE SPOKANE, WA
132 AM PDT WED OCT 23 2019


...................................

...THE EPHRATA WA AIRPORT CLIMATE SUMMARY FOR OCTOBER 22 2019...

CLIMATE NORMAL PERIOD 1981 TO 2010
CLIMATE RECORD PERIOD 9999 TO 9999


WEATHER ITEM   OBSERVED TIME   RECORD YEAR NORMAL DEPARTURE LAST
                VALUE   (LST)  VALUE       VALUE  FROM      YEAR
                                                  NORMAL
..................................................................
TEMPERATURE (F)
 YESTERDAY
  MAXIMUM         69   1227 PM  74    2003  59     10       69
  MINIMUM         41    708 AM  24    1984  36      5       38
  AVERAGE         55                        48      7       54

PRECIPITATION (IN)
  YESTERDAY        0.00          0.39 1966   0.02  -0.02     0.00
  MONTH TO DATE    0.58                      0.32   0.26     0.20
  SINCE OCT 1      0.58                      0.32   0.26     0.20
  SINCE JAN 1      4.67                      5.34  -0.67     5.20

SNOWFALL (IN)
  YESTERDAY       MM

DEGREE DAYS
 HEATING
  YESTERDAY       10                        17     -7       11
  MONTH TO DATE  378                       276    102      296
  SINCE SEP 1    503                       386    117      408
  SINCE JUL 1    503                       403    100      412

 COOLING
  YESTERDAY        0                         0      0        0
  MONTH TO DATE    0                         0      0        0
  SINCE SEP 1     40                        75    -35       35
  SINCE JAN 1    852                       769     83      984
..................................................................


WIND (MPH)
  HIGHEST WIND SPEED    31   HIGHEST WIND DIRECTION    NW (310)
  HIGHEST GUST SPEED    39   HIGHEST GUST DIRECTION    NW (310)
  AVERAGE WIND SPEED    12.0


SKY COVER
  POSSIBLE SUNSHINE  MM
  AVERAGE SKY COVER 0.2


WEATHER CONDITIONS
 THE FOLLOWING WEATHER WAS RECORDED YESTERDAY.
  FOG
  FOG W/VISIBILITY <= 1/4 MILE


RELATIVE HUMIDITY (PERCENT)
 HIGHEST   100           100 AM
 LOWEST     22           200 PM
 AVERAGE    61

..........................................................


THE EPHRATA WA AIRPORT CLIMATE NORMALS FOR TODAY
                         NORMAL    RECORD    YEAR
 MAXIMUM TEMPERATURE (F)   58        70      2013
                                             2007
 MINIMUM TEMPERATURE (F)   36        26      1984


SUNRISE AND SUNSET
OCTOBER 23 2019.......SUNRISE   728 AM PDT   SUNSET   556 PM PDT
OCTOBER 24 2019.......SUNRISE   729 AM PDT   SUNSET   554 PM PDT


-  INDICATES NEGATIVE NUMBERS.
R  INDICATES RECORD WAS SET OR TIED.
MM INDICATES DATA IS MISSING.
T  INDICATES TRACE AMOUNT.




$$
