225
CDUS46 KOTX 240839
CLIEPH


CLIMATE REPORT
NATIONAL WEATHER SERVICE SPOKANE, WA
138 AM PDT SUN JUN 24 2018


...................................

...THE EPHRATA WA AIRPORT CLIMATE SUMMARY FOR JUNE 23 2018...

CLIMATE NORMAL PERIOD 1981 TO 2010
CLIMATE RECORD PERIOD 9999 TO 9999


WEATHER ITEM   OBSERVED TIME   RECORD YEAR NORMAL DEPARTURE LAST
                VALUE   (LST)  VALUE       VALUE  FROM      YEAR
                                                  NORMAL
..................................................................
TEMPERATURE (F)
 YESTERDAY
  MAXIMUM         86    319 PM 104    1992  82      4       87
  MINIMUM         60    329 AM  44    1953  55      5       52
  AVERAGE         73                        68      5       70

PRECIPITATION (IN)
  YESTERDAY        0.00          0.81 1969   0.01  -0.01     0.00
  MONTH TO DATE    0.19                      0.50  -0.31     0.24
  SINCE OCT 1      7.58                      6.79   0.79     9.35
  SINCE JAN 1      5.00                      3.96   1.04     5.75

DEGREE DAYS
 HEATING
  YESTERDAY        0                         1     -1        0
  MONTH TO DATE   27                        52    -25       43
  SINCE JUN 1     27                        52    -25       43
  SINCE JUL 1   5373                      5961   -588     6141

 COOLING
  YESTERDAY        8                         5      3        5
  MONTH TO DATE   89                        71     18       75
  SINCE JUN 1     89                        71     18       75
  SINCE JAN 1    197                       108     89      133
..................................................................


WIND (MPH)
  HIGHEST WIND SPEED    21   HIGHEST WIND DIRECTION    NW (310)
  HIGHEST GUST SPEED    27   HIGHEST GUST DIRECTION     W (290)
  AVERAGE WIND SPEED    11.0


SKY COVER
  POSSIBLE SUNSHINE  MM
  AVERAGE SKY COVER 0.4


WEATHER CONDITIONS
 THE FOLLOWING WEATHER WAS RECORDED YESTERDAY.
  NO SIGNIFICANT WEATHER WAS OBSERVED.


RELATIVE HUMIDITY (PERCENT)
 HIGHEST    51           300 AM
 LOWEST     25           300 PM
 AVERAGE    38

..........................................................


THE EPHRATA WA AIRPORT CLIMATE NORMALS FOR TODAY
                         NORMAL    RECORD    YEAR
 MAXIMUM TEMPERATURE (F)   82       104      1992
 MINIMUM TEMPERATURE (F)   55        38      1983


SUNRISE AND SUNSET
JUNE 24 2018..........SUNRISE   502 AM PDT   SUNSET   859 PM PDT
JUNE 25 2018..........SUNRISE   503 AM PDT   SUNSET   859 PM PDT


-  INDICATES NEGATIVE NUMBERS.
R  INDICATES RECORD WAS SET OR TIED.
MM INDICATES DATA IS MISSING.
T  INDICATES TRACE AMOUNT.




$$
