000
CDUS46 KOTX 290823
CLIEPH


CLIMATE REPORT
NATIONAL WEATHER SERVICE SPOKANE, WA
123 AM PDT FRI MAY 29 2020


...................................

...THE EPHRATA WA AIRPORT CLIMATE SUMMARY FOR MAY 28 2020...

CLIMATE NORMAL PERIOD 1981 TO 2010
CLIMATE RECORD PERIOD 9999 TO 9999


WEATHER ITEM   OBSERVED TIME   RECORD YEAR NORMAL DEPARTURE LAST
                VALUE   (LST)  VALUE       VALUE  FROM      YEAR
                                                  NORMAL
..................................................................
TEMPERATURE (F)
 YESTERDAY
  MAXIMUM         88    449 PM  95    2005  76     12       86
  MINIMUM         56    211 AM  35    2011  50      6       54
  AVERAGE         72                        63      9       70

PRECIPITATION (IN)
  YESTERDAY        0.00          0.27 1989   0.03  -0.03     0.00
  MONTH TO DATE    1.55                      0.57   0.98     0.83
  SINCE OCT 1      4.80                      6.21  -1.41     5.48
  SINCE JAN 1      3.45                      3.38   0.07     2.87

SNOWFALL (IN)
  YESTERDAY       MM

DEGREE DAYS
 HEATING
  YESTERDAY        0                         4     -4        0
  MONTH TO DATE  152                       200    -48      100
  SINCE MAR 1   1259                      1324    -65     1354
  SINCE JUL 1   5571                      5897   -326     5726

 COOLING
  YESTERDAY        7                         2      5        5
  MONTH TO DATE   16                        30    -14       35
  SINCE MAR 1     16                        32    -16       35
  SINCE JAN 1     16                        32    -16       35
..................................................................


WIND (MPH)
  HIGHEST WIND SPEED    13   HIGHEST WIND DIRECTION     N (10)
  HIGHEST GUST SPEED    19   HIGHEST GUST DIRECTION     N (10)
  AVERAGE WIND SPEED     4.3


SKY COVER
  POSSIBLE SUNSHINE  MM
  AVERAGE SKY COVER 0.0


WEATHER CONDITIONS
 THE FOLLOWING WEATHER WAS RECORDED YESTERDAY.
  NO SIGNIFICANT WEATHER WAS OBSERVED.


RELATIVE HUMIDITY (PERCENT)
 HIGHEST    43           500 AM
 LOWEST     15           200 PM
 AVERAGE    29

..........................................................


THE EPHRATA WA AIRPORT CLIMATE NORMALS FOR TODAY
                         NORMAL    RECORD    YEAR
 MAXIMUM TEMPERATURE (F)   76        97      1983
 MINIMUM TEMPERATURE (F)   50        36      2001
                                             1976


SUNRISE AND SUNSET
MAY 29 2020...........SUNRISE   507 AM PDT   SUNSET   844 PM PDT
MAY 30 2020...........SUNRISE   507 AM PDT   SUNSET   845 PM PDT


-  INDICATES NEGATIVE NUMBERS.
R  INDICATES RECORD WAS SET OR TIED.
MM INDICATES DATA IS MISSING.
T  INDICATES TRACE AMOUNT.




$$
