000
CDUS46 KOTX 220829
CLIEPH


CLIMATE REPORT
NATIONAL WEATHER SERVICE SPOKANE, WA
1229 AM PST THU FEB 22 2018


...................................

...THE EPHRATA WA AIRPORT CLIMATE SUMMARY FOR FEBRUARY 21 2018...

CLIMATE NORMAL PERIOD 1981 TO 2010
CLIMATE RECORD PERIOD 9999 TO 9999


WEATHER ITEM   OBSERVED TIME   RECORD YEAR NORMAL DEPARTURE LAST
                VALUE   (LST)  VALUE       VALUE  FROM      YEAR
                                                  NORMAL
..................................................................
TEMPERATURE (F)
 YESTERDAY
  MAXIMUM         29    407 PM  64    1988  45    -16       41
  MINIMUM         13    644 AM   6    1986  27    -14       31
  AVERAGE         21                        36    -15       36

PRECIPITATION (IN)
  YESTERDAY        0.00          0.23 1992   0.03  -0.03     0.03
  MONTH TO DATE    0.32                      0.55  -0.23     1.25
  SINCE OCT 1      4.31                      4.29   0.02     5.81
  SINCE JAN 1      1.73                      1.46   0.27     2.21

SNOWFALL (IN)
  YESTERDAY       MM

DEGREE DAYS
 HEATING
  YESTERDAY       44                        29     15       29
  MONTH TO DATE  604                       666    -62      786
  SINCE DEC 1   2622                      2955   -333     3417
  SINCE JUL 1   4002                      4374   -372     4540

 COOLING
  YESTERDAY        0                         0      0        0
  MONTH TO DATE    0                         0      0        0
  SINCE DEC 1      0                         0      0        0
  SINCE JAN 1      0                         0      0        0
..................................................................


WIND (MPH)
  HIGHEST WIND SPEED    16   HIGHEST WIND DIRECTION    NW (320)
  HIGHEST GUST SPEED    19   HIGHEST GUST DIRECTION    NW (320)
  AVERAGE WIND SPEED     7.3


SKY COVER
  POSSIBLE SUNSHINE  MM
  AVERAGE SKY COVER 0.4


WEATHER CONDITIONS
 THE FOLLOWING WEATHER WAS RECORDED YESTERDAY.
  HAZE


RELATIVE HUMIDITY (PERCENT)
 HIGHEST    65          1000 PM
 LOWEST     39           300 PM
 AVERAGE    52

..........................................................


THE EPHRATA WA AIRPORT CLIMATE NORMALS FOR TODAY
                         NORMAL    RECORD    YEAR
 MAXIMUM TEMPERATURE (F)   45        62      1988
 MINIMUM TEMPERATURE (F)   27        13      1985


SUNRISE AND SUNSET
FEBRUARY 22 2018......SUNRISE   651 AM PST   SUNSET   533 PM PST
FEBRUARY 23 2018......SUNRISE   649 AM PST   SUNSET   534 PM PST


-  INDICATES NEGATIVE NUMBERS.
R  INDICATES RECORD WAS SET OR TIED.
MM INDICATES DATA IS MISSING.
T  INDICATES TRACE AMOUNT.




$$
