000
CDUS46 KOTX 220833
CLIEPH


CLIMATE REPORT
NATIONAL WEATHER SERVICE SPOKANE, WA
133 AM PDT SAT SEP 22 2018


...................................

...THE EPHRATA WA AIRPORT CLIMATE SUMMARY FOR SEPTEMBER 21 2018...

CLIMATE NORMAL PERIOD 1981 TO 2010
CLIMATE RECORD PERIOD 9999 TO 9999


WEATHER ITEM   OBSERVED TIME   RECORD YEAR NORMAL DEPARTURE LAST
                VALUE   (LST)  VALUE       VALUE  FROM      YEAR
                                                  NORMAL
..................................................................
TEMPERATURE (F)
 YESTERDAY
  MAXIMUM         74    247 PM  94    1967  76     -2       62
  MINIMUM         47    607 AM  36    1996  48     -1       39
  AVERAGE         61                        62     -1       51

PRECIPITATION (IN)
  YESTERDAY        0.00          0.04 1959   0.01  -0.01      T
  MONTH TO DATE    T                         0.23  -0.23     0.09
  SINCE OCT 1      7.58                      7.72  -0.14     9.50
  SINCE JAN 1      5.00                      4.89   0.11     5.90

SNOWFALL (IN)
  YESTERDAY       MM

DEGREE DAYS
 HEATING
  YESTERDAY        4                         5     -1       14
  MONTH TO DATE   72                        53     19       68
  SINCE SEP 1     72                        53     19       68
  SINCE JUL 1     76                        70      6       68

 COOLING
  YESTERDAY        0                         2     -2        0
  MONTH TO DATE   35                        65    -30       99
  SINCE SEP 1     35                        65    -30       99
  SINCE JAN 1    984                       759    225     1070
..................................................................


WIND (MPH)
  HIGHEST WIND SPEED    10   HIGHEST WIND DIRECTION     S (190)
  HIGHEST GUST SPEED    14   HIGHEST GUST DIRECTION     S (190)
  AVERAGE WIND SPEED     4.2


SKY COVER
  POSSIBLE SUNSHINE  MM
  AVERAGE SKY COVER 0.0


WEATHER CONDITIONS
 THE FOLLOWING WEATHER WAS RECORDED YESTERDAY.
  NO SIGNIFICANT WEATHER WAS OBSERVED.


RELATIVE HUMIDITY (PERCENT)
 HIGHEST    71           400 AM
 LOWEST     35           300 PM
 AVERAGE    53

..........................................................


THE EPHRATA WA AIRPORT CLIMATE NORMALS FOR TODAY
                         NORMAL    RECORD    YEAR
 MAXIMUM TEMPERATURE (F)   76        96      1966
 MINIMUM TEMPERATURE (F)   48        35      1956


SUNRISE AND SUNSET
SEPTEMBER 22 2018.....SUNRISE   645 AM PDT   SUNSET   656 PM PDT
SEPTEMBER 23 2018.....SUNRISE   646 AM PDT   SUNSET   654 PM PDT


-  INDICATES NEGATIVE NUMBERS.
R  INDICATES RECORD WAS SET OR TIED.
MM INDICATES DATA IS MISSING.
T  INDICATES TRACE AMOUNT.




$$
