000
CDUS46 KOTX 220850
CLIEPH

CLIMATE REPORT
NATIONAL WEATHER SERVICE SPOKANE WA
150 AM PDT THU OCT 22 2020

...................................

...THE EPHRATA WA AIRPORT CLIMATE SUMMARY FOR OCTOBER 21 2020...

CLIMATE NORMAL PERIOD 1981 TO 2010
CLIMATE RECORD PERIOD 9999 TO 9999


WEATHER ITEM   OBSERVED TIME   RECORD YEAR NORMAL DEPARTURE LAST
                VALUE   (LST)  VALUE       VALUE  FROM      YEAR
                                                  NORMAL
...................................................................
TEMPERATURE (F)
 YESTERDAY
  MAXIMUM         55    117 PM  81    2003  59     -4       49
  MINIMUM         36    723 AM  22    1984  37     -1       32
  AVERAGE         46                        48     -2       41

PRECIPITATION (IN)
  YESTERDAY        0.00          0.47 2017   0.02  -0.02     0.01
  MONTH TO DATE    0.38                      0.30   0.08     0.58
  SINCE OCT 1      0.38                      0.30   0.08     0.58
  SINCE JAN 1      4.97                      5.32  -0.35     4.67

SNOWFALL (IN)
  YESTERDAY       MM

DEGREE DAYS
 HEATING
  YESTERDAY       19                        17      2       24
  MONTH TO DATE  151                       259   -108      368
  SINCE SEP 1    216                       369   -153      493
  SINCE JUL 1    217                       386   -169      493

 COOLING
  YESTERDAY        0                         0      0        0
  MONTH TO DATE    9                         0      9        0
  SINCE SEP 1     97                        75     22       40
  SINCE JAN 1    846                       769     77      852
...................................................................


WIND (MPH)
  HIGHEST WIND SPEED    23   HIGHEST WIND DIRECTION     N (20)
  HIGHEST GUST SPEED    27   HIGHEST GUST DIRECTION     N (20)
  AVERAGE WIND SPEED     9.4


SKY COVER
  POSSIBLE SUNSHINE  MM
  AVERAGE SKY COVER 0.1


WEATHER CONDITIONS
THE FOLLOWING WEATHER WAS RECORDED YESTERDAY.
  NO SIGNIFICANT WEATHER WAS OBSERVED.


RELATIVE HUMIDITY (PERCENT)
 HIGHEST    72           700 AM
 LOWEST     35           300 PM
 AVERAGE    54

..........................................................


THE EPHRATA WA AIRPORT CLIMATE NORMALS FOR TODAY
                         NORMAL    RECORD    YEAR
 MAXIMUM TEMPERATURE (F)   59        74      2003
 MINIMUM TEMPERATURE (F)   36        24      1984


SUNRISE AND SUNSET
OCTOBER 22 2020.......SUNRISE   727 AM PDT   SUNSET   557 PM PDT
OCTOBER 23 2020.......SUNRISE   729 AM PDT   SUNSET   555 PM PDT


-  INDICATES NEGATIVE NUMBERS.
R  INDICATES RECORD WAS SET OR TIED.
MM INDICATES DATA IS MISSING.
T  INDICATES TRACE AMOUNT.




$$
